{"id":6460,"date":"2022-12-05T12:29:14","date_gmt":"2022-12-05T12:29:14","guid":{"rendered":"https:\/\/mumablue.com\/blog\/?page_id=6460"},"modified":"2025-06-03T07:47:08","modified_gmt":"2025-06-03T07:47:08","slug":"cuentos-de-monstruos-en-ingles-cortos-audiocuentos","status":"publish","type":"page","link":"https:\/\/www.mumablue.com\/blog\/cuentos-de-monstruos-en-ingles-cortos-audiocuentos\/","title":{"rendered":"Cuentos de monstruos en ingl\u00e9s cortos + audiocuentos"},"content":{"rendered":"<p><img decoding=\"async\" loading=\"lazy\" class=\"alignnone size-full wp-image-6464\" src=\"https:\/\/www.mumablue.com\/blog\/wp-content\/uploads\/2022\/10\/Little-monster_500.jpg\" alt=\"cuentos de monstruos en ingl\u00e9s\" width=\"500\" height=\"500\" srcset=\"https:\/\/www.mumablue.com\/blog\/wp-content\/uploads\/2022\/10\/Little-monster_500.jpg 500w, https:\/\/www.mumablue.com\/blog\/wp-content\/uploads\/2022\/10\/Little-monster_500-300x300.jpg 300w, https:\/\/www.mumablue.com\/blog\/wp-content\/uploads\/2022\/10\/Little-monster_500-150x150.jpg 150w\" sizes=\"(max-width: 500px) 100vw, 500px\" \/><\/p>\n<p>Si est\u00e1s buscando cuentos de monstruos en ingl\u00e9s para tu peque, no te vayas, porque seguro que nuestra propuesta te va a complacer. En primer lugar, te ofrecemos el cuento \u00abThe little monster that lived inside the closet\u00bb, una divertida historia que habla de <strong>un ni\u00f1o monstruo que no puede dormir porque cree que vive un ni\u00f1o fuera del armario.<\/strong> \u00a1Un punto de vista diferente para superar los miedos!<\/p>\n<p>Adem\u00e1s, te dejamos la versi\u00f3n en audiocuento, para que tu peque pueda escucharla simult\u00e1neamente y <strong>reforzar el aprendizaje, tanto le\u00eddo como escuchado<\/strong>. \u00a1Aprender\u00e1 sin darse cuenta!<\/p>\n<p>Audiocuento de monstruos en ingl\u00e9s para escuchar<\/p>\n<h6><script src=\"https:\/\/www.buzzsprout.com\/1767941\/9186347-the-little-monster-that-lived-inside-the-closet.js?container_id=buzzsprout-player-9186347&#038;player=small\" type=\"text\/javascript\" charset=\"utf-8\"><\/script>Music Public Domain: <span style=\"color: #0000ff;\"><a style=\"color: #0000ff;\" href=\"https:\/\/freepd.com\/Page2\/\">Fairy Dance<\/a><\/span>, by Rafael Krux; CC 3.0 <span style=\"color: #0000ff;\"><a style=\"color: #0000ff;\" href=\"https:\/\/incompetech.com\/music\/royalty-free\/index.html?isrc=USUAN1100487\" target=\"_blank\" rel=\"noopener noreferrer\">Dark Hallway<\/a><\/span> and <span style=\"color: #0000ff;\"><a style=\"color: #0000ff;\" href=\"https:\/\/freepd.com\/misc.php\" target=\"_blank\" rel=\"noopener noreferrer\">Funkerrific<\/a><\/span>, by Kevin MacLeod<\/h6>\n<p>A continuaci\u00f3n te dejamos el cuento escrito, para que t\u00fa o tu peque pod\u00e1is leerlo online.<\/p>\n<h2 style=\"text-align: center;\">The little monster that lived inside the closet<\/h2>\n<blockquote><p>The little monster that lived inside the closet couldn&#8217;t sleep. He was scared. He thought there was a child living outside the closet!<\/p>\n<p>At night, when the little monster that lived inside the closet went to bed, he heard noises outside. Sometimes, little cries. Other times, a voice calling mom.<\/p>\n<p>\u00abMooooommy!\u00bb<\/p>\n<p>Often, tapping. Or snoring.<\/p>\n<p>\u00abMom, I&#8217;m scared\u00bb, said the little monster that lived inside the closet every time he crawled into bed at night.<\/p>\n<p>\u00abWhat nonsense, no child lives outside the closet\u00bb, replied his mom<span style=\"font-size: 1rem;\">, and open the closet <\/span>door wide to show him a dark and silent room.<\/p>\n<p>One night, the little monster that lived inside the closet gathered all the courage he could and slowly opened the door. Just a crack. And peeked into the room. He saw nothing. He heard nothing. He opened a little wider and stuck his head out. Everything seemed calm.<\/p>\n<p>Slowly, he stepped out of the closet. Tiptoeing, so as not to make any noise, he crossed the room and walked over to the bed. Under the sheets was a lump. A lump that was&#8230;<br \/>\nThe boy who lived outside the closet!<\/p>\n<p>Suddenly, the child woke up. The little monster who lived inside the closet and the boy who lived outside the closet stood face to face, for a moment in silence, staring at each other with eyes wide as saucers.<\/p>\n<p>\u00abAhhhhhhhhhhh!\u00bb, shouted the monster.<\/p>\n<p>\u00abAhhhhhhhhhhh!\u00bb, shouted the boy.<\/p>\n<p>The little monster that lived inside the closet ran to hide inside the closet.<br \/>\nThe little boy who lived outside the closet ran in search of his parents.<\/p>\n<p>\u00abMommy, mommy!\u00bb, called <span style=\"font-size: 1rem;\">the monster that lived inside the <\/span>closet, \u00abQuick, come! There&#8217;s a child outside the closet!\u00bb<\/p>\n<p>Mom Monster, alarmed, peered into a dark, deserted room.<\/p>\n<p>\u00abWhat nonsense! No child lives outside the closet. Go to sleep!\u00bb, said his mom. And she closed the door.<\/p>\n<p>At that very moment, the boy who lived outside the closet appeared with his father.<\/p>\n<p>\u00abDaddy, daddy!\u00bb, e<span style=\"font-size: 1rem;\">xclaimed the boy, \u00ab<\/span>There&#8217;s a monster inside the closet!\u00bb<\/p>\n<p>\u00abWhat nonsense! There&#8217;s no monster living inside the closet. Look\u00bb, said his dad, and\u00a0he opened the door.<\/p>\n<p>Hearing the door handle, the little monster living inside the closet hid in the sock drawer. Terrified, he closed his eyes and squeezed them tightly shut so that the boy who lived outside the closet could not see him.<\/p><\/blockquote>\n<h2>Descubre otros cuentos de monstruos en ingl\u00e9s<\/h2>\n<p>Si te ha gustado nuestra propuesta, seguro que<strong> te agradar\u00e1 descubrir otros cuentos de monstruos en ingl\u00e9s<\/strong> con su correspondiente audiocuento, por ejemplo \u00ab<span style=\"color: #3366ff;\"><a style=\"color: #3366ff;\" href=\"https:\/\/www.mumablue.com\/blog\/cuentos-de-fantasmas-en-ingles-cortos\/\" target=\"_blank\" rel=\"noopener noreferrer\">Yost the ghost<\/a><\/span>\u00ab, la hilarante historia de un fantasma novato que hereda un castillo y no sabe asustar. O \u00ab<span style=\"color: #3366ff;\"><a style=\"color: #3366ff;\" href=\"https:\/\/www.mumablue.com\/blog\/cuentos-de-halloween-en-ingles-teatro-audiocuento-gratis\/\" target=\"_blank\" rel=\"noopener noreferrer\">Halloween night<\/a><\/span>\u00ab, un relato teatralizado en el que unos monstruos muy chapuceros se preparan para asustar durante el \u00abTruco o trato\u00bb.<\/p>\n<p>Adem\u00e1s,<strong> te invitamos descubrir muchos m\u00e1s <span style=\"color: #3366ff;\"><a style=\"color: #3366ff;\" href=\"https:\/\/www.mumablue.com\/blog\/cuentos-en-ingles-infantiles-cortos-audiocuentos-gratis\/\" target=\"_blank\" rel=\"noopener noreferrer\">cuentos infantiles en ingl\u00e9s<\/a><\/span><\/strong>, de todos los g\u00e9neros y temas. Y si tambi\u00e9n quer\u00e9is disfrutarlos en espa\u00f1ol, narrados por una locutora en espa\u00f1ol de Espa\u00f1a, no pod\u00e9is dejar de visitar nuestra p\u00e1gina con\u00a0m\u00e1s de\u00a0<strong><span style=\"color: #3366ff;\"><a style=\"color: #3366ff;\" href=\"https:\/\/www.mumablue.com\/blog\/cuentos-infantiles-para-leer-cortos-gratis\/\" target=\"_blank\" rel=\"noopener noreferrer\">100 cuentos en espa\u00f1ol gratis<\/a><\/span>,<\/strong> donde tambi\u00e9n se incluyen audiocuentos infantiles.<\/p>\n<h2>Cuento brujas personalizado en ingl\u00e9s \u00a1Hazle un regalo!<\/h2>\n<p><img decoding=\"async\" loading=\"lazy\" class=\"alignnone size-full wp-image-6461\" src=\"https:\/\/www.mumablue.com\/blog\/wp-content\/uploads\/2022\/10\/cuento-personalizado-de-brujas.jpg\" alt=\"cuentos de monstruos en ingl\u00e9s\" width=\"500\" height=\"423\" srcset=\"https:\/\/www.mumablue.com\/blog\/wp-content\/uploads\/2022\/10\/cuento-personalizado-de-brujas.jpg 500w, https:\/\/www.mumablue.com\/blog\/wp-content\/uploads\/2022\/10\/cuento-personalizado-de-brujas-300x254.jpg 300w\" sizes=\"(max-width: 500px) 100vw, 500px\" \/><\/p>\n<p>Por \u00faltimo, no queremos marcharnos sin recomendarte uno de los cuentos de monstruos en ingl\u00e9s m\u00e1s novedosos. Se trata de \u00ab<span style=\"color: #3366ff;\"><a style=\"color: #3366ff;\" href=\"https:\/\/www.mumablue.com\/esp\/nuestros-cuentos-personalizados\/cuento-de-brujas-personalizado?utm_source=blog&amp;utm_medium=link&amp;utm_campaign=p\u00e1ginas-audiocuentos&amp;utm_content=cuentos-monstruos-ingles\" target=\"_blank\" rel=\"noopener noreferrer\">Nombre de tu peque on Halloween night<\/a><\/span>\u00ab, un <strong>cuento personalizado en el que el ni\u00f1o lector ser\u00e1 el aut\u00e9ntico protagonista<\/strong> y vivir\u00e1 una aventura en primera persona junto a una malvada bruja. Se trata de una cuidada edici\u00f3n con bonitas ilustraciones, ideal para hacer un regalo con todo el cari\u00f1o.<\/p>\n<p>Te invitamos a caracterizar al peque protagonista, con su nombre y rasgos f\u00edsicos, y ver c\u00f3mo quedar\u00eda en el cuento, pues una vez personalizado, puedes ver c\u00f3mo quedar\u00eda accediendo a <strong>una previsualizaci\u00f3n completa del cuento, gratis.<\/strong> Al final del proceso de personalizaci\u00f3n, recuerda seleccionar el idioma de tu inter\u00e9s. \u00a1Est\u00e1 disponible en 11 idiomas diferentes!<\/p>\n<div style='text-align:left' class='yasr-auto-insert-visitor'><\/div>","protected":false},"excerpt":{"rendered":"<p>Si est\u00e1s buscando cuentos de monstruos en ingl\u00e9s para tu peque, no te vayas, porque seguro que nuestra propuesta te va a complacer. En primer lugar, te ofrecemos el cuento \u00abThe little monster that lived inside the closet\u00bb, una divertida historia que habla de un ni\u00f1o monstruo que no puede dormir porque cree que vive [&hellip;]<\/p>\n","protected":false},"author":6,"featured_media":0,"parent":0,"menu_order":0,"comment_status":"closed","ping_status":"closed","template":"","meta":{"yasr_overall_rating":0,"yasr_post_is_review":"","yasr_auto_insert_disabled":"","yasr_review_type":""},"yasr_visitor_votes":{"number_of_votes":5,"sum_votes":20,"stars_attributes":{"read_only":false,"span_bottom":false}},"yoast_head":"<!-- This site is optimized with the Yoast SEO plugin v14.5 - https:\/\/yoast.com\/wordpress\/plugins\/seo\/ -->\n<meta name=\"description\" content=\"Disfurta de los mejores cuentos de monstruos en ingl\u00e9s para leer online y para escuchar, pues incluyen versi\u00f3n en audiocuento para practicar el listening.\" \/>\n<meta name=\"robots\" content=\"index, follow\" \/>\n<meta name=\"googlebot\" content=\"index, follow, max-snippet:-1, max-image-preview:large, max-video-preview:-1\" \/>\n<meta name=\"bingbot\" content=\"index, follow, max-snippet:-1, max-image-preview:large, max-video-preview:-1\" \/>\n<link rel=\"canonical\" href=\"https:\/\/www.mumablue.com\/blog\/cuentos-de-monstruos-en-ingles-cortos-audiocuentos\/\" \/>\n<meta property=\"og:locale\" content=\"es_ES\" \/>\n<meta property=\"og:type\" content=\"article\" \/>\n<meta property=\"og:title\" content=\"Cuentos de monstruos en ingl\u00e9s cortos + audiocuentos - Blog Mumablue\" \/>\n<meta property=\"og:description\" content=\"Disfurta de los mejores cuentos de monstruos en ingl\u00e9s para leer online y para escuchar, pues incluyen versi\u00f3n en audiocuento para practicar el listening.\" \/>\n<meta property=\"og:url\" content=\"https:\/\/www.mumablue.com\/blog\/cuentos-de-monstruos-en-ingles-cortos-audiocuentos\/\" \/>\n<meta property=\"og:site_name\" content=\"Blog Mumablue\" \/>\n<meta property=\"article:publisher\" content=\"https:\/\/www.facebook.com\/mumablue\/\" \/>\n<meta property=\"article:modified_time\" content=\"2025-06-03T07:47:08+00:00\" \/>\n<meta property=\"og:image\" content=\"https:\/\/www.mumablue.com\/blog\/wp-content\/uploads\/2022\/10\/Little-monster_500.jpg\" \/>\n<meta name=\"twitter:card\" content=\"summary_large_image\" \/>\n<script type=\"application\/ld+json\" class=\"yoast-schema-graph\">{\"@context\":\"https:\/\/schema.org\",\"@graph\":[{\"@type\":\"Organization\",\"@id\":\"https:\/\/www.mumablue.com\/blog\/#organization\",\"name\":\"Mumablue\",\"url\":\"https:\/\/www.mumablue.com\/blog\/\",\"sameAs\":[\"https:\/\/www.facebook.com\/mumablue\/\",\"https:\/\/www.instagram.com\/mumablue\/?hl=es\"],\"logo\":{\"@type\":\"ImageObject\",\"@id\":\"https:\/\/www.mumablue.com\/blog\/#logo\",\"inLanguage\":\"es\",\"url\":\"https:\/\/www.mumablue.com\/blog\/wp-content\/uploads\/2020\/05\/Blog-Mumablue.png\",\"width\":749,\"height\":269,\"caption\":\"Mumablue\"},\"image\":{\"@id\":\"https:\/\/www.mumablue.com\/blog\/#logo\"}},{\"@type\":\"WebSite\",\"@id\":\"https:\/\/www.mumablue.com\/blog\/#website\",\"url\":\"https:\/\/www.mumablue.com\/blog\/\",\"name\":\"Blog Mumablue\",\"description\":\"Un blog de cuentos y audiocuentos gratis para ni\\u00f1os.\",\"publisher\":{\"@id\":\"https:\/\/www.mumablue.com\/blog\/#organization\"},\"potentialAction\":[{\"@type\":\"SearchAction\",\"target\":\"https:\/\/www.mumablue.com\/blog\/?s={search_term_string}\",\"query-input\":\"required name=search_term_string\"}],\"inLanguage\":\"es\"},{\"@type\":\"ImageObject\",\"@id\":\"https:\/\/www.mumablue.com\/blog\/cuentos-de-monstruos-en-ingles-cortos-audiocuentos\/#primaryimage\",\"inLanguage\":\"es\",\"url\":\"https:\/\/www.mumablue.com\/blog\/wp-content\/uploads\/2022\/10\/Little-monster_500.jpg\",\"width\":500,\"height\":500,\"caption\":\"cuentos de monstruos en ingl\\u00e9s\"},{\"@type\":\"WebPage\",\"@id\":\"https:\/\/www.mumablue.com\/blog\/cuentos-de-monstruos-en-ingles-cortos-audiocuentos\/#webpage\",\"url\":\"https:\/\/www.mumablue.com\/blog\/cuentos-de-monstruos-en-ingles-cortos-audiocuentos\/\",\"name\":\"Cuentos de monstruos en ingl\\u00e9s cortos + audiocuentos - Blog Mumablue\",\"isPartOf\":{\"@id\":\"https:\/\/www.mumablue.com\/blog\/#website\"},\"primaryImageOfPage\":{\"@id\":\"https:\/\/www.mumablue.com\/blog\/cuentos-de-monstruos-en-ingles-cortos-audiocuentos\/#primaryimage\"},\"datePublished\":\"2022-12-05T12:29:14+00:00\",\"dateModified\":\"2025-06-03T07:47:08+00:00\",\"description\":\"Disfurta de los mejores cuentos de monstruos en ingl\\u00e9s para leer online y para escuchar, pues incluyen versi\\u00f3n en audiocuento para practicar el listening.\",\"inLanguage\":\"es\",\"potentialAction\":[{\"@type\":\"ReadAction\",\"target\":[\"https:\/\/www.mumablue.com\/blog\/cuentos-de-monstruos-en-ingles-cortos-audiocuentos\/\"]}]}]}<\/script>\n<!-- \/ Yoast SEO plugin. -->","_links":{"self":[{"href":"https:\/\/www.mumablue.com\/blog\/wp-json\/wp\/v2\/pages\/6460"}],"collection":[{"href":"https:\/\/www.mumablue.com\/blog\/wp-json\/wp\/v2\/pages"}],"about":[{"href":"https:\/\/www.mumablue.com\/blog\/wp-json\/wp\/v2\/types\/page"}],"author":[{"embeddable":true,"href":"https:\/\/www.mumablue.com\/blog\/wp-json\/wp\/v2\/users\/6"}],"replies":[{"embeddable":true,"href":"https:\/\/www.mumablue.com\/blog\/wp-json\/wp\/v2\/comments?post=6460"}],"version-history":[{"count":3,"href":"https:\/\/www.mumablue.com\/blog\/wp-json\/wp\/v2\/pages\/6460\/revisions"}],"predecessor-version":[{"id":7640,"href":"https:\/\/www.mumablue.com\/blog\/wp-json\/wp\/v2\/pages\/6460\/revisions\/7640"}],"wp:attachment":[{"href":"https:\/\/www.mumablue.com\/blog\/wp-json\/wp\/v2\/media?parent=6460"}],"curies":[{"name":"wp","href":"https:\/\/api.w.org\/{rel}","templated":true}]}}