{"id":5925,"date":"2022-05-24T10:26:00","date_gmt":"2022-05-24T10:26:00","guid":{"rendered":"https:\/\/mumablue.com\/blog\/?page_id=5925"},"modified":"2025-06-02T16:21:49","modified_gmt":"2025-06-02T16:21:49","slug":"cuento-de-miedo-para-ninos-teatralizado-audiocuento","status":"publish","type":"page","link":"https:\/\/www.mumablue.com\/blog\/cuento-de-miedo-para-ninos-teatralizado-audiocuento\/","title":{"rendered":"Cuento de miedo para ni\u00f1os teatralizado + audiocuento"},"content":{"rendered":"<p><img decoding=\"async\" loading=\"lazy\" class=\"alignnone size-full wp-image-5926\" src=\"https:\/\/www.mumablue.com\/blog\/wp-content\/uploads\/2022\/05\/Escuela-de-fantasmas-1.png\" alt=\"Cuento de miedo para ni\u00f1os\" width=\"500\" height=\"500\" srcset=\"https:\/\/www.mumablue.com\/blog\/wp-content\/uploads\/2022\/05\/Escuela-de-fantasmas-1.png 500w, https:\/\/www.mumablue.com\/blog\/wp-content\/uploads\/2022\/05\/Escuela-de-fantasmas-1-300x300.png 300w, https:\/\/www.mumablue.com\/blog\/wp-content\/uploads\/2022\/05\/Escuela-de-fantasmas-1-150x150.png 150w\" sizes=\"(max-width: 500px) 100vw, 500px\" \/><\/p>\n<p><strong>Un cuento de miedo para ni\u00f1os no tiene que dar miedo&#8230; \u00a1Tiene que ayudar a perder el miedo!<\/strong> Por eso hoy os traemos una propuesta desternillante: \u00abEscuela de fantasmas\u00bb, un relato teatralizado que pod\u00e9is representar en familia o escuchar directamente en su versi\u00f3n audiocuento. \u00a1Lo vais a pasar de miedo!<\/p>\n<p>Don Gladiolo es un experimentado fantasma que trabaja como profesor en la escuela de fantasmas. Su misi\u00f3n es ense\u00f1ar a asustar a espectros, \u00e1nimas y ectoplasmas. \u00a1Pero en el aula reina el caos! \u00a1Estos fantasmas son un autentico desastre! Os animamos a <strong>escuchar este divertido cuento de miedo para ni\u00f1os que, adem\u00e1s, podr\u00e9is representar en familia<\/strong> porque os dejamos el gui\u00f3n m\u00e1s adelante.<\/p>\n<h6><script src=\"https:\/\/www.buzzsprout.com\/937792\/10457183-escuela-de-fantasmas.js?container_id=buzzsprout-player-10457183&#038;player=small\" type=\"text\/javascript\" charset=\"utf-8\"><\/script>M\u00fasica: Dominio P\u00fablico obtenidas de\u00a0<span style=\"color: #3366ff;\"><a style=\"color: #3366ff;\" href=\"https:\/\/freepd.com\/horror.php\">Freepd<\/a><\/span>\u00a0&#8211; Halloween Theme y Nightmare, por Alexander Nakarada; The Land of the dead y Horror suspense, por Rafael Krux.<\/h6>\n<h2>Cuento de miedo para ni\u00f1os, para representar: \u00abEscuela de fantasmas\u00bb<\/h2>\n<p><em><strong>M\u00daSICA DE FONDO:<\/strong><\/em><\/p>\n<p><iframe style=\"border: 0; width: 100%; height: 42px;\" src=\"https:\/\/bandcamp.com\/EmbeddedPlayer\/album=4185516488\/size=small\/bgcol=ffffff\/linkcol=0687f5\/track=2929892434\/transparent=true\/\" seamless=\"\"><a href=\"https:\/\/alexandernakarada.bandcamp.com\/album\/collection-ambient-horror\">Collection &#8211; Ambient\/Horror by Alexander Nakarada<\/a><\/iframe><\/p>\n<p><strong>PROFESOR:<\/strong> Buenos d\u00edas, soy don Gladiolo. Durante cuatro semanas ser\u00e9 vuestro<br \/>\nprofesor en la Escuela de fantasmas. Si est\u00e1is aqu\u00ed es porque no asust\u00e1is. \u00a1No asust\u00e1is! (Y mira que es f\u00e1cil asustar siendo un fantasma\u2026.) De manera que en los pr\u00f3ximos d\u00edas intentar\u00e9 averiguar por qu\u00e9 no result\u00e1is terror\u00edficos y os ayudar\u00e9 a solucionarlo\u2026 \u00bfAlguna pregunta sobre esto que acabo de decir?<\/p>\n<p><strong>EXTRANJERO:<\/strong> Yo, yo, yo, yo, yo\u2026<\/p>\n<p><strong>PROFESOR:<\/strong> S\u00ed, a ver. El del fondo\u2026<\/p>\n<p><strong>EXTRANJERO:<\/strong> (CON ACENTO) Los clases ser\u00e1n en espa\u00f1olo o en ingl\u00e9s. M\u00ed no hablo bien<br \/>\nespa\u00f1olo\u2026<\/p>\n<p><strong>PROFESOR:<\/strong> Oh, ya veo, t\u00fa debes ser Malarkey el estudiante de intercambio\u2026<\/p>\n<p><strong>EXTRANJERO:<\/strong> As\u00ed es, se\u00f1oro\u2026<\/p>\n<p><strong>PROFESOR:<\/strong> No te preocupes, estoy aqu\u00ed para ayudarte con lo que no entiendas. Trabaj\u00e9<br \/>\nunos a\u00f1os en un castillo en Escocia.<\/p>\n<p><strong>FANTASMA 1:<\/strong>\u00a0(CUCHICHEA) El \u201cbuuuuu\u201d es lenguaje universal\u2026<\/p>\n<p><strong>TODOS:<\/strong> (RISAS)<\/p>\n<p><strong>PROFESOR:<\/strong> \u00a1Silencio!\u00a0Respetad a Malarkey. \u00a1Ha viajado desde Salem escondido dentro de un<br \/>\ncalcet\u00edn, que se guardaba dentro de un ba\u00fal, que viajaba dentro de un barco!<\/p>\n<p><strong>EXTRANJERO:<\/strong> \u00a1Para ser ex\u00e1ctitos, dentro de un calcet\u00edn sucio!<\/p>\n<p><strong>TODOS:<\/strong> Puaaaaag\u2026<\/p>\n<p><strong>PROFESOR:<\/strong> \u00a1Silencio! Bien. Empezaremos por el principio. El \u00e1mbito de actuaci\u00f3n.<span style=\"font-size: 1rem;\"> Lo importante es que un fantasma act\u00fae siempre dentro de un escenario\u00a0<\/span>aterrador. Por ejemplo un castillo embrujado, una ciudad fantasma, un pantano brumoso, una vieja c\u00e1rcel o un cementerio.<\/p>\n<p><strong>FANTASMA 2:<\/strong> Como escenario aterrador\u2026 \u00bfsirve el comedor de un colegio?<\/p>\n<p><strong>PROFESOR:<\/strong> \u00bfDan cenas?<\/p>\n<p><strong>FANTASMA 2:<\/strong> No\u2026<\/p>\n<p><strong>PROFESOR:<\/strong> \u00a1Entonces no! (PAUSA) Pooorque\u2026 la siguiente condici\u00f3n es aparecer<br \/>\nsiempre durante la noche.<\/p>\n<p><strong>FANTASMA 3:<\/strong> (PARA S\u00cd, QUEJ\u00c1NDOSE) No se ve nada, por la noche\u2026<\/p>\n<p><strong>PROFESOR:<\/strong> Elegiremos un escenario oscuro, tenebroso, que ya de por s\u00ed ponga los pelos<br \/>\nde punta\u2026 Bien\u2026 \u00bfViv\u00eds todos cerca de un lugar as\u00ed?<\/p>\n<p><strong>FANTASMA 4:<\/strong> \u00bfVivir? \u00a1Estamos muertos!<\/p>\n<p><strong>PROFESOR:<\/strong> S\u00ed, ya se\u2026Me refiero al lugar donde\u2026 ejem\u2026 reposan vuestros restos.<\/p>\n<p><strong>FANTASMA 5:<\/strong> \u00a1Yo tengo mi morada en una universidad! Soy el esqueleto que usan para la<br \/>\nclase de Anatom\u00eda.<\/p>\n<p><strong>PROFESOR:<\/strong> Hmmm\u2026Puedes vagar por el campus en las noches de fiestas<br \/>\nuniversitarias\u2026<\/p>\n<p><strong>FANTASMA 6:<\/strong> (VOZ BURBUJEANTE) Yo reposo bajo el mar, frente a la Costa de los<br \/>\nNaufragios.<\/p>\n<p><strong>PROFESOR:<\/strong> \u00a1Ocupa alg\u00fan faro cercano y funde la bombilla de vez en cuando, ver\u00e1s que<br \/>\naterrador!<\/p>\n<p><strong>FANTASMA 1:<\/strong> \u00a1Profesor! Necrobio me ha pegado un chicle en la s\u00e1bana\u2026<\/p>\n<p><strong>TODOS:<\/strong> RISAS<\/p>\n<p><strong>FANTASMA 7:<\/strong> (VOZ DE ULTRATUMBA) \u00a1Ha sido \u00e9l, que ha traspasado mi l\u00ednea de la<br \/>\nmesa!<\/p>\n<p><strong>PROFESOR:<\/strong> \u00bfA m\u00ed me rechistas?&#8230; \u00a1De cr\u00e1neo a la pared!<\/p>\n<p><strong>FANTASMA 7:<\/strong> (VOZ SUMISA Y ANGELICAL) \u00a1Vale, don Gladiolo!<\/p>\n<p><strong>PROFESOR:<\/strong> Sigamos\u2026 La tercera clave es mostrarnos de repente. \u00a1El factor susto es<br \/>\nfundamental!<\/p>\n<p><strong>FANTASMA 8:<\/strong> \u00bfAs\u00ed?<\/p>\n<p><strong>PROFESOR:<\/strong> \u00a1AHHHHHHHHHHH! \u00a1Casi me revives del susto! \u00a1Te avisar\u00e9 cuando pasemos a la clase pr\u00e1ctica! (PARA S\u00cd)\u2026 \u00a1Bendita sea\u2026!<\/p>\n<p><strong>PROFESOR:<\/strong> Tambi\u00e9n deber\u00e9is de ser capaces de aullar, ulular y hablar con voces<br \/>\nguturales. (PAUSA) A ver, t\u00fa, el et\u00e9reo del fondo, as\u00fastame.<\/p>\n<p><strong>FANTASMA 9:<\/strong> Uh, uh, uh, uh\u2026<\/p>\n<p>PROFESOR: Eso no es asustar, pareces m\u00e1s bien&#8230; Hmmm&#8230; \u00a1Un b\u00faho <em>atropellao<\/em>!<\/p>\n<p><strong>FANTASMA 9:<\/strong> Uhhh, uhhhhh\u2026<\/p>\n<p><strong>PROFESOR:<\/strong> \u00a1Escucha y aprende! (RUGIDO ATERRADOR)\u00a0\u00bfV\u00e9is? Hay que entrenar la voz. (PAUSA) T\u00fa, el de la ventana. C\u00e1ntame la escala.<\/p>\n<p><strong>FANTASMA 2:<\/strong> Do, re, mi, fa, sol, la, si, doooooo<\/p>\n<p><strong>FANTASTA 4:<\/strong> \u00a1Profe, profe! \u00bfPuedo ir al servic\u2026?<\/p>\n<p><strong>PROFESOR:<\/strong> \u00a1Chist! Con voz terror\u00edfica!<\/p>\n<p><strong>FANTASMA 4:<\/strong> \u00a1Me hago pis!<\/p>\n<p><strong>PROFESOR:<\/strong> \u00bfCrees que me voy a tragar esa trola? \u00a1Los fantasmas no hacemos pis!<\/p>\n<p><strong>FANTASMA 4:<\/strong> \u00bfY caca?<\/p>\n<p><strong>PROFESOR:<\/strong> \u00a1No hay servicios en las escuelas de fantasmas!<\/p>\n<p><strong>FANTASMA 4:<\/strong> \u00a1Vaya, hombre!<\/p>\n<p><strong>PROFESOR:<\/strong> Antes de seguir\u2026 \u00bfAlguien m\u00e1s quiere interrumpir?<\/p>\n<p><strong>CHICA CURVA:<\/strong> \u00a1Yo tengo una duda! \u00bfCu\u00e1ndo empieza la clase de Seguridad Vial?<\/p>\n<p><strong>PROFESOR:<\/strong> \u00bfSeguridad vial? No entiendo\u2026<\/p>\n<p><strong>FANTASMA 1<\/strong>: \u00a1Es la chica de la curva, que se ha equivocado de clase!<\/p>\n<p><strong>TODOS:<\/strong> RISAS<\/p>\n<p><strong>PROFESOR:<\/strong> \u00a1Pero vamos a ver! (SUSPIRA) Ven, anda\u2026 La autoescuela est\u00e1 en aquel edificio de all\u00ed, \u00bfLa ves? Lo dice en aquel cartel: Autoescuela Lisardo.<\/p>\n<p><strong>CHICA CURVA:<\/strong> Ya dec\u00eda yo\u2026<\/p>\n<p><strong>PROFESOR:<\/strong> Sigamos\u2026 Para lograr asustar de verdad tambi\u00e9n es importante crear un<br \/>\nambiente fantasmal\u2026 Antiguamente hac\u00edamos los ruidos a mano, ya sab\u00e9is,<br \/>\narrastr\u00e1bamos las cadenas, d\u00e1bamos portazos, hac\u00edamos chirriar las<br \/>\npuertas\u2026 pero ahora con la tecnolog\u00eda todo es mucho m\u00e1s sencillo: mirad,<br \/>\nhe creado una Playlist\u2026 <span style=\"font-size: 1rem;\">Si os interesa, pod\u00e9is descargarla en la web de la escuela. (PAUSA) Otro <\/span>truco es saber cu\u00e1l es el momento adecuado para mostraros\u2026 \u00a1Y ense\u00f1ar vuestro gesto m\u00e1s aterrador!<\/p>\n<p><strong>FANTASMA 3:<\/strong> \u00bfSirve sostener los ojos con las manos? \u00bfAs\u00ed?<\/p>\n<p><strong>PROFESOR:<\/strong> \u00a1Oh, s\u00ed! Ese truco nunca falla.<\/p>\n<p><strong>FANTASMA 5:<\/strong> Una duda, profesor\u2026 \u00bfQu\u00e9 hacemos si nada de esto funciona?<\/p>\n<p><strong>PROFESOR:<\/strong> Si os aplic\u00e1is y llev\u00e1is a cabo mis consejos correctamente, funcionar\u00e1..<\/p>\n<p><strong>FANTASMA 2:<\/strong> \u00bfY si nos topamos con una ni\u00f1a repelente?<\/p>\n<p><strong>TODOS:<\/strong> SE SOBRESALTAN, ASUSTAN\u2026<\/p>\n<p><strong>PROFESOR:<\/strong> Si os top\u00e1is con una ni\u00f1a repelente\u2026 \u00a1Corred! \u00a1Huid como alma que lleva el<br \/>\ndiablo!<\/p>\n<p><strong>NI\u00d1A REPELENTE:<\/strong> \u00a1Cu-c\u00fa!<\/p>\n<p><strong>TODOS:<\/strong> GRITAN Y HUYEN<\/p>\n<p><strong>NI\u00d1A REPELENTE:<\/strong> Ja, ja. \u00a1Mira c\u00f3mo corren! \u00a1Principiantes\u2026! \u00a1Deber\u00eda ser yo la profesora!<\/p>\n<p><a href=\"https:\/\/www.mumablue.com\/esp\/nuestros-cuentos-personalizados\/cuento-de-brujas-personalizado\/?utm_source=blog&amp;utm_medium=banner&amp;utm_campaign=p\u00e1ginas-audiocuentos&amp;utm_content=cuento-miedo-ninos\" target=\"_blank\" rel=\"noopener noreferrer\"><img decoding=\"async\" loading=\"lazy\" class=\"alignnone wp-image-6326 size-full\" src=\"https:\/\/www.mumablue.com\/blog\/wp-content\/uploads\/2022\/10\/Cuento-de-miedo.png\" alt=\"Cuento de Halloween para leer\" width=\"715\" height=\"162\" srcset=\"https:\/\/www.mumablue.com\/blog\/wp-content\/uploads\/2022\/10\/Cuento-de-miedo.png 715w, https:\/\/www.mumablue.com\/blog\/wp-content\/uploads\/2022\/10\/Cuento-de-miedo-300x68.png 300w, https:\/\/www.mumablue.com\/blog\/wp-content\/uploads\/2022\/10\/Cuento-de-miedo-624x141.png 624w\" sizes=\"(max-width: 715px) 100vw, 715px\" \/><\/a><\/p>\n<h2>Otros cuentos \u00abterror\u00edficos\u00bb para representar, leer y escuchar<\/h2>\n<p>Esperamos que os haya gustado este aterrador cuento de miedo para ni\u00f1os. Si es as\u00ed, tenemos buenas noticias: <strong>pod\u00e9is encontrar otros muchos cuentos para morirse de miedo (y de risa)<\/strong> en nuestra secci\u00f3n <span style=\"color: #3366ff;\"><a style=\"color: #3366ff;\" href=\"https:\/\/www.mumablue.com\/blog\/cuentos-de-halloween-para-ninos-gratis-audiocuentos\/\" target=\"_blank\" rel=\"noopener noreferrer\">Cuentos de Halloween<\/a><\/span>.<\/p>\n<p>All\u00ed encontrar\u00e9is historias de lo m\u00e1s variopintas y desternillantes, tan divertidas o m\u00e1s que este cuento de miedo para ni\u00f1os:<strong> un zombie que se despierta de la muerte con muy mala cara y acude a un centro de est\u00e9tica<\/strong>, unos fantasmas que son incapaces de organizarse bien la noche de Halloween, un fantasma novato que acaba de heredar un castillo en el que vive una ni\u00f1a aterradora, un monstruo que vive aterrorizado porque cree que vive un ni\u00f1o fuera del armario&#8230; \u00a1Ah! Y tambi\u00e9n divertidos poemas, por ejemplo de <strong>una peque\u00f1a momia que a todo dice \u00abno quiero\u00bb<\/strong> o de una ni\u00f1a vampira un tanto rarita&#8230; \u00a1Seguro que les van a encantar!<\/p>\n<p>Esperamos que, leyendo o escuchando este cuento de miedo para ni\u00f1os (y los dem\u00e1s), tu peque aprenda a perderle el miedo a los monstruos y a los fantasmas mientras se parte de risa. <strong>\u00a1Comp\u00e1rtelos con otras personas y haz que lleguen mucho m\u00e1s lejos!<\/strong><\/p>\n<p>Imagen portada: <span style=\"color: #3366ff;\"><a style=\"color: #3366ff;\" href=\"https:\/\/www.freepik.es\/vector-gratis\/chica-fantasma-pasillo-vieja-escuela-sucia-noche_16734526.htm#query=escuela%20fantasmas&amp;position=0&amp;from_view=search\" target=\"_blank\" rel=\"noopener noreferrer\">Ni\u00f1a fantasma<\/a><\/span> (Freepik)<\/p>\n<div style='text-align:left' class='yasr-auto-insert-visitor'><\/div>","protected":false},"excerpt":{"rendered":"<p>Un cuento de miedo para ni\u00f1os no tiene que dar miedo&#8230; \u00a1Tiene que ayudar a perder el miedo! Por eso hoy os traemos una propuesta desternillante: \u00abEscuela de fantasmas\u00bb, un relato teatralizado que pod\u00e9is representar en familia o escuchar directamente en su versi\u00f3n audiocuento. \u00a1Lo vais a pasar de miedo! Don Gladiolo es un experimentado [&hellip;]<\/p>\n","protected":false},"author":6,"featured_media":0,"parent":0,"menu_order":0,"comment_status":"closed","ping_status":"closed","template":"","meta":{"yasr_overall_rating":0,"yasr_post_is_review":"","yasr_auto_insert_disabled":"","yasr_review_type":""},"yasr_visitor_votes":{"number_of_votes":12,"sum_votes":47,"stars_attributes":{"read_only":false,"span_bottom":false}},"yoast_head":"<!-- This site is optimized with the Yoast SEO plugin v14.5 - https:\/\/yoast.com\/wordpress\/plugins\/seo\/ -->\n<meta name=\"description\" content=\"Un cuento de miedo para ni\u00f1os, para morirse de risa, con el que dejar\u00e1n de temer a los fantasmas. \u00a1Garantizado! Incluye audiocuento gratis muy divertido\" \/>\n<meta name=\"robots\" content=\"index, follow\" \/>\n<meta name=\"googlebot\" content=\"index, follow, max-snippet:-1, max-image-preview:large, max-video-preview:-1\" \/>\n<meta name=\"bingbot\" content=\"index, follow, max-snippet:-1, max-image-preview:large, max-video-preview:-1\" \/>\n<link rel=\"canonical\" href=\"https:\/\/www.mumablue.com\/blog\/cuento-de-miedo-para-ninos-teatralizado-audiocuento\/\" \/>\n<meta property=\"og:locale\" content=\"es_ES\" \/>\n<meta property=\"og:type\" content=\"article\" \/>\n<meta property=\"og:title\" content=\"Cuento de miedo para ni\u00f1os teatralizado + audiocuento - Blog Mumablue\" \/>\n<meta property=\"og:description\" content=\"Un cuento de miedo para ni\u00f1os, para morirse de risa, con el que dejar\u00e1n de temer a los fantasmas. \u00a1Garantizado! Incluye audiocuento gratis muy divertido\" \/>\n<meta property=\"og:url\" content=\"https:\/\/www.mumablue.com\/blog\/cuento-de-miedo-para-ninos-teatralizado-audiocuento\/\" \/>\n<meta property=\"og:site_name\" content=\"Blog Mumablue\" \/>\n<meta property=\"article:publisher\" content=\"https:\/\/www.facebook.com\/mumablue\/\" \/>\n<meta property=\"article:modified_time\" content=\"2025-06-02T16:21:49+00:00\" \/>\n<meta property=\"og:image\" content=\"https:\/\/www.mumablue.com\/blog\/wp-content\/uploads\/2022\/05\/Escuela-de-fantasmas-1.png\" \/>\n<meta name=\"twitter:card\" content=\"summary_large_image\" \/>\n<script type=\"application\/ld+json\" class=\"yoast-schema-graph\">{\"@context\":\"https:\/\/schema.org\",\"@graph\":[{\"@type\":\"Organization\",\"@id\":\"https:\/\/www.mumablue.com\/blog\/#organization\",\"name\":\"Mumablue\",\"url\":\"https:\/\/www.mumablue.com\/blog\/\",\"sameAs\":[\"https:\/\/www.facebook.com\/mumablue\/\",\"https:\/\/www.instagram.com\/mumablue\/?hl=es\"],\"logo\":{\"@type\":\"ImageObject\",\"@id\":\"https:\/\/www.mumablue.com\/blog\/#logo\",\"inLanguage\":\"es\",\"url\":\"https:\/\/www.mumablue.com\/blog\/wp-content\/uploads\/2020\/05\/Blog-Mumablue.png\",\"width\":749,\"height\":269,\"caption\":\"Mumablue\"},\"image\":{\"@id\":\"https:\/\/www.mumablue.com\/blog\/#logo\"}},{\"@type\":\"WebSite\",\"@id\":\"https:\/\/www.mumablue.com\/blog\/#website\",\"url\":\"https:\/\/www.mumablue.com\/blog\/\",\"name\":\"Blog Mumablue\",\"description\":\"Un blog de cuentos y audiocuentos gratis para ni\\u00f1os.\",\"publisher\":{\"@id\":\"https:\/\/www.mumablue.com\/blog\/#organization\"},\"potentialAction\":[{\"@type\":\"SearchAction\",\"target\":\"https:\/\/www.mumablue.com\/blog\/?s={search_term_string}\",\"query-input\":\"required name=search_term_string\"}],\"inLanguage\":\"es\"},{\"@type\":\"ImageObject\",\"@id\":\"https:\/\/www.mumablue.com\/blog\/cuento-de-miedo-para-ninos-teatralizado-audiocuento\/#primaryimage\",\"inLanguage\":\"es\",\"url\":\"https:\/\/www.mumablue.com\/blog\/wp-content\/uploads\/2022\/05\/Escuela-de-fantasmas-1.png\",\"width\":500,\"height\":500,\"caption\":\"Cuento de miedo para ni\\u00f1os\"},{\"@type\":\"WebPage\",\"@id\":\"https:\/\/www.mumablue.com\/blog\/cuento-de-miedo-para-ninos-teatralizado-audiocuento\/#webpage\",\"url\":\"https:\/\/www.mumablue.com\/blog\/cuento-de-miedo-para-ninos-teatralizado-audiocuento\/\",\"name\":\"Cuento de miedo para ni\\u00f1os teatralizado + audiocuento - Blog Mumablue\",\"isPartOf\":{\"@id\":\"https:\/\/www.mumablue.com\/blog\/#website\"},\"primaryImageOfPage\":{\"@id\":\"https:\/\/www.mumablue.com\/blog\/cuento-de-miedo-para-ninos-teatralizado-audiocuento\/#primaryimage\"},\"datePublished\":\"2022-05-24T10:26:00+00:00\",\"dateModified\":\"2025-06-02T16:21:49+00:00\",\"description\":\"Un cuento de miedo para ni\\u00f1os, para morirse de risa, con el que dejar\\u00e1n de temer a los fantasmas. \\u00a1Garantizado! Incluye audiocuento gratis muy divertido\",\"inLanguage\":\"es\",\"potentialAction\":[{\"@type\":\"ReadAction\",\"target\":[\"https:\/\/www.mumablue.com\/blog\/cuento-de-miedo-para-ninos-teatralizado-audiocuento\/\"]}]}]}<\/script>\n<!-- \/ Yoast SEO plugin. -->","_links":{"self":[{"href":"https:\/\/www.mumablue.com\/blog\/wp-json\/wp\/v2\/pages\/5925"}],"collection":[{"href":"https:\/\/www.mumablue.com\/blog\/wp-json\/wp\/v2\/pages"}],"about":[{"href":"https:\/\/www.mumablue.com\/blog\/wp-json\/wp\/v2\/types\/page"}],"author":[{"embeddable":true,"href":"https:\/\/www.mumablue.com\/blog\/wp-json\/wp\/v2\/users\/6"}],"replies":[{"embeddable":true,"href":"https:\/\/www.mumablue.com\/blog\/wp-json\/wp\/v2\/comments?post=5925"}],"version-history":[{"count":5,"href":"https:\/\/www.mumablue.com\/blog\/wp-json\/wp\/v2\/pages\/5925\/revisions"}],"predecessor-version":[{"id":7617,"href":"https:\/\/www.mumablue.com\/blog\/wp-json\/wp\/v2\/pages\/5925\/revisions\/7617"}],"wp:attachment":[{"href":"https:\/\/www.mumablue.com\/blog\/wp-json\/wp\/v2\/media?parent=5925"}],"curies":[{"name":"wp","href":"https:\/\/api.w.org\/{rel}","templated":true}]}}