{"id":5903,"date":"2022-05-23T16:57:07","date_gmt":"2022-05-23T16:57:07","guid":{"rendered":"https:\/\/mumablue.com\/blog\/?page_id=5903"},"modified":"2025-06-02T16:23:34","modified_gmt":"2025-06-02T16:23:34","slug":"cuento-de-autoestima-infantil-audiocuento-gratis","status":"publish","type":"page","link":"https:\/\/www.mumablue.com\/blog\/cuento-de-autoestima-infantil-audiocuento-gratis\/","title":{"rendered":"Cuento de autoestima infantil + audiocuento gratis"},"content":{"rendered":"<p><img decoding=\"async\" loading=\"lazy\" class=\"alignnone size-full wp-image-5904\" src=\"https:\/\/www.mumablue.com\/blog\/wp-content\/uploads\/2022\/05\/Campamento-de-J\u00f3venes-Exploradores.jpg\" alt=\"cuento de autoestima infantil\" width=\"500\" height=\"500\" srcset=\"https:\/\/www.mumablue.com\/blog\/wp-content\/uploads\/2022\/05\/Campamento-de-J\u00f3venes-Exploradores.jpg 500w, https:\/\/www.mumablue.com\/blog\/wp-content\/uploads\/2022\/05\/Campamento-de-J\u00f3venes-Exploradores-300x300.jpg 300w, https:\/\/www.mumablue.com\/blog\/wp-content\/uploads\/2022\/05\/Campamento-de-J\u00f3venes-Exploradores-150x150.jpg 150w\" sizes=\"(max-width: 500px) 100vw, 500px\" \/><\/p>\n<p>Si buscas <strong>un cuento de autoestima infantil que ayude a tu peque a ganar confianza en s\u00ed mismo<\/strong> y entender la importancia del esfuerzo para lograr la superaci\u00f3n, es probable que \u00abCampamento de J\u00f3venes Exploradores\u00bb te resulte de utilidad. Se trata de un relato, para escuchar o leer directamente, en el que el peque\u00f1o protagonista <strong>aprender\u00e1 a valorarse a trav\u00e9s de sus logros.<\/strong><\/p>\n<p>Adri\u00e1n acude por primera vez a un campamento de verano y le asusta no ser capaz de lograr los retos para llegar a ser un Joven Explorador. Ser\u00e1 durante una excursi\u00f3n cuando descubra una extra\u00f1a caba\u00f1a en el bosque que lo conducir\u00e1 a un m\u00e1gico mundo, lleno de seres maravillosos que <strong>le ense\u00f1aran a desarrollar sus habilidades y a coger confianza en s\u00ed mismo.<\/strong><\/p>\n<p>A continuaci\u00f3n puedes disfrutar de<strong> este cuento de autoestima infantil en su versi\u00f3n en audiocuento.<\/strong> Si prefieres leerlo directamente, busca el texto m\u00e1s adelante en este art\u00edculo.<\/p>\n<h6><script src=\"https:\/\/www.buzzsprout.com\/937792\/10585851-campamento-de-jovenes-exploradores.js?container_id=buzzsprout-player-10585851&#038;player=small\" type=\"text\/javascript\" charset=\"utf-8\"><\/script><b>M\u00fasica:\u00a0<\/b>Public Domain-\u00a0<span style=\"color: #3366ff;\"><a style=\"color: #3366ff;\" href=\"https:\/\/freepd.com\/misc.php\">Trip Up North<\/a><\/span>\u00a0y\u00a0<span style=\"color: #3366ff;\"><a style=\"color: #3366ff;\" href=\"https:\/\/freepd.com\/scoring.php\">Slice of life<\/a><\/span>, por Bryan Teoh;\u00a0<span style=\"color: #3366ff;\"><a style=\"color: #3366ff;\" href=\"https:\/\/www.youtube.com\/watch?v=lAeH1ITWVdk&amp;t=32s\">M\u00fasica hadas y duendes<\/a><\/span>;\u00a0<span style=\"color: #3366ff;\"><a style=\"color: #3366ff;\" href=\"https:\/\/freepd.com\/misc.php\">Journey of hope<\/a><\/span>, por Alexander Nakarada.<\/h6>\n<p><a href=\"https:\/\/www.mumablue.com\/esp\/nuestros-cuentos-personalizados\/superpoderes?utm_source=blog&amp;utm_medium=banner&amp;utm_campaign=p\u00e1ginas-audiocuentos&amp;utm_content=cuento-autoestima-infantil\" target=\"_blank\" rel=\"noopener noreferrer\"><img decoding=\"async\" loading=\"lazy\" class=\"alignnone wp-image-4607 size-full\" src=\"https:\/\/www.mumablue.com\/blog\/wp-content\/uploads\/2021\/07\/cuento-personalizado-superh\u00e9roes.jpg\" alt=\"Cuento de superh\u00e9roes para ni\u00f1os\" width=\"715\" height=\"162\" srcset=\"https:\/\/www.mumablue.com\/blog\/wp-content\/uploads\/2021\/07\/cuento-personalizado-superh\u00e9roes.jpg 715w, https:\/\/www.mumablue.com\/blog\/wp-content\/uploads\/2021\/07\/cuento-personalizado-superh\u00e9roes-300x68.jpg 300w, https:\/\/www.mumablue.com\/blog\/wp-content\/uploads\/2021\/07\/cuento-personalizado-superh\u00e9roes-624x141.jpg 624w\" sizes=\"(max-width: 715px) 100vw, 715px\" \/><\/a><\/p>\n<h2>Cuento de autoestima infantil: \u00abCampamento de J\u00f3venes Exploradores\u00bb<\/h2>\n<p>Aqu\u00ed tienes el texto del cuento de autoestima infantil que hemos escrito para nuestro podcast, para que pod\u00e1is leerlo juntos directamente. <strong>Te proponemos crear algo de ambiente poniendo de fondo esta m\u00fasica<\/strong> que te dejamos a continuaci\u00f3n.<\/p>\n<p><iframe style=\"border: 0; width: 100%; height: 42px;\" src=\"https:\/\/bandcamp.com\/EmbeddedPlayer\/album=1560542386\/size=small\/bgcol=ffffff\/linkcol=0687f5\/track=4139046161\/transparent=true\/\" seamless=\"\"><a href=\"https:\/\/alexandernakarada.bandcamp.com\/album\/complete-discography-creative-commons-by-40\">Complete Discography (Creative Commons BY 4.0) by Alexander Nakarada<\/a><\/iframe><\/p>\n<p>Aquel verano, como todos los veranos, decenas de ni\u00f1os llegaban en autobuses hasta un claro del bosque. Hac\u00eda una semana que hab\u00edan terminado las clases. Cerraban los colegios y se abr\u00edan un mont\u00f3n de oportunidades. Entre ellas la de acudir al Campamento de J\u00f3venes Exploradores, una actividad que ni\u00f1os y ni\u00f1as llevaban un a\u00f1o esperando.<\/p>\n<p>Muchos de ellos eran ya experimentados campistas y luc\u00edan con orgullo muchas de las medallas y condecoraciones que hab\u00edan obtenido en veranos anteriores. Otros, acud\u00edan por primera vez, con una mezcla de entusiasmo y miedo a no ser aceptados por el grupo. Adri\u00e1n era uno de los nuevos y estaba muy nervioso.<\/p>\n<p>&#8211; \u00a1A ver, ni\u00f1os, ni\u00f1as! \u00a1Formad filas! Vosotros, a ese lado. T\u00fa, chica, ponte all\u00ed. Muy bien, muy bien. No os impacient\u00e9is. Enseguida montaremos las tiendas -ordenaba la monitora mientras organizaba la llegada de los nuevos exploradores.<\/p>\n<p>Una vez que estuvo levantado el campamento, los j\u00f3venes exploradores m\u00e1s veteranos amontonaron ramas en el centro, formando una gran pira. El resto del d\u00eda se gast\u00f3 en hacer las presentaciones, dar unos consejos b\u00e1sicos, explicar las normas del campamento y organizar las actividades de la semana.<\/p>\n<p>Cuando cay\u00f3 la noche, encendieron la hoguera y cantaron canciones bajo las estrellas. <span style=\"font-weight: 400;\">Adri\u00e1n permanec\u00eda en un rinc\u00f3n, casi invisible. Tem\u00eda no servir para ser un buen explorador. <\/span><span style=\"font-weight: 400;\">Finalmente la velada termin\u00f3 y cada uno se meti\u00f3 en su tienda de campa\u00f1a. Adri\u00e1n se embuti\u00f3 en el saco de dormir y se tap\u00f3 hasta la nariz.<\/span><\/p>\n<p>Durante los d\u00edas siguientes, los j\u00f3venes exploradores aprendieron a hacer fuego, capturar peces, identificar plantas y bayas comestibles, cruzar arroyos, construir refugios y a orientarse observando la Naturaleza. Pero a Adri\u00e1n todo se le daba fatal, no consegu\u00eda ni una sola medalla. \u00a1Ni siquiera era capaz de cantar al calor de la hoguera!<\/p>\n<p>Una ma\u00f1ana, la prueba era encontrar agua potable y cualquier cosa que fuera comestible, como ra\u00edces o bayas. Los ni\u00f1os se dividieron en grupos y se internaron en el bosque. Cada grupo estaba capitaneado por un joven explorador veterano que conoc\u00eda los senderos. Adri\u00e1n caminaba algo rezagado cuando, de pronto, descubri\u00f3 una pintoresca caba\u00f1a. La puerta estaba entreabierta, as\u00ed que el ni\u00f1o penetr\u00f3 en su interior.<\/p>\n<p>-Bienvenido. Si\u00e9ntate, por favor -son\u00f3 una misteriosa voz.<\/p>\n<p>-\u00bfQui\u00e9n eres? \u00bfDe d\u00f3nde sale esa voz? -grit\u00f3 Adri\u00e1n dando un respingo.<\/p>\n<p>-\u00bfTe puedo ofrecer un poco de t\u00e9? -continu\u00f3 la voz, con tono dulce.<\/p>\n<p>Adri\u00e1n se dio cuenta entonces de que la due\u00f1a de la voz era una taza viviente. Crey\u00f3 que se trataba de una alucinaci\u00f3n y se frot\u00f3 los ojos con fuerza. Pero al abrirlos, la taza segu\u00eda ah\u00ed.<\/p>\n<p>-Preferir\u00eda un poco de agua para llenar esta cantimplora de J\u00f3venes Exploradores. No sirvo para buscar agua, ni para hacer fuego, ni para pescar\u2026 \u00a1ni siquiera s\u00e9 cantar! -se lament\u00f3 Adri\u00e1n.<\/p>\n<p>-\u00a1No te rindas tan pronto, peque\u00f1o! El mundo es de los perseverantes! Ven conmigo, te mostrar\u00e9 algo\u2026<\/p>\n<p>La taza hizo un gesto, se\u00f1alando una portachuela de madera. Acto seguido salt\u00f3 de la mesa y fue hasta ella dando peque\u00f1os saltitos. Adri\u00e1n la sigui\u00f3.<\/p>\n<p>Al cruzar la puerta, Adri\u00e1n apareci\u00f3 en un mundo m\u00e1gico. All\u00ed todo era posible.<\/p>\n<p>-Oh, mira qui\u00e9n est\u00e1 aqu\u00ed\u2026 Centella, pres\u00e9ntate -anim\u00f3 la taza viviente.<\/p>\n<p>-Yo era una estrella de mar que so\u00f1aba con ser una estrella del cielo y poder hacer fuego. \u00a1Y lo consegu\u00ed! Ahora debes intentarlo t\u00fa.<\/p>\n<p>De pronto, frente a Adri\u00e1n, aparecieron un palo y un trozo de madera. El ni\u00f1o sujet\u00f3 el palo firmemente con las manos y comenz\u00f3 a girarlo y a frotarlo contra la madera. Pronto comenz\u00f3 a brotar un hilillo de humo.<\/p>\n<p>-\u00a1No pares, Adri\u00e1n! Contin\u00faa. \u00a1Quien la sigue, la consigue! -anim\u00f3 la estrella.<\/p>\n<p>Adri\u00e1n cerr\u00f3 muy fuerte los ojos y comenz\u00f3 a frotar con todas sus fuerzas. Al instante comenzaron a saltar chispas que prendieron la yesca.<\/p>\n<p>-\u00a1Esto hay que celebrarlo! \u00a1Cantemos! -dijo una nueva y mel\u00f3dica voz.<\/p>\n<p>Salida de la nada, frente a Adri\u00e1n, se alzaba una guitarra parlanchina.<\/p>\n<p>-No canto bien. No s\u00e9 seguir el ritmo ni entonar -explic\u00f3 Adri\u00e1n.<\/p>\n<p>-Yo desafinaba much\u00edsimo pero no me di por vencida. Ahora soy virtuosa. Canta, yo te acompa\u00f1ar\u00e9 con mi m\u00fasica -insisti\u00f3 la guitarra.<\/p>\n<p>Adri\u00e1n comenz\u00f3 a cantar, bajito, tan solo con un hilillo de voz.<\/p>\n<p>-\u00a1M\u00e1s fuerte! \u00a1Eres capaz de lo que te propongas! -alent\u00f3 la guitarra.<\/p>\n<p>Poco a poco, el peque\u00f1o fue ganando confianza. Fue elevando el tono y, cuanto m\u00e1s alto cantaba, m\u00e1s entonaba y mejor lo hac\u00eda. Cuando se march\u00f3 del todo la inseguridad, Adri\u00e1n cant\u00f3 muy, pero que muy, bien.<\/p>\n<p>Todos bailaron y los p\u00e1jaros comenzaron a trinar. Y as\u00ed, cantando y bailando, la comitiva lleg\u00f3 hasta una extra\u00f1a playa. Su arena se agrupa en franjas con los colores del arco iris. Al escucharlos llegar, del mar emergi\u00f3 una extra\u00f1a criatura.<\/p>\n<p>-\u00a1Un unicornio marino! -se sorprensi\u00f3 el ni\u00f1o.<\/p>\n<p>-Soy un narval, para ser exactos. Antes era una orca que no lograba atrapar peces, as\u00ed que desarroll\u00e9 este cuerno para poder capturarlos- respondi\u00f3 el extra\u00f1o ser.<\/p>\n<p>-Ojal\u00e1 yo tuviera un cuerno como el tuyo para atrapar peces -anhel\u00f3 Adri\u00e1n.<\/p>\n<p>-Yo te ense\u00f1ar\u00e9 a pescar. Busca un palo parecido a mi cuerno.<\/p>\n<p>Adri\u00e1n encontr\u00f3 una larga y recta rama acabada en punta y el narval comenz\u00f3 a explicarle c\u00f3mo usarlo. El ni\u00f1o lo intentaba y lo intentaba, pero fallaba todo el tiempo.<\/p>\n<p>-Nadie dijo que fuera f\u00e1cil. Vamos, sigue intent\u00e1ndolo. Eres capaz de cualquier cosa que te propongas. \u00a1Solo cree en ti!<\/p>\n<p>Despu\u00e9s de un buen rato, Adri\u00e1n hab\u00eda capturado un buen pu\u00f1ado de peces. \u00a1Era suficiente pescado para una semana!<\/p>\n<p>-\u00a1Eh! A ver si te crees el \u00fanico unicornio de este cuento -relinch\u00f3 una nueva voz, a la espalda de Adri\u00e1n. Cuando el ni\u00f1o se dio la vuelta, contempl\u00f3 a un precioso caballo blanco con crines arco\u00edris. \u00a1Era un unicornio de verdad!<\/p>\n<p>-\u00a1Es imposible! \u00a1Los unicornios solo existen en la imaginaci\u00f3n! -se sorprendi\u00f3 Adri\u00e1n.<\/p>\n<p>-\u00a1Nada es imposible! Yo era un caballo que deseaba con todas mis fuerzas ser unicornio. T\u00fa apunta alto y caer\u00e1s cerca. Al final conseguir\u00e1s todo lo que te propongas.<\/p>\n<p>-\u00bfIncluso llegar a ser el mejor explorador del mundo entero? -pregunt\u00f3 el ni\u00f1o.<\/p>\n<p>-Incluso eso -asegur\u00f3 el unicornio.<\/p>\n<p>Lleno de confianza en s\u00ed mismo tras la ense\u00f1anza de aquellos seres maravillosos, Adri\u00e1n regres\u00f3 a la caba\u00f1a en compa\u00f1\u00eda de la taza.<\/p>\n<p>&#8211; Debo volver al campamento antes de que los monitores se preocupen. Gracias por tu ayuda.<\/p>\n<p>-\u00a1Recuerda! Nunca te rindas -canturre\u00f3 la taza mientras el ni\u00f1o se alejaba.<\/p>\n<p>Tras su extraordinaria aventura, Adri\u00e1n regres\u00f3 al campamento cargado con un pu\u00f1ado de peces. Encendi\u00f3 un fuego y comenz\u00f3 a asarlos. Los dem\u00e1s ni\u00f1os le observaban, estupefactos, mientras los monitores le felicitaban por sus logros.<\/p>\n<p>Durante los siguientes d\u00edas, Adri\u00e1n aprendi\u00f3 un sinf\u00edn de nuevos trucos de\u00a0supervivencia y todos lograba realizarlos con \u00e9xito: construy\u00f3 el mejor refugio, recolect\u00f3 las setas y los frutos silvestres m\u00e1s deliciosos y convirti\u00f3 en el explorador que mejor se orientaba en el bosque. \u00a1Incluso logr\u00f3 salvar a sus compa\u00f1eros del ataque de un oso! As\u00ed que, cuando el campamento finaliz\u00f3, un gran n\u00famero de insignias colgaban de su camisa. \u00a1Y todo gracias a su seguridad en s\u00ed mismo a la constancia para conseguir sus prop\u00f3sitos!<\/p>\n<h2>Otros cuentos para fomentar el amor propio en los ni\u00f1os<\/h2>\n<p>Si te ha gustado nuestro cuento de autoestima infantil, tal vez te resulten de utilidad otras historias, tales como \u00ab<span style=\"color: #3366ff;\"><a style=\"color: #3366ff;\" href=\"https:\/\/www.mumablue.com\/blog\/cuento-con-valores-para-leer\/\">La mariposa de los hielos<\/a><\/span>\u00ab, que <strong>habla de c\u00f3mo ser diferente significa ser especial<\/strong> y de la importante misi\u00f3n que todos cumplimos en la vida. O \u00ab<a href=\"https:\/\/www.mumablue.com\/blog\/cuento-de-brujas-para-ninos-gratis-audiocuento\/\"><span style=\"color: #3366ff;\">La brujita Fuegoazul<\/span><\/a>\u00ab, <strong>un cuento dirigido a los ni\u00f1os que se sienten distintos o fuera de lugar<\/strong> por tener un cociente intelectual m\u00e1s alto que sus compa\u00f1eros. O \u00ab<a href=\"https:\/\/www.mumablue.com\/blog\/cuento-de-superheroes-para-ninos-audiocuento-gratis\/\"><span style=\"color: #3366ff;\">Superpoderes<\/span><\/a>\u00ab, un cuento que le ense\u00f1a a los ni\u00f1os a reconocer y valorar todos los superpoderes que las personas llevamos dentro.<\/p>\n<p><a href=\"https:\/\/www.mumablue.com\/esp\/nuestros-cuentos-personalizados\/superpoderes?utm_source=blog&amp;utm_medium=banner&amp;utm_campaign=p\u00e1ginas-audiocuentos&amp;utm_content=cuento-autoestima-infantil\" target=\"_blank\" rel=\"noopener noreferrer\"><img decoding=\"async\" loading=\"lazy\" class=\"alignnone wp-image-4607 size-full\" src=\"https:\/\/www.mumablue.com\/blog\/wp-content\/uploads\/2021\/07\/cuento-personalizado-superh\u00e9roes.jpg\" alt=\"Cuento de superh\u00e9roes para ni\u00f1os\" width=\"715\" height=\"162\" srcset=\"https:\/\/www.mumablue.com\/blog\/wp-content\/uploads\/2021\/07\/cuento-personalizado-superh\u00e9roes.jpg 715w, https:\/\/www.mumablue.com\/blog\/wp-content\/uploads\/2021\/07\/cuento-personalizado-superh\u00e9roes-300x68.jpg 300w, https:\/\/www.mumablue.com\/blog\/wp-content\/uploads\/2021\/07\/cuento-personalizado-superh\u00e9roes-624x141.jpg 624w\" sizes=\"(max-width: 715px) 100vw, 715px\" \/><\/a><\/p>\n<p>Adem\u00e1s, \u00ab<span style=\"color: #3366ff;\"><a style=\"color: #3366ff;\" href=\"https:\/\/www.mumablue.com\/esp\/nuestros-cuentos-personalizados\/superpoderes?utm_source=blog&amp;utm_medium=blog-content&amp;utm_campaign=article-page&amp;utm_content=audiocuento-exploradores\">Superpoderes\u00bb est\u00e1 disponible en edici\u00f3n personalizada<\/a><\/span>, <strong>un cuento impreso a todo color para regalar<\/strong>. El cuento est\u00e1 protagonizado en primera persona por tu peque, con su nombre y rasgos f\u00edsicos, lo que le ayuda a entender mucho mejor cu\u00e1les son sus valores como persona, al vivir la historia en primera persona.<\/p>\n<p>Por \u00faltimo, si crees que tu peque tiene un problema de autoestima que le limita en su d\u00eda a d\u00eda, <strong>te recomendamos que busques consejo profesiona<\/strong>l visitando con \u00e9l a un psic\u00f3logo infantil. \u00a1A veces los cuentos no son suficiente!<\/p>\n<div style='text-align:left' class='yasr-auto-insert-visitor'><\/div>","protected":false},"excerpt":{"rendered":"<p>Si buscas un cuento de autoestima infantil que ayude a tu peque a ganar confianza en s\u00ed mismo y entender la importancia del esfuerzo para lograr la superaci\u00f3n, es probable que \u00abCampamento de J\u00f3venes Exploradores\u00bb te resulte de utilidad. Se trata de un relato, para escuchar o leer directamente, en el que el peque\u00f1o protagonista [&hellip;]<\/p>\n","protected":false},"author":6,"featured_media":0,"parent":0,"menu_order":0,"comment_status":"closed","ping_status":"closed","template":"","meta":{"yasr_overall_rating":0,"yasr_post_is_review":"","yasr_auto_insert_disabled":"","yasr_review_type":""},"yasr_visitor_votes":{"number_of_votes":55,"sum_votes":245,"stars_attributes":{"read_only":false,"span_bottom":false}},"yoast_head":"<!-- This site is optimized with the Yoast SEO plugin v14.5 - https:\/\/yoast.com\/wordpress\/plugins\/seo\/ -->\n<meta name=\"description\" content=\"Un cuento de autoestima infantil para leer que ayuda a ganar confianza a trav\u00e9s de una historia m\u00e1gica llena de seres extraordinarios. \u00a1Incluye audiocuento!\" \/>\n<meta name=\"robots\" content=\"index, follow\" \/>\n<meta name=\"googlebot\" content=\"index, follow, max-snippet:-1, max-image-preview:large, max-video-preview:-1\" \/>\n<meta name=\"bingbot\" content=\"index, follow, max-snippet:-1, max-image-preview:large, max-video-preview:-1\" \/>\n<link rel=\"canonical\" href=\"https:\/\/www.mumablue.com\/blog\/cuento-de-autoestima-infantil-audiocuento-gratis\/\" \/>\n<meta property=\"og:locale\" content=\"es_ES\" \/>\n<meta property=\"og:type\" content=\"article\" \/>\n<meta property=\"og:title\" content=\"Cuento de autoestima infantil + audiocuento gratis - Blog Mumablue\" \/>\n<meta property=\"og:description\" content=\"Un cuento de autoestima infantil para leer que ayuda a ganar confianza a trav\u00e9s de una historia m\u00e1gica llena de seres extraordinarios. \u00a1Incluye audiocuento!\" \/>\n<meta property=\"og:url\" content=\"https:\/\/www.mumablue.com\/blog\/cuento-de-autoestima-infantil-audiocuento-gratis\/\" \/>\n<meta property=\"og:site_name\" content=\"Blog Mumablue\" \/>\n<meta property=\"article:publisher\" content=\"https:\/\/www.facebook.com\/mumablue\/\" \/>\n<meta property=\"article:modified_time\" content=\"2025-06-02T16:23:34+00:00\" \/>\n<meta property=\"og:image\" content=\"https:\/\/www.mumablue.com\/blog\/wp-content\/uploads\/2022\/05\/Campamento-de-J\u00f3venes-Exploradores.jpg\" \/>\n<meta name=\"twitter:card\" content=\"summary_large_image\" \/>\n<script type=\"application\/ld+json\" class=\"yoast-schema-graph\">{\"@context\":\"https:\/\/schema.org\",\"@graph\":[{\"@type\":\"Organization\",\"@id\":\"https:\/\/www.mumablue.com\/blog\/#organization\",\"name\":\"Mumablue\",\"url\":\"https:\/\/www.mumablue.com\/blog\/\",\"sameAs\":[\"https:\/\/www.facebook.com\/mumablue\/\",\"https:\/\/www.instagram.com\/mumablue\/?hl=es\"],\"logo\":{\"@type\":\"ImageObject\",\"@id\":\"https:\/\/www.mumablue.com\/blog\/#logo\",\"inLanguage\":\"es\",\"url\":\"https:\/\/www.mumablue.com\/blog\/wp-content\/uploads\/2020\/05\/Blog-Mumablue.png\",\"width\":749,\"height\":269,\"caption\":\"Mumablue\"},\"image\":{\"@id\":\"https:\/\/www.mumablue.com\/blog\/#logo\"}},{\"@type\":\"WebSite\",\"@id\":\"https:\/\/www.mumablue.com\/blog\/#website\",\"url\":\"https:\/\/www.mumablue.com\/blog\/\",\"name\":\"Blog Mumablue\",\"description\":\"Un blog de cuentos y audiocuentos gratis para ni\\u00f1os.\",\"publisher\":{\"@id\":\"https:\/\/www.mumablue.com\/blog\/#organization\"},\"potentialAction\":[{\"@type\":\"SearchAction\",\"target\":\"https:\/\/www.mumablue.com\/blog\/?s={search_term_string}\",\"query-input\":\"required name=search_term_string\"}],\"inLanguage\":\"es\"},{\"@type\":\"ImageObject\",\"@id\":\"https:\/\/www.mumablue.com\/blog\/cuento-de-autoestima-infantil-audiocuento-gratis\/#primaryimage\",\"inLanguage\":\"es\",\"url\":\"https:\/\/www.mumablue.com\/blog\/wp-content\/uploads\/2022\/05\/Campamento-de-J\\u00f3venes-Exploradores.jpg\",\"width\":500,\"height\":500,\"caption\":\"cuento de autoestima infantil\"},{\"@type\":\"WebPage\",\"@id\":\"https:\/\/www.mumablue.com\/blog\/cuento-de-autoestima-infantil-audiocuento-gratis\/#webpage\",\"url\":\"https:\/\/www.mumablue.com\/blog\/cuento-de-autoestima-infantil-audiocuento-gratis\/\",\"name\":\"Cuento de autoestima infantil + audiocuento gratis - Blog Mumablue\",\"isPartOf\":{\"@id\":\"https:\/\/www.mumablue.com\/blog\/#website\"},\"primaryImageOfPage\":{\"@id\":\"https:\/\/www.mumablue.com\/blog\/cuento-de-autoestima-infantil-audiocuento-gratis\/#primaryimage\"},\"datePublished\":\"2022-05-23T16:57:07+00:00\",\"dateModified\":\"2025-06-02T16:23:34+00:00\",\"description\":\"Un cuento de autoestima infantil para leer que ayuda a ganar confianza a trav\\u00e9s de una historia m\\u00e1gica llena de seres extraordinarios. \\u00a1Incluye audiocuento!\",\"inLanguage\":\"es\",\"potentialAction\":[{\"@type\":\"ReadAction\",\"target\":[\"https:\/\/www.mumablue.com\/blog\/cuento-de-autoestima-infantil-audiocuento-gratis\/\"]}]}]}<\/script>\n<!-- \/ Yoast SEO plugin. -->","_links":{"self":[{"href":"https:\/\/www.mumablue.com\/blog\/wp-json\/wp\/v2\/pages\/5903"}],"collection":[{"href":"https:\/\/www.mumablue.com\/blog\/wp-json\/wp\/v2\/pages"}],"about":[{"href":"https:\/\/www.mumablue.com\/blog\/wp-json\/wp\/v2\/types\/page"}],"author":[{"embeddable":true,"href":"https:\/\/www.mumablue.com\/blog\/wp-json\/wp\/v2\/users\/6"}],"replies":[{"embeddable":true,"href":"https:\/\/www.mumablue.com\/blog\/wp-json\/wp\/v2\/comments?post=5903"}],"version-history":[{"count":4,"href":"https:\/\/www.mumablue.com\/blog\/wp-json\/wp\/v2\/pages\/5903\/revisions"}],"predecessor-version":[{"id":5914,"href":"https:\/\/www.mumablue.com\/blog\/wp-json\/wp\/v2\/pages\/5903\/revisions\/5914"}],"wp:attachment":[{"href":"https:\/\/www.mumablue.com\/blog\/wp-json\/wp\/v2\/media?parent=5903"}],"curies":[{"name":"wp","href":"https:\/\/api.w.org\/{rel}","templated":true}]}}