{"id":5254,"date":"2021-11-10T13:33:31","date_gmt":"2021-11-10T13:33:31","guid":{"rendered":"https:\/\/mumablue.com\/blog\/?page_id=5254"},"modified":"2023-03-22T16:28:59","modified_gmt":"2023-03-22T16:28:59","slug":"poema-de-los-planetas-para-ninos-audiocuento-gratis","status":"publish","type":"page","link":"https:\/\/www.mumablue.com\/blog\/poema-de-los-planetas-para-ninos-audiocuento-gratis\/","title":{"rendered":"Poema de los planetas para ni\u00f1os + audiocuento gratis"},"content":{"rendered":"<p><img decoding=\"async\" loading=\"lazy\" class=\"alignnone size-full wp-image-5255\" src=\"https:\/\/www.mumablue.com\/blog\/wp-content\/uploads\/2021\/11\/Poema-de-los-planetas-2.jpg\" alt=\"Poema de los planetas\" width=\"500\" height=\"500\" srcset=\"https:\/\/www.mumablue.com\/blog\/wp-content\/uploads\/2021\/11\/Poema-de-los-planetas-2.jpg 500w, https:\/\/www.mumablue.com\/blog\/wp-content\/uploads\/2021\/11\/Poema-de-los-planetas-2-300x300.jpg 300w, https:\/\/www.mumablue.com\/blog\/wp-content\/uploads\/2021\/11\/Poema-de-los-planetas-2-150x150.jpg 150w\" sizes=\"(max-width: 500px) 100vw, 500px\" \/><\/p>\n<p>Aqu\u00ed os dejamos un poema de los planetas para ni\u00f1os muy divertido, gracias al cual <strong>el peque aprender\u00e1 los planetas y alguna de sus peculiaridades principales<\/strong>. El hecho de estar compuesto a partir de versos, favorecer\u00e1 el aprendizaje de los planetas y su orden. \u00a1Y todo a trav\u00e9s de una misi\u00f3n espacial muy emocionante!<\/p>\n<p>Este poema de los planetas para ni\u00f1os cuenta con una <strong>versi\u00f3n recitada por nosotros, ambientada con m\u00fasicas y efectos gal\u00e1cticos<\/strong> que transportar\u00e1n a tu peque a otra galaxia.<\/p>\n<div id=\"buzzsprout-player-9454608\"><\/div>\n<h6><script src=\"https:\/\/www.buzzsprout.com\/937792\/9454608-poema-de-los-planetas.js?container_id=buzzsprout-player-9454608&#038;player=small\" type=\"text\/javascript\" charset=\"utf-8\"><\/script>M\u00fasicas:\u00a0<span style=\"color: #3366ff;\"><a style=\"color: #3366ff;\" href=\"https:\/\/freepd.com\/Page2\/\" target=\"_blank\" rel=\"noopener noreferrer\">Opening Theme A y Space Chrystals<\/a><\/span>, por Kevin MacLeod;\u00a0<span style=\"color: #3366ff;\"><a style=\"color: #3366ff;\" href=\"https:\/\/freepd.com\/Page2\/\" target=\"_blank\" rel=\"noopener noreferrer\">Space Rap<\/a><\/span>, por Frank Nora<\/h6>\n<h2 style=\"text-align: center;\">Poema de los planetas<\/h2>\n<p style=\"text-align: center;\">Hay un misterio insondable<br \/>\ndetr\u00e1s del azul del cielo,<br \/>\nun universo infinito<br \/>\nque nos observa en silencio.<\/p>\n<p style=\"text-align: center;\">\u00bfQuieres ser mi comandante<br \/>\nen una grandiosa misi\u00f3n?<br \/>\n\u00a1Acomp\u00e1\u00f1ame sin miedo!<br \/>\nAprender\u00e1s un mont\u00f3n.<\/p>\n<p style=\"text-align: center;\">Nos subimos al cohete<br \/>\ny partimos desde el sol.<br \/>\n\u00a1Despegamos! \u00a1Date prisa!<br \/>\n\u00a1Aqu\u00ed hace mucho calor!<\/p>\n<p style=\"text-align: center;\">Primero viene Mercurio,<br \/>\nel planeta m\u00e1s peque\u00f1o,<br \/>\nparece fuego de d\u00eda<br \/>\ny por la noche, de hielo.<\/p>\n<p style=\"text-align: center;\">Despu\u00e9s viajamos a Venus,<br \/>\nel planeta m\u00e1s brillante.<br \/>\n\u00a1Si tuviera alg\u00fan anillo<br \/>\nparecer\u00eda un diamante!<\/p>\n<p style=\"text-align: center;\">All\u00e1 se atisba la Tierra<br \/>\ncon su manto vegetal.<br \/>\n\u00a1Adi\u00f3s, nubes! \u00a1Adi\u00f3s, mares!<br \/>\n\u00a1Voy en misi\u00f3n espacial!<\/p>\n<p style=\"text-align: center;\">Aterrizamos en Marte,<br \/>\ndios de la guerra romano.<br \/>\nLo llaman \u201cPlaneta rojo\u201d,<br \/>\nazules son sus ocasos.<\/p>\n<p style=\"text-align: center;\">J\u00fapiter, el m\u00e1s caliente,<br \/>\nes tambi\u00e9n el m\u00e1s anciano.<br \/>\n\u00a1Sus m\u00e1s de 60 lunas<br \/>\nbuscan los enamorados!<\/p>\n<p style=\"text-align: center;\">Saturno, que es presumido,<br \/>\nsiempre luce tres anillos.<br \/>\n\u00a1Como es un cuerpo gaseoso<br \/>\nse nos hunden los tobillos!<\/p>\n<p style=\"text-align: center;\">Urano, hecho de hielo,<br \/>\ngira del todo inclinado.<br \/>\n\u00a1Lo mejor es que el verano<br \/>\ndura cuarenta y dos a\u00f1os!<\/p>\n<p style=\"text-align: center;\">No es su viento huracanado<br \/>\nlo que despierta inter\u00e9s&#8230;<br \/>\n\u00a1Neptuno tiene una luna<br \/>\nque gira siempre al rev\u00e9s!<\/p>\n<p style=\"text-align: center;\">Plut\u00f3n se cre\u00eda un planeta<br \/>\ny le dijeron que no.<br \/>\n\u00a1Hay quien cree que es una luna<br \/>\nque de Neptuno escap\u00f3!<\/p>\n<p style=\"text-align: center;\">Finaliza esta excursi\u00f3n<br \/>\nentre estrellas y planetas,<br \/>\nmeteoritos, asteroides,<br \/>\nnebulosas y cometas.<\/p>\n<p style=\"text-align: center;\">Regresamos a la Tierra<br \/>\nportando una gran verdad:<br \/>\nEn este enorme Universo<br \/>\nsomos miguitas de pan.<\/p>\n<h2>Curiosidades sobre los planetas<\/h2>\n<p><strong>Los planetas reciben sus nombres de los dioses de la mitolog\u00eda grecolatina<\/strong>. Mercurio, dios del comercio y mensajero de los dioses; Venus, diosa del amor y la belleza; Tierra (en griego, Gea), diosa creadora del universo y madre tierra; Marte, dios de la guerra; J\u00fapiter, padre de los dioses; Urano, dios de los cielos; Neptuno, dios de los mares; y Plut\u00f3n, dios de los infiernos.<\/p>\n<p>Aunque al principio se consideraba que Plut\u00f3n era un planeta, hace algunos a\u00f1os los cient\u00edficos decidieron que no era as\u00ed exactamente, por lo que ahora forma parte de lo que se conoce como \u201cplanetas enanos\u201d. As\u00ed que, <strong>si somos fieles a los nuevos hallazgos cient\u00edficos, la lista de los planetas terminar\u00eda en Neptuno<\/strong>. \u00a1Aunque muchos pap\u00e1s nost\u00e1lgicos siguen incluyendo a Plut\u00f3n en el listado!<\/p>\n<p>Hay planetas que est\u00e1n formados por rocas o metales y hay otros que est\u00e1n hechos de gases. Esto depende de la distancia a la que est\u00e9n del sol. Todos los planetas tienen uno o varios sat\u00e9lites, lo que llamamos lunas, excepto Mercurio y Venus. \u00a1Ahhh! <strong>\u00a1Pero en Mercurio el sol sale dos veces! Sale, se vuelve a meter y sale de nuevo.<\/strong> \u00a1Parece que est\u00e1 jugando al escondite!<\/p>\n<p><strong>Todos los planetas giran alrededor del sol, que es una gran estrella<\/strong>. En conjunto forman nuestro Sistema Solar, \u00a1pero hay much\u00edsimos m\u00e1s sistemas planetarios en el universo! Lo que pasa es que est\u00e1n tan lejos que a\u00fan no hemos logrado inventar una nave que nos permita llegar sin morirnos de viejos por el camino. Pero <strong>es posible que en alg\u00fan lugar del infinito universo exista un planeta igual que la Tierra<\/strong> en el que viva una personita exactamente igual que t\u00fa. \u00a1Saluda al cielo por las noches por si acaso te est\u00e1 viendo!<\/p>\n<h2>Otros poemas infantiles divertidos y educativos<\/h2>\n<p>Si hab\u00e9is disfrutado con este poema de los planetas para ni\u00f1os, tenemos una sorpresa:<strong> \u00a1Pod\u00e9is disfrutar de muchas otras <span style=\"color: #3366ff;\"><a style=\"color: #3366ff;\" href=\"https:\/\/www.mumablue.com\/blog\/poesias-para-ninos-cortas\/\">poes\u00edas infantiles<\/a><\/span>, gratis<\/strong>, tanto en su versi\u00f3n para leer como para escuchar.<\/p>\n<p>Adem\u00e1s, os ofrecemos un <span style=\"color: #3366ff;\"><a style=\"color: #3366ff;\" href=\"https:\/\/www.mumablue.com\/blog\/cuentos-infantiles-para-leer-cortos-gratis\/\">cat\u00e1logo muy extenso de cuentos y audiocuentos<\/a><\/span> gratuitos de todos los g\u00e9neros y temas, ideales <strong>para que los ni\u00f1os encuentren un modo de ocio alejado de las pantallas y aprendan conceptos y valores<\/strong> mientras se divierten. \u00a1Comparte con otros pap\u00e1s y mam\u00e1s si son de tu agrado y contribuir\u00e1s a que este proyecto contin\u00fae!<\/p>\n<div style='text-align:left' class='yasr-auto-insert-visitor'><\/div>","protected":false},"excerpt":{"rendered":"<p>Aqu\u00ed os dejamos un poema de los planetas para ni\u00f1os muy divertido, gracias al cual el peque aprender\u00e1 los planetas y alguna de sus peculiaridades principales. El hecho de estar compuesto a partir de versos, favorecer\u00e1 el aprendizaje de los planetas y su orden. \u00a1Y todo a trav\u00e9s de una misi\u00f3n espacial muy emocionante! Este [&hellip;]<\/p>\n","protected":false},"author":6,"featured_media":0,"parent":0,"menu_order":0,"comment_status":"closed","ping_status":"closed","template":"","meta":{"yasr_overall_rating":0,"yasr_post_is_review":"","yasr_auto_insert_disabled":"","yasr_review_type":"BlogPosting"},"yasr_visitor_votes":{"number_of_votes":30,"sum_votes":140,"stars_attributes":{"read_only":false,"span_bottom":false}},"yoast_head":"<!-- This site is optimized with the Yoast SEO plugin v14.5 - https:\/\/yoast.com\/wordpress\/plugins\/seo\/ -->\n<meta name=\"description\" content=\"En este poema de los planetas para ni\u00f1os aprender\u00e1n el nombre, orden y curiosidades de los planetas de nuestro Sistema Solar. \u00a1Incluye audiocuento recitado!\" \/>\n<meta name=\"robots\" content=\"index, follow\" \/>\n<meta name=\"googlebot\" content=\"index, follow, max-snippet:-1, max-image-preview:large, max-video-preview:-1\" \/>\n<meta name=\"bingbot\" content=\"index, follow, max-snippet:-1, max-image-preview:large, max-video-preview:-1\" \/>\n<link rel=\"canonical\" href=\"https:\/\/www.mumablue.com\/blog\/poema-de-los-planetas-para-ninos-audiocuento-gratis\/\" \/>\n<meta property=\"og:locale\" content=\"es_ES\" \/>\n<meta property=\"og:type\" content=\"article\" \/>\n<meta property=\"og:title\" content=\"Poema de los planetas para ni\u00f1os + audiocuento gratis - Blog Mumablue\" \/>\n<meta property=\"og:description\" content=\"En este poema de los planetas para ni\u00f1os aprender\u00e1n el nombre, orden y curiosidades de los planetas de nuestro Sistema Solar. \u00a1Incluye audiocuento recitado!\" \/>\n<meta property=\"og:url\" content=\"https:\/\/www.mumablue.com\/blog\/poema-de-los-planetas-para-ninos-audiocuento-gratis\/\" \/>\n<meta property=\"og:site_name\" content=\"Blog Mumablue\" \/>\n<meta property=\"article:publisher\" content=\"https:\/\/www.facebook.com\/mumablue\/\" \/>\n<meta property=\"article:modified_time\" content=\"2023-03-22T16:28:59+00:00\" \/>\n<meta property=\"og:image\" content=\"https:\/\/www.mumablue.com\/blog\/wp-content\/uploads\/2021\/11\/Poema-de-los-planetas-2.jpg\" \/>\n<meta name=\"twitter:card\" content=\"summary_large_image\" \/>\n<script type=\"application\/ld+json\" class=\"yoast-schema-graph\">{\"@context\":\"https:\/\/schema.org\",\"@graph\":[{\"@type\":\"Organization\",\"@id\":\"https:\/\/www.mumablue.com\/blog\/#organization\",\"name\":\"Mumablue\",\"url\":\"https:\/\/www.mumablue.com\/blog\/\",\"sameAs\":[\"https:\/\/www.facebook.com\/mumablue\/\",\"https:\/\/www.instagram.com\/mumablue\/?hl=es\"],\"logo\":{\"@type\":\"ImageObject\",\"@id\":\"https:\/\/www.mumablue.com\/blog\/#logo\",\"inLanguage\":\"es\",\"url\":\"https:\/\/www.mumablue.com\/blog\/wp-content\/uploads\/2020\/05\/Blog-Mumablue.png\",\"width\":749,\"height\":269,\"caption\":\"Mumablue\"},\"image\":{\"@id\":\"https:\/\/www.mumablue.com\/blog\/#logo\"}},{\"@type\":\"WebSite\",\"@id\":\"https:\/\/www.mumablue.com\/blog\/#website\",\"url\":\"https:\/\/www.mumablue.com\/blog\/\",\"name\":\"Blog Mumablue\",\"description\":\"Un blog de cuentos y audiocuentos gratis para ni\\u00f1os.\",\"publisher\":{\"@id\":\"https:\/\/www.mumablue.com\/blog\/#organization\"},\"potentialAction\":[{\"@type\":\"SearchAction\",\"target\":\"https:\/\/www.mumablue.com\/blog\/?s={search_term_string}\",\"query-input\":\"required name=search_term_string\"}],\"inLanguage\":\"es\"},{\"@type\":\"ImageObject\",\"@id\":\"https:\/\/www.mumablue.com\/blog\/poema-de-los-planetas-para-ninos-audiocuento-gratis\/#primaryimage\",\"inLanguage\":\"es\",\"url\":\"https:\/\/www.mumablue.com\/blog\/wp-content\/uploads\/2021\/11\/Poema-de-los-planetas-2.jpg\",\"width\":500,\"height\":500,\"caption\":\"Poema de los planetas\"},{\"@type\":\"WebPage\",\"@id\":\"https:\/\/www.mumablue.com\/blog\/poema-de-los-planetas-para-ninos-audiocuento-gratis\/#webpage\",\"url\":\"https:\/\/www.mumablue.com\/blog\/poema-de-los-planetas-para-ninos-audiocuento-gratis\/\",\"name\":\"Poema de los planetas para ni\\u00f1os + audiocuento gratis - Blog Mumablue\",\"isPartOf\":{\"@id\":\"https:\/\/www.mumablue.com\/blog\/#website\"},\"primaryImageOfPage\":{\"@id\":\"https:\/\/www.mumablue.com\/blog\/poema-de-los-planetas-para-ninos-audiocuento-gratis\/#primaryimage\"},\"datePublished\":\"2021-11-10T13:33:31+00:00\",\"dateModified\":\"2023-03-22T16:28:59+00:00\",\"description\":\"En este poema de los planetas para ni\\u00f1os aprender\\u00e1n el nombre, orden y curiosidades de los planetas de nuestro Sistema Solar. \\u00a1Incluye audiocuento recitado!\",\"inLanguage\":\"es\",\"potentialAction\":[{\"@type\":\"ReadAction\",\"target\":[\"https:\/\/www.mumablue.com\/blog\/poema-de-los-planetas-para-ninos-audiocuento-gratis\/\"]}]}]}<\/script>\n<!-- \/ Yoast SEO plugin. -->","_links":{"self":[{"href":"https:\/\/www.mumablue.com\/blog\/wp-json\/wp\/v2\/pages\/5254"}],"collection":[{"href":"https:\/\/www.mumablue.com\/blog\/wp-json\/wp\/v2\/pages"}],"about":[{"href":"https:\/\/www.mumablue.com\/blog\/wp-json\/wp\/v2\/types\/page"}],"author":[{"embeddable":true,"href":"https:\/\/www.mumablue.com\/blog\/wp-json\/wp\/v2\/users\/6"}],"replies":[{"embeddable":true,"href":"https:\/\/www.mumablue.com\/blog\/wp-json\/wp\/v2\/comments?post=5254"}],"version-history":[{"count":2,"href":"https:\/\/www.mumablue.com\/blog\/wp-json\/wp\/v2\/pages\/5254\/revisions"}],"predecessor-version":[{"id":6756,"href":"https:\/\/www.mumablue.com\/blog\/wp-json\/wp\/v2\/pages\/5254\/revisions\/6756"}],"wp:attachment":[{"href":"https:\/\/www.mumablue.com\/blog\/wp-json\/wp\/v2\/media?parent=5254"}],"curies":[{"name":"wp","href":"https:\/\/api.w.org\/{rel}","templated":true}]}}