{"id":4886,"date":"2021-09-21T15:11:51","date_gmt":"2021-09-21T15:11:51","guid":{"rendered":"https:\/\/mumablue.com\/blog\/?page_id=4886"},"modified":"2025-06-02T13:12:08","modified_gmt":"2025-06-02T13:12:08","slug":"cuento-del-circo-para-ninos-audiocuento-gratis","status":"publish","type":"page","link":"https:\/\/www.mumablue.com\/blog\/cuento-del-circo-para-ninos-audiocuento-gratis\/","title":{"rendered":"Cuento del circo para ni\u00f1os + audiocuento gratis"},"content":{"rendered":"<p><img decoding=\"async\" loading=\"lazy\" class=\"alignnone size-full wp-image-4878\" src=\"https:\/\/www.mumablue.com\/blog\/wp-content\/uploads\/2021\/09\/La-domadora-de-hormigas_500.jpg\" alt=\"Cuento del circo\" width=\"500\" height=\"500\" srcset=\"https:\/\/www.mumablue.com\/blog\/wp-content\/uploads\/2021\/09\/La-domadora-de-hormigas_500.jpg 500w, https:\/\/www.mumablue.com\/blog\/wp-content\/uploads\/2021\/09\/La-domadora-de-hormigas_500-300x300.jpg 300w, https:\/\/www.mumablue.com\/blog\/wp-content\/uploads\/2021\/09\/La-domadora-de-hormigas_500-150x150.jpg 150w\" sizes=\"(max-width: 500px) 100vw, 500px\" \/><\/p>\n<p>\u00a1No me digas m\u00e1s! Tu peque te ha pedido un cuento del circo y por eso has llegado hasta aqu\u00ed. \u00a1Eso son grandes noticias! Para nosotros, porque as\u00ed tenemos el placer de saludarte; y para vosotros, porque<strong> hab\u00e9is llegado a una p\u00e1gina m\u00e1gica que contiene un cuento sobre circo basado en valores<\/strong> y que ense\u00f1a a los peques la importancia de no rendirse jam\u00e1s cuando se tiene un sue\u00f1o.<\/p>\n<p>\u00a1Pero no es todo! Este cuento del circo para ni\u00f1os cuenta con su particular versi\u00f3n para escuchar, <strong>un audiocuento evocador, lleno de realistas efectos y m\u00fasicas circenses<\/strong> que trasladar\u00e1n al ni\u00f1o a un mundo de diversi\u00f3n y trampantojos. \u00a1Una buena idea de <span style=\"color: #0000ff;\"><a style=\"color: #0000ff;\" href=\"?utm_source=blog&amp;utm_medium=link&amp;utm_campaign=p\u00e1ginas-audiocuentos&amp;utm_content=cuento-circo\">Mumablue<\/a><\/span>!<\/p>\n<h2 style=\"text-align: center;\"><em><span style=\"color: #a365e0;\"><strong>\ud83d\udce3 \u00a1Se\u00f1oras y se\u00f1ores! \u00a1Ni\u00f1as y ni\u00f1os!<\/strong><\/span><\/em><\/h2>\n<p style=\"text-align: center;\"><em><strong style=\"color: #a365e0; font-size: 1.28571rem;\">Sean bienvenidos al gran cuento del circo de las hormigas!<\/strong><\/em><\/p>\n<h6><script src=\"https:\/\/www.buzzsprout.com\/937792\/9185911-la-domadora-de-hormigas.js?container_id=buzzsprout-player-9185911&#038;player=small\" type=\"text\/javascript\" charset=\"utf-8\"><\/script>M\u00fasicas Public Domain y CC 2.0: <span style=\"color: #3366ff;\"><a style=\"color: #3366ff;\" href=\"https:\/\/freepd.com\/comedy.php\" target=\"_blank\" rel=\"noopener noreferrer\">My Giant Bunny Friend<\/a><\/span>, de Bryan Tech;\u00a0<span style=\"color: #3366ff;\"><a style=\"color: #3366ff;\" href=\"https:\/\/filmmusic.io\/song\/5699-circus-theme-song-string-version-\" target=\"_blank\" rel=\"noopener noreferrer\">Circus Theme Song<\/a><\/span>, de Alexander Nakarada;\u00a0<span style=\"color: #3366ff;\"><a style=\"color: #3366ff;\" href=\"https:\/\/freepd.com\/comedy.php\" target=\"_blank\" rel=\"noopener noreferrer\">Barnville<\/a><\/span>, de Rafael Krux;\u00a0<span style=\"color: #3366ff;\"><a style=\"color: #3366ff;\" href=\"https:\/\/www.youtube.com\/watch?v=wo7-MYwBxnw\" target=\"_blank\" rel=\"noopener noreferrer\">M\u00fasica de circo<\/a><\/span>, de Music And Sound M\u00e9xico,\u00a0<span style=\"color: #3366ff;\"><a style=\"color: #3366ff;\" href=\"https:\/\/freepd.com\/comedy.php\" target=\"_blank\" rel=\"noopener noreferrer\">Llama in pajama<\/a><\/span>, de Rafael Krux;\u00a0<span style=\"color: #3366ff;\"><a style=\"color: #3366ff;\" href=\"https:\/\/freepd.com\/comedy.php\" target=\"_blank\" rel=\"noopener noreferrer\">Attic Secrets<\/a><\/span>, de Rafael Krux;\u00a0\u00a0<span style=\"color: #3366ff;\"><a style=\"color: #3366ff;\" href=\"https:\/\/freepd.com\/comedy.php\" target=\"_blank\" rel=\"noopener noreferrer\">Alls Fair In Love<\/a><\/span>, de Bryan Tech;\u00a0<span style=\"color: #3366ff;\"><a style=\"color: #3366ff;\" href=\"https:\/\/freepd.com\/romantic.php\" target=\"_blank\" rel=\"noopener noreferrer\">Parhelion<\/a><\/span>, de Alexander Nakarada.<\/h6>\n<p>\u00a1Pero, espera! Tal vez lo que estabas buscando era un cuento del circo para le\u00e9rselo t\u00fa, con tu propia voz. \u00a1Enseguida lo arreglamos! Nada por aqu\u00ed, nada por all\u00e1&#8230; <strong>nos sacamos de la chistera el cuento del circo de las hormigas en su versi\u00f3n para que lo lean los pap\u00e1s<\/strong>. \u00a1As\u00ed de simple! Pero no hay por qu\u00e9 renunciar a la magia: aqu\u00ed dejamos una musiquita de fondo para crear ambiente. \u00a1Solo dale al <em>play<\/em> y comienza a leer!<\/p>\n<p><iframe style=\"border: 0; width: 100%; height: 42px;\" src=\"https:\/\/bandcamp.com\/EmbeddedPlayer\/album=4032761503\/size=small\/bgcol=ffffff\/linkcol=0687f5\/track=2180039993\/transparent=true\/\" seamless=\"\"><a href=\"https:\/\/alexandernakarada.bandcamp.com\/album\/collection-comedy-silly\">Collection &#8211; Comedy &amp; Silly by Alexander Nakarada<\/a><\/iframe><\/p>\n<h2>La domadora de Hormigas para leer<\/h2>\n<p>A todos los ni\u00f1os les gusta jugar con hormigas, pero en el caso de Carmen\u2026 \u00a1Era su pasatiempo favorito! Le encantaba observarlas, mirar c\u00f3mo desfilaban sin descanso en busca de comida y adornar la puerta de sus hormigueros. Intentaba no molestarlas, pero no pod\u00eda resistirse a jugar con ellas poni\u00e9ndoles delante un dedo para que se subieran en \u00e9l. Pero las hormigas siempre lo esquivaban. Tan pronto como Carmen colocaba su mano, una hoja o un palito delante de una de ellas, \u00e9sta cambiaba el rumbo repentinamente y continuaba su camino. \u00bfC\u00f3mo lograr que las hormigas le hicieran caso?<\/p>\n<p>Aquel fin de semana lleg\u00f3 el Circo, con su carpa de colores, sus carromatos\u2026 \u00a1Y sus fieras! Carmen acudi\u00f3 a ver el espect\u00e1culo.<\/p>\n<p>&#8211; \u00a1BIENVENIDOS SE\u00d1ORAS Y SE\u00d1ORES, NI\u00d1OS Y NI\u00d1AS, AL GRAN CIRCOOOOO AAAALEGR\u00cdAA! -present\u00f3 un se\u00f1or muy elegante vestido con un esmoquin.<\/p>\n<p>Carmen disfrut\u00f3 mucho con los malabaristas, los funambulistas y los payasos. Pero lo que m\u00e1s le impresion\u00f3 fue el espect\u00e1culo del domador: era capaz de conseguir que leones, elefantes y osos hicieran lo que \u00e9l quisiera. As\u00ed fue como Carmen decidi\u00f3 que ser\u00eda Domadora de hormigas.<\/p>\n<p>Durante un a\u00f1o entero, Carmen practic\u00f3 con las hormigas. Intent\u00f3 domarlas de mil maneras: visit\u00e1ndolas todos los d\u00edas, poni\u00e9ndoles nombre e incluso llev\u00e1ndoles alg\u00fan que otro terr\u00f3n de az\u00facar\u2026 \u00a1Pero nada! Las hormigas ni siquiera se le acercaban un poquito. \u00a1Eran absolutamente indomables! Entonces el circo regres\u00f3 a la ciudad.<\/p>\n<p>\u00ab\u00a1Se\u00f1oras y se\u00f1ores! \u00a1Ni\u00f1os y ni\u00f1as! \u00a1Ha llegado el Circo Alegr\u00eda! Payasos, trapecistas, malabaristas, leones, elefantes! \u00a1No se pierdan el espect\u00e1culo del Circoooo\u2026 Aaaaalegr\u00edaaaa!\u00bb<\/p>\n<p>El sonido proced\u00eda de un meg\u00e1fono colocado en el techo de un destartalado coche que recorr\u00eda la ciudad anunciando la llegada del circo. Al escuchar el anuncio, Carmen tuvo una idea. \u00a1Ir\u00eda en busca del domador de fieras para pedirle alg\u00fan consejo!<\/p>\n<p><span style=\"font-size: 1rem;\">Al llegar al recinto en el que el circo hab\u00eda montado su campamento, Carmen se dirigi\u00f3 a una mujer muy estrafalaria. Vest\u00eda un maillot con tut\u00fa el iba muy maquillada. Llevaba el pelo recogido en un enorme mo\u00f1o del que sobresal\u00edan largas plumas de pavo real.<\/span><\/p>\n<p><span style=\"font-size: 1rem;\">&#8211; Hola, buenos d\u00edas. Busco al domador -salud\u00f3 Carmen.<\/span><\/p>\n<p>&#8211; Lo encontrar\u00e1s en el tercer carromato. \u00bfLo ves all\u00ed? &#8211; indic\u00f3 la estrafalaria mujer. Y matiz\u00f3: Aquel que tiene dibujados un elefante y un le\u00f3n.<\/p>\n<p><span style=\"font-size: 1rem;\">Tras darle las gracias a la ex\u00f3tica bailarina, Carmen se encamin\u00f3 al carromato del domador. Una vez estuvo delante, llam\u00f3 con los nudillos a la puerta. Una voz \u00e1spera y desganada se col\u00f3 por las rendijas:<\/span><\/p>\n<p><span style=\"font-size: 1rem;\">&#8211; \u00bfQui\u00e9n es?<\/span><\/p>\n<p>&#8211; Hola, se\u00f1or domador. Me llamo Carmen. Quer\u00eda hacerle una pregunta -se present\u00f3 la ni\u00f1a.<\/p>\n<p>La puerta se abri\u00f3. Ante ella estaba un hombre bajito y barrig\u00f3n. Llevaba varios d\u00edas si afeitar y ten\u00eda un aspecto muy descuidado, parec\u00eda algo enfermo.<\/p>\n<p>&#8211; Dime. \u00bfQu\u00e9 quieres? &#8211; casi le increp\u00f3 el desastrado domador.<\/p>\n<p>&#8211; Me gustar\u00eda saber cu\u00e1l es el truco para convertirse en domador. \u00a1Me gustar\u00eda mucho convertirme en domadora de hormigas!<\/p>\n<p>El domador mir\u00f3 a Carmen de arriba a abajo durante unos segundos. Luego se ech\u00f3 a re\u00edr.<\/p>\n<p>&#8211; No se puede domar hormigas, ni\u00f1a. No seas rid\u00edcula -se burl\u00f3 el hombre &#8211; Ni siquiera un experimentado domador como yo ser\u00eda capaz de algo semejante. \u00bfEs que no sabes que la hormiga es uno de los seres m\u00e1s tontos del planeta?<\/p>\n<p>Carmen estaba muy enfadada. \u00a1Ese domador era un rid\u00edculo fanfarr\u00f3n! As\u00ed que no dej\u00f3 que sus palabras la empujaran al des\u00e1nimo y continu\u00f3 intentando, sin descanso, domar a las hormigas.<\/p>\n<p>Pero una tarde, Carmen se rindi\u00f3. Lo dio por imposible. Las hormigas eran, ciertamente, indomables.<\/p>\n<p>&#8211; \u00a1Me rindo! -solloz\u00f3 la peque\u00f1a.<\/p>\n<p>En ese momento, se fij\u00f3 en un extra\u00f1o anciano que hab\u00eda junto a ella. \u00a1Era como si hubiera aparecido de la nada! Llevaba un traje de domador muy desgastado. Parec\u00eda muy antiguo.<\/p>\n<p>&#8211; \u00a1Nunca te rindas, Carmen! -le aconsej\u00f3 el anciano con tono afable.<\/p>\n<p>El hombre se agach\u00f3 y extendi\u00f3 su mano hacia el hormiguero. Entonces ocurri\u00f3 algo maravilloso. Primero fue una hormiga la que subi\u00f3 a su mano y entonces todas las dem\u00e1s hicieron lo mismo. Al cabo de unos segundos, un r\u00edo de hormigas, muchas m\u00e1s de las que Carmen hab\u00eda visto jam\u00e1s juntas, trepaban hasta la mano izquierda del viejo domador. Entonces el extra\u00f1o se\u00f1or comenz\u00f3 a mover el dedo \u00edndice de su mano izquierda como si se tratara de una batuta. Las hormigas comenzaron a agruparse, a dispersarse, a trepar unas encima de otras. Con cada orden que el viejo domador les daba, constru\u00edan con sus cuerpos una figura tridimensional en el aire. \u00a1Parec\u00edan esculturas!<\/p>\n<p>&#8211; \u00a1Guaaaaau! \u00bfC\u00f3mo lo ha hecho? &#8211; exclam\u00f3 Carmen, sin poder creer lo que ve\u00edan sus ojos.<\/p>\n<p>Entonces el viejo domador le cont\u00f3 su secreto.<\/p>\n<p>Una sola hormiga \u00fanicamente es capaz de entender un trocito muy peque\u00f1o de su realidad y s\u00f3lo puede hacerlo si est\u00e1 delante de sus narices, porque su cerebro es muy limitado. \u00a1Pero muchas hormigas juntas son otra cosa! En grupo, las hormigas funcionan como las neuronas de nuestro cerebro. Cada una de ellas traspasa un poquito de informaci\u00f3n a las dem\u00e1s y es as\u00ed como ocurre la magia!<\/p>\n<p>Mientras dec\u00eda esto, la columna de hormigas continuaba esculpiendo bonitas figuras en el aire: corazones, estrellas, p\u00e1jaros\u2026.<\/p>\n<p>&#8211; \u00a1F\u00edjate bien! Ahora dar\u00e9 una orden a una de ellas, y ver\u00e1s c\u00f3mo las dem\u00e1s se van avisando unas a otras para seguir su ejemplo -explic\u00f3.<\/p>\n<p>El domador misterioso toc\u00f3 a una de las hormigas con su dedo me\u00f1ique. \u00a1En mismo instante la columna de hormigas empez\u00f3 a agitarse intensamente antes de deshacerse y volver a convertirse en un r\u00edo de hormigas que regresaban a su hormiguero. Una vez que la \u00faltima de ellas se hubo ocultado, el hombre se desvaneci\u00f3 como lo har\u00eda un fantasma.<\/p>\n<p>Tan solo dos meses despu\u00e9s, tras aplicar con esfuerzo y tes\u00f3n las ense\u00f1anzas del viejo domador, Carmen se hab\u00eda convertido en la mejor domadora de hormigas del Mundo. Mejor dicho: \u00a1En la \u00fanica domadora de hormigas del mundo!<\/p>\n<p>Y, por fin, hab\u00eda llegado el gran momento. \u00a1Era el d\u00eda de su debut art\u00edstico en una concurrida plaza de la capital!<\/p>\n<p>Carmen hab\u00eda preparado una enorme pancarta donde anunciaba el espect\u00e1culo. Vest\u00eda una chaqueta de domador de color rojo. A su alrededor hab\u00eda peque\u00f1os aros, banquetitas en miniatura, min\u00fasculos conos de colores. Incluso la acompa\u00f1aba su mejor amigo como presentador. Incluso la acompa\u00f1aba su pap\u00e1, Perico, como presentador.<\/p>\n<p>La gente que pasaba por delante esbozaba una sonrisa. \u00bfUn circo de hormigas? Pensaban que se trataba \u00fanicamente de un juego por parte de una ni\u00f1a con mucha imaginaci\u00f3n. A\u00fan as\u00ed, varias personas comenzaron a arremolinarse en torno al improvisado escenario callejero.<\/p>\n<p>Y el espect\u00e1culo comenz\u00f3.<\/p>\n<p>&#8211; \u00a1Bienvenidos se\u00f1oras y se\u00f1ores, ni\u00f1os y ni\u00f1as al Gran Circo de las Hormigas! &#8211; anunci\u00f3 su pap\u00e1 con entusiasmo.<\/p>\n<p>Entonces Carmen comenz\u00f3 a mover su dedo y, como si se tratara de una varita m\u00e1gica, una hormiga apareci\u00f3. Y luego otra, y otra\u2026 y otra, y otra, y otra\u2026 \u00a1y otra m\u00e1s! A los pocos segundos, miles de hormigas funcionaban a las \u00f3rdenes de Carmen. Saltaban por los peque\u00f1os aros, bien de una en una o en aut\u00e9nticas riadas. Se encaramaban a las banquetas haciendo castellets. Esculp\u00edan diferentes formas dependiendo del color del conito al que se treparan. \u00a1Incluso adquirieron forma humana para hacer equilibrios sobre una gran pelota amarilla! La gente estaba entusiasmada. Sus exclamaciones pod\u00edan escucharse a\u00fan por encima de la m\u00fasica. En el gran n\u00famero final, todas las hormigas se agruparon formando una hormiga gigante tridimensional que se alej\u00f3 caminando hasta desmoronarse encima del hormiguero.<\/p>\n<p>La ovaci\u00f3n fue sensacional. Ensordecedora. La gente aplaud\u00eda, silbaba, daba gritos de admiraci\u00f3n.\u00a0Carmen estaba muy emocionada por haber cumplido su sue\u00f1o.<br \/>\nLos ojos se le llenaron de l\u00e1grimas de alegr\u00eda y emoci\u00f3n. Pero eso no le impidi\u00f3 ver, entre el gent\u00edo, al viejo domador, quien aplaud\u00eda junto con los dem\u00e1s mientras asent\u00eda con la cabeza en se\u00f1al de aprobaci\u00f3n. \u201c\u00a1Nunca te rindas, Carmen!\u201d dec\u00eda su mirada.<\/p>\n<h2>Curiosidades sobre las hormigas<\/h2>\n<p><span style=\"font-weight: 400;\">Las hormigas son uno de los insectos m\u00e1s desarrollados. Viven en colonias con alto grado de organizaci\u00f3n social. Al igual que pasa con las abejas, en cada hormiguero hay una hormiga reina, varios machos y muchas hormigas obreras. Cada hormiga nace con una profesi\u00f3n asignada. \u00a1As\u00ed que nunca le preguntes a una hormiga qu\u00e9 quiere ser de mayor!<\/span><\/p>\n<p><span style=\"font-weight: 400;\">El cerebro de una hormiga es muy peque\u00f1o y tiene poqu\u00edsimas neuronas. Es su organizaci\u00f3n social lo que las convierte en un superorganismo. \u00a1Es decir, cada una funciona como una neurona y todas juntas son como un supercerebro!\u00a0<\/span><\/p>\n<p><span style=\"font-weight: 400;\">Las hormigas evolucionaron de un antepasado parecido a las avispas. Llevan en la Tierra m\u00e1s de 130 millones de a\u00f1os. \u00a1Hay tantas hormigas en el mundo que, si las pusi\u00e9ramos todas juntas, ocupar\u00edan mucho m\u00e1s que todos los seres humanos juntos!<\/span><\/p>\n<p><span style=\"font-weight: 400;\">Las hormigas tienen un incre\u00edble superpoder. \u00a1Pueden levantar 50 veces su propio peso! Si fueras tan fuerte como una hormiga podr\u00edas coger en brazos una jirafa. Algunas especies de hormigas trabajan como pastoras. \u00a1Tienen reba\u00f1os de pulgones e incluso hacen algo parecido a orde\u00f1arlos!<\/span><\/p>\n<p><span style=\"font-weight: 400;\">\u00a1Ah! Y tambi\u00e9n pueden convertirse en zombies: esto ocurre cuando un par\u00e1sito las infecta y se apodera de los movimientos de su cuerpo.<\/span><\/p>\n<p><span style=\"font-weight: 400;\">Las hormigas no trabajan en los circos. En los espect\u00e1culos circenses solo se pueden encontrar mam\u00edferos. \u00a1Pero cada vez menos!\u00a0<\/span><\/p>\n<p><span style=\"font-weight: 400;\">Desde hace algunos a\u00f1os, en muchos pa\u00edses est\u00e1n prohibidos los circos con animales. Esto es as\u00ed porque el entrenamiento al que los someten los domadores es muy cruel. \u00bfImaginas lo dif\u00edcil que es lograr que un oso baile sobre una pelota, un le\u00f3n cruce aros de fuego o un elefante se sostenga sobre dos patas? Esto se consigue mediante castigos terribles que asustan a los pobres animales y anulan su voluntad. \u00a1Donde mejor est\u00e1n los animales es en el campo, haciendo cosas de animales!\u00a0<\/span><\/p>\n<h2>Cuento del circo con valores y muchas propuestas m\u00e1s<\/h2>\n<p>Este cuento sobre el circo va mucho m\u00e1s all\u00e1 de las cl\u00e1sicas historias circenses, porque ense\u00f1a a los m\u00e1s peque\u00f1os c\u00f3mo <strong>la tenacidad y el esfuerzo es la \u00fanica v\u00eda que conduce a alcanzar los sue\u00f1os.<\/strong> La domadora de hormigas invita a no rendirse, a no desfallecer, abandonar, o dejarse arrastrar por las palabras de aquellas personas que no creen en nosotros. \u00a1Es una bonita historia llena de valores que no olvidar\u00e1!<\/p>\n<p>Pero no es la \u00fanica. En Mumablue hemos escrito muchos otros <span style=\"color: #3366ff;\"><a style=\"color: #3366ff;\" href=\"https:\/\/www.mumablue.com\/blog\/cuentos-con-valores-para-ninos-leer-gratis\/\">cuentos infantiles con valores<\/a><\/span>, adem\u00e1s de historias de aventuras, de fantas\u00eda o terror\u00edficamente divertidas. Puedes encontrarlas todas en nuestra p\u00e1gina de <span style=\"color: #3366ff;\"><a style=\"color: #3366ff;\" href=\"https:\/\/www.mumablue.com\/blog\/cuentos-infantiles-para-leer-cortos-gratis\/\">cuentos cortos y divertidos<\/a><\/span> para leer a los ni\u00f1os. \u00a1Si tu peque adora la poes\u00eda, te invitamos a descubrir <strong>un sinf\u00edn de poemas que le arrancar\u00edan una sonrisa a la mism\u00edsima Gloria Fuertes<\/strong>. \u00a1No te quedes en este cuento del circo y descubre todo el alcance de la magia de Mumablue!<\/p>\n<p>\u00a1Ah! <strong>Y todos ellos traen como extra su propio audiocuento totalmente gratis<\/strong>, para que inicies a tu peque en la cultura de la escucha y se mantenga m\u00e1s tiempo alejado de las pantallas. \u00a1Nada hay m\u00e1s evocador que el sonido!<\/p>\n<p>Imagen CC 2.0: <a href=\"https:\/\/www.freepik.es\/vector-gratis\/circo-arena-escenario-redondo-clasico-ilustracion-cupula-tienda_6690899.htm#query=circo&amp;position=0&amp;from_view=author\" target=\"_blank\" rel=\"noopener\">Circo<\/a>;\u00a0<a href=\"https:\/\/www.freepik.es\/vector-gratis\/personajes-disfrazados-carnaval_3624837.htm#query=domadora&amp;position=24&amp;from_view=search&amp;track=sph\" target=\"_blank\" rel=\"noopener\">Domadora<\/a>;\u00a0<a href=\"https:\/\/www.freepik.es\/vector-gratis\/escena-subterranea-hormigas-tocando-musica_8582855.htm#query=hormigas&amp;position=3&amp;from_view=search&amp;track=sph\" target=\"_blank\" rel=\"noopener\">Hormigas<\/a><\/p>\n<div style='text-align:left' class='yasr-auto-insert-visitor'><\/div>","protected":false},"excerpt":{"rendered":"<p>\u00a1No me digas m\u00e1s! Tu peque te ha pedido un cuento del circo y por eso has llegado hasta aqu\u00ed. \u00a1Eso son grandes noticias! Para nosotros, porque as\u00ed tenemos el placer de saludarte; y para vosotros, porque hab\u00e9is llegado a una p\u00e1gina m\u00e1gica que contiene un cuento sobre circo basado en valores y que ense\u00f1a [&hellip;]<\/p>\n","protected":false},"author":6,"featured_media":0,"parent":0,"menu_order":0,"comment_status":"closed","ping_status":"closed","template":"","meta":{"yasr_overall_rating":0,"yasr_post_is_review":"","yasr_auto_insert_disabled":"","yasr_review_type":""},"yasr_visitor_votes":{"number_of_votes":83,"sum_votes":371,"stars_attributes":{"read_only":false,"span_bottom":false}},"yoast_head":"<!-- This site is optimized with the Yoast SEO plugin v14.5 - https:\/\/yoast.com\/wordpress\/plugins\/seo\/ -->\n<meta name=\"description\" content=\"&quot;La domadora de hormigas&quot; no es solo un cuento del circo: es una historia en la que los ni\u00f1os aprender\u00e1n a luchar por sus sue\u00f1os y no rendirse. \u00a1Es gratis!\" \/>\n<meta name=\"robots\" content=\"index, follow\" \/>\n<meta name=\"googlebot\" content=\"index, follow, max-snippet:-1, max-image-preview:large, max-video-preview:-1\" \/>\n<meta name=\"bingbot\" content=\"index, follow, max-snippet:-1, max-image-preview:large, max-video-preview:-1\" \/>\n<link rel=\"canonical\" href=\"https:\/\/www.mumablue.com\/blog\/cuento-del-circo-para-ninos-audiocuento-gratis\/\" \/>\n<meta property=\"og:locale\" content=\"es_ES\" \/>\n<meta property=\"og:type\" content=\"article\" \/>\n<meta property=\"og:title\" content=\"Cuento del circo para ni\u00f1os + audiocuento gratis - Blog Mumablue\" \/>\n<meta property=\"og:description\" content=\"&quot;La domadora de hormigas&quot; no es solo un cuento del circo: es una historia en la que los ni\u00f1os aprender\u00e1n a luchar por sus sue\u00f1os y no rendirse. \u00a1Es gratis!\" \/>\n<meta property=\"og:url\" content=\"https:\/\/www.mumablue.com\/blog\/cuento-del-circo-para-ninos-audiocuento-gratis\/\" \/>\n<meta property=\"og:site_name\" content=\"Blog Mumablue\" \/>\n<meta property=\"article:publisher\" content=\"https:\/\/www.facebook.com\/mumablue\/\" \/>\n<meta property=\"article:modified_time\" content=\"2025-06-02T13:12:08+00:00\" \/>\n<meta property=\"og:image\" content=\"https:\/\/www.mumablue.com\/blog\/wp-content\/uploads\/2021\/09\/La-domadora-de-hormigas_500.jpg\" \/>\n<meta name=\"twitter:card\" content=\"summary_large_image\" \/>\n<script type=\"application\/ld+json\" class=\"yoast-schema-graph\">{\"@context\":\"https:\/\/schema.org\",\"@graph\":[{\"@type\":\"Organization\",\"@id\":\"https:\/\/www.mumablue.com\/blog\/#organization\",\"name\":\"Mumablue\",\"url\":\"https:\/\/www.mumablue.com\/blog\/\",\"sameAs\":[\"https:\/\/www.facebook.com\/mumablue\/\",\"https:\/\/www.instagram.com\/mumablue\/?hl=es\"],\"logo\":{\"@type\":\"ImageObject\",\"@id\":\"https:\/\/www.mumablue.com\/blog\/#logo\",\"inLanguage\":\"es\",\"url\":\"https:\/\/www.mumablue.com\/blog\/wp-content\/uploads\/2020\/05\/Blog-Mumablue.png\",\"width\":749,\"height\":269,\"caption\":\"Mumablue\"},\"image\":{\"@id\":\"https:\/\/www.mumablue.com\/blog\/#logo\"}},{\"@type\":\"WebSite\",\"@id\":\"https:\/\/www.mumablue.com\/blog\/#website\",\"url\":\"https:\/\/www.mumablue.com\/blog\/\",\"name\":\"Blog Mumablue\",\"description\":\"Un blog de cuentos y audiocuentos gratis para ni\\u00f1os.\",\"publisher\":{\"@id\":\"https:\/\/www.mumablue.com\/blog\/#organization\"},\"potentialAction\":[{\"@type\":\"SearchAction\",\"target\":\"https:\/\/www.mumablue.com\/blog\/?s={search_term_string}\",\"query-input\":\"required name=search_term_string\"}],\"inLanguage\":\"es\"},{\"@type\":\"ImageObject\",\"@id\":\"https:\/\/www.mumablue.com\/blog\/cuento-del-circo-para-ninos-audiocuento-gratis\/#primaryimage\",\"inLanguage\":\"es\",\"url\":\"https:\/\/www.mumablue.com\/blog\/wp-content\/uploads\/2021\/09\/La-domadora-de-hormigas_500.jpg\",\"width\":500,\"height\":500,\"caption\":\"Cuento del circo\"},{\"@type\":\"WebPage\",\"@id\":\"https:\/\/www.mumablue.com\/blog\/cuento-del-circo-para-ninos-audiocuento-gratis\/#webpage\",\"url\":\"https:\/\/www.mumablue.com\/blog\/cuento-del-circo-para-ninos-audiocuento-gratis\/\",\"name\":\"Cuento del circo para ni\\u00f1os + audiocuento gratis - Blog Mumablue\",\"isPartOf\":{\"@id\":\"https:\/\/www.mumablue.com\/blog\/#website\"},\"primaryImageOfPage\":{\"@id\":\"https:\/\/www.mumablue.com\/blog\/cuento-del-circo-para-ninos-audiocuento-gratis\/#primaryimage\"},\"datePublished\":\"2021-09-21T15:11:51+00:00\",\"dateModified\":\"2025-06-02T13:12:08+00:00\",\"description\":\"\\\"La domadora de hormigas\\\" no es solo un cuento del circo: es una historia en la que los ni\\u00f1os aprender\\u00e1n a luchar por sus sue\\u00f1os y no rendirse. \\u00a1Es gratis!\",\"inLanguage\":\"es\",\"potentialAction\":[{\"@type\":\"ReadAction\",\"target\":[\"https:\/\/www.mumablue.com\/blog\/cuento-del-circo-para-ninos-audiocuento-gratis\/\"]}]}]}<\/script>\n<!-- \/ Yoast SEO plugin. -->","_links":{"self":[{"href":"https:\/\/www.mumablue.com\/blog\/wp-json\/wp\/v2\/pages\/4886"}],"collection":[{"href":"https:\/\/www.mumablue.com\/blog\/wp-json\/wp\/v2\/pages"}],"about":[{"href":"https:\/\/www.mumablue.com\/blog\/wp-json\/wp\/v2\/types\/page"}],"author":[{"embeddable":true,"href":"https:\/\/www.mumablue.com\/blog\/wp-json\/wp\/v2\/users\/6"}],"replies":[{"embeddable":true,"href":"https:\/\/www.mumablue.com\/blog\/wp-json\/wp\/v2\/comments?post=4886"}],"version-history":[{"count":6,"href":"https:\/\/www.mumablue.com\/blog\/wp-json\/wp\/v2\/pages\/4886\/revisions"}],"predecessor-version":[{"id":7595,"href":"https:\/\/www.mumablue.com\/blog\/wp-json\/wp\/v2\/pages\/4886\/revisions\/7595"}],"wp:attachment":[{"href":"https:\/\/www.mumablue.com\/blog\/wp-json\/wp\/v2\/media?parent=4886"}],"curies":[{"name":"wp","href":"https:\/\/api.w.org\/{rel}","templated":true}]}}