{"id":4188,"date":"2021-06-23T10:08:40","date_gmt":"2021-06-23T10:08:40","guid":{"rendered":"https:\/\/mumablue.com\/blog\/?page_id=4188"},"modified":"2025-06-02T13:04:57","modified_gmt":"2025-06-02T13:04:57","slug":"poema-para-ninos-de-primaria-con-rima-valores","status":"publish","type":"page","link":"https:\/\/www.mumablue.com\/blog\/poema-para-ninos-de-primaria-con-rima-valores\/","title":{"rendered":"Poema para ni\u00f1os de primaria con rima y con valores"},"content":{"rendered":"<p><a href=\"https:\/\/www.mumablue.com\/blog\/wp-content\/uploads\/2021\/05\/Qu\u00e9-quiero-ser-de-mayor_.jpg\"><img decoding=\"async\" loading=\"lazy\" class=\"alignnone size-full wp-image-4000\" src=\"https:\/\/www.mumablue.com\/blog\/wp-content\/uploads\/2021\/05\/Qu\u00e9-quiero-ser-de-mayor_.jpg\" alt=\"Poema para ni\u00f1os de primaria con rima \" width=\"500\" height=\"500\" srcset=\"https:\/\/www.mumablue.com\/blog\/wp-content\/uploads\/2021\/05\/Qu\u00e9-quiero-ser-de-mayor_.jpg 500w, https:\/\/www.mumablue.com\/blog\/wp-content\/uploads\/2021\/05\/Qu\u00e9-quiero-ser-de-mayor_-300x300.jpg 300w, https:\/\/www.mumablue.com\/blog\/wp-content\/uploads\/2021\/05\/Qu\u00e9-quiero-ser-de-mayor_-150x150.jpg 150w\" sizes=\"(max-width: 500px) 100vw, 500px\" \/><\/a><\/p>\n<p>Si est\u00e1s buscando un poema para ni\u00f1os de primaria con rima, echa un vistazo a \u00abQu\u00e9 quiero ser de mayor\u00bb, <strong>una poes\u00eda sencilla que ense\u00f1a valores como la libertad, la bondad o la generosidad<\/strong>, con un lenguaje claro, adaptado a los ni\u00f1os que cursan primaria, que resultar\u00e1 de gran utilidad tanto para los padres como para los maestros. <strong>\u00a1Muchos profes usan ya contenidos Mumablue en sus clases!<\/strong><\/p>\n<p>El tema elegido responde a esa aspiraci\u00f3n natural que surge en los ni\u00f1os en torno a los 5 o 6 a\u00f1os, cuando comienzan a plantearse de forma l\u00fadica a qu\u00e9 se quieren dedicar cuando sean mayores. En este poema para ni\u00f1os de primaria con rima, la voz protagonista <strong>no quiere ser bombero, m\u00e9dico, maestro o astronauta: quiere ser libre y buena persona<\/strong>. Quiere no dejar de ser ni\u00f1o.<\/p>\n<h2 style=\"text-align: center;\">Qu\u00e9 quiero ser de mayor<\/h2>\n<p style=\"text-align: center;\">Yo cuando sea mayor<br \/>\nno quiero ser cualquier cosa,<br \/>\nquiero ser libre, atrevido,<br \/>\nbrillar cual piedra preciosa.<\/p>\n<p style=\"text-align: center;\">\u00bfQu\u00e9 quiero ser de mayor,<br \/>\nme preguntas? Yo te cuento:<\/p>\n<p style=\"text-align: center;\">Quiero ser caballo negro<br \/>\ny galopar por la pradera.<br \/>\nLas blancas velas de un barco<br \/>\nque me lleve a donde quiera.<\/p>\n<p style=\"text-align: center;\">Quiero ser viento rebelde<br \/>\nque sacude la arboleda.<br \/>\nAliarme con los d\u00e9biles,<br \/>\nser la persona m\u00e1s buena.<\/p>\n<p style=\"text-align: center;\">Quiero ser pulso y latido<br \/>\ndel coraz\u00f3n de la Tierra,<br \/>\ninmenso cielo estrellado<br \/>\nen noches de luna nueva.<\/p>\n<p style=\"text-align: center;\">Qu\u00e9 quiero ser de mayor,<br \/>\nme preguntas con cautela.<\/p>\n<p style=\"text-align: center;\">Quiero ser como un verano<br \/>\ndonde el tiempo no se fuera,<br \/>\nagua de lluvia de anta\u00f1o<br \/>\ngoteando en una cueva.<\/p>\n<p style=\"text-align: center;\">Quiero repartir sonrisas<br \/>\ncomo un mago sin chistera.<br \/>\nSer la mano cari\u00f1osa<br \/>\nque se le tiende a cualquiera.<\/p>\n<p style=\"text-align: center;\">Quiero ser el chocolate<br \/>\nque cure todas las penas,<br \/>\nel tremendo disparate<br \/>\nde dar aunque nada tenga.<\/p>\n<p style=\"text-align: center;\">Yo cuando sea mayor<br \/>\nno quiero ser cualquier cosa&#8230;<br \/>\n\u00a1Quisiera ser siempre un ni\u00f1o,<br \/>\nvivir una vida hermosa!<\/p>\n<h2>Poema infantil para escuchar<\/h2>\n<p>\u00bfTe ha gustado el poema \u00abQu\u00e9 quiero ser de mayor\u00bb? Quiz\u00e1 tu peque se lo quiera aprender de memoria. Para hacerlo m\u00e1s f\u00e1cil, si este es el caso, <strong>te dejamos la versi\u00f3n del poema recitado, en audio, aderezado con evocadores efectos<\/strong>. \u00a1No podr\u00e1 parar de escucharlo!<\/p>\n<h6><script src=\"https:\/\/www.buzzsprout.com\/937792\/8519456-que-quiero-ser-de-mayor.js?container_id=buzzsprout-player-8519456&#038;player=small\" type=\"text\/javascript\" charset=\"utf-8\"><\/script> M\u00fasica CC0: <span style=\"color: #3366ff;\"><a style=\"color: #3366ff;\" href=\"https:\/\/freepd.com\/romantic.php\" target=\"_blank\" rel=\"noopener noreferrer\">Romantic Inspiration<\/a><\/span>, por Rafael Krux<\/h6>\n<h2>Poema para ni\u00f1os de primaria con rima, en primera persona<\/h2>\n<p>Este poema para ni\u00f1os de primaria con rima no s\u00f3lo despertar\u00e1 en los m\u00e1s peques el inter\u00e9s por la poes\u00eda al tratar un tema que les resulta tan cercano, sino que les ense\u00f1ar\u00e1 importantes <strong>valores que podr\u00e1n integrar m\u00e1s f\u00e1cilmente al estar narrado en primera persona<\/strong>. As\u00ed, cuando el ni\u00f1o se aprende el poema y lo recita, participa de la idea principal: lo mejor que uno puede ser de mayor es una buena persona.<\/p>\n<p>En \u00abQu\u00e9 quiero ser de mayor\u00bb, adem\u00e1s, se pone de manifiesto que valores como<strong> la bondad, la libertad o la generosidad son cualidades inherentes a la infancia<\/strong>, por lo que el reto no es lograr adquirir esos valores al crecer: el reto real es no perderlos, no dejar de ser ni\u00f1o a lo largo de toda nuestra vida.<\/p>\n<p>Si te ha gustado este poema para ni\u00f1os de primaria con rima, te invitamos a descubrir muchos otros <span style=\"color: #3366ff;\"><a style=\"color: #3366ff;\" href=\"https:\/\/www.mumablue.com\/blog\/poesias-para-ninos-cortas\/\">poemas para ni\u00f1os gratis<\/a><\/span> y con valores. Adem\u00e1s, en Mumablue ofrecemos <span style=\"color: #3366ff;\"><a style=\"color: #3366ff;\" href=\"https:\/\/www.mumablue.com\/blog\/cuentos-infantiles-para-leer-cortos-gratis\/\">cuentos infantiles para leer online<\/a><\/span> de diversa naturaleza e \u00edndole, algunos de ellos educativos, como pueden ser las versiones de los <strong>mitos cl\u00e1sicos adaptados al p\u00fablico infantil o biograf\u00edas para ni\u00f1os de grandes personajes hist\u00f3ricos<\/strong>, como Cleopatra o Marie Curie. \u00a1Y lo mejor es que todos y <strong>cada uno de nuestros cuentos o poemas vienen con su correspondiente audiocuento gratis<\/strong>!<\/p>\n<p>\u00bfQuieres ir un paso m\u00e1s all\u00e1? Descubre los cuentos personalizados <span style=\"color: #3366ff;\"><a style=\"color: #3366ff;\" href=\"https:\/\/www.mumablue.com\/?utm_source=blog&amp;utm_medium=link&amp;utm_campaign=p\u00e1ginas-audiocuentos&amp;utm_content=poema-ninos-primaria\">Mumablue<\/a><\/span>, <strong>cuentos impresos a todo color en los que cada ni\u00f1o es el protagonista absoluto de la historia<\/strong>, con su nombre y un avatar que le representa con sus rasgos f\u00edsicos. \u00a1Sin duda un regalo m\u00e1gico que despertar\u00e1 en ellos el amor por la lectura! <strong>La mejor herramienta para que comiencen a leer solos mientras aprenden valores<\/strong> al identificarse con el protagonista principal. \u00a1Elige uno de nuestros cuentos personalizados cuando tengas que hacer un regalo educativo y original!<\/p>\n<div style='text-align:left' class='yasr-auto-insert-visitor'><\/div>","protected":false},"excerpt":{"rendered":"<p>Si est\u00e1s buscando un poema para ni\u00f1os de primaria con rima, echa un vistazo a \u00abQu\u00e9 quiero ser de mayor\u00bb, una poes\u00eda sencilla que ense\u00f1a valores como la libertad, la bondad o la generosidad, con un lenguaje claro, adaptado a los ni\u00f1os que cursan primaria, que resultar\u00e1 de gran utilidad tanto para los padres como [&hellip;]<\/p>\n","protected":false},"author":6,"featured_media":0,"parent":0,"menu_order":0,"comment_status":"closed","ping_status":"closed","template":"","meta":{"yasr_overall_rating":0,"yasr_post_is_review":"","yasr_auto_insert_disabled":"","yasr_review_type":""},"yasr_visitor_votes":{"number_of_votes":26,"sum_votes":99,"stars_attributes":{"read_only":false,"span_bottom":false}},"yoast_head":"<!-- This site is optimized with the Yoast SEO plugin v14.5 - https:\/\/yoast.com\/wordpress\/plugins\/seo\/ -->\n<meta name=\"description\" content=\"&quot;Qu\u00e9 quiero ser de mayor&quot;, un poema para ni\u00f1os de primaria con rima ideal para profesores o padres que desean educar en valores y en el arte de la l\u00edrica.\" \/>\n<meta name=\"robots\" content=\"index, follow\" \/>\n<meta name=\"googlebot\" content=\"index, follow, max-snippet:-1, max-image-preview:large, max-video-preview:-1\" \/>\n<meta name=\"bingbot\" content=\"index, follow, max-snippet:-1, max-image-preview:large, max-video-preview:-1\" \/>\n<link rel=\"canonical\" href=\"https:\/\/www.mumablue.com\/blog\/poema-para-ninos-de-primaria-con-rima-valores\/\" \/>\n<meta property=\"og:locale\" content=\"es_ES\" \/>\n<meta property=\"og:type\" content=\"article\" \/>\n<meta property=\"og:title\" content=\"Poema para ni\u00f1os de primaria con rima y con valores - Blog Mumablue\" \/>\n<meta property=\"og:description\" content=\"&quot;Qu\u00e9 quiero ser de mayor&quot;, un poema para ni\u00f1os de primaria con rima ideal para profesores o padres que desean educar en valores y en el arte de la l\u00edrica.\" \/>\n<meta property=\"og:url\" content=\"https:\/\/www.mumablue.com\/blog\/poema-para-ninos-de-primaria-con-rima-valores\/\" \/>\n<meta property=\"og:site_name\" content=\"Blog Mumablue\" \/>\n<meta property=\"article:publisher\" content=\"https:\/\/www.facebook.com\/mumablue\/\" \/>\n<meta property=\"article:modified_time\" content=\"2025-06-02T13:04:57+00:00\" \/>\n<meta property=\"og:image\" content=\"https:\/\/www.mumablue.com\/blog\/wp-content\/uploads\/2021\/05\/Qu\u00e9-quiero-ser-de-mayor_.jpg\" \/>\n<meta name=\"twitter:card\" content=\"summary_large_image\" \/>\n<script type=\"application\/ld+json\" class=\"yoast-schema-graph\">{\"@context\":\"https:\/\/schema.org\",\"@graph\":[{\"@type\":\"Organization\",\"@id\":\"https:\/\/www.mumablue.com\/blog\/#organization\",\"name\":\"Mumablue\",\"url\":\"https:\/\/www.mumablue.com\/blog\/\",\"sameAs\":[\"https:\/\/www.facebook.com\/mumablue\/\",\"https:\/\/www.instagram.com\/mumablue\/?hl=es\"],\"logo\":{\"@type\":\"ImageObject\",\"@id\":\"https:\/\/www.mumablue.com\/blog\/#logo\",\"inLanguage\":\"es\",\"url\":\"https:\/\/www.mumablue.com\/blog\/wp-content\/uploads\/2020\/05\/Blog-Mumablue.png\",\"width\":749,\"height\":269,\"caption\":\"Mumablue\"},\"image\":{\"@id\":\"https:\/\/www.mumablue.com\/blog\/#logo\"}},{\"@type\":\"WebSite\",\"@id\":\"https:\/\/www.mumablue.com\/blog\/#website\",\"url\":\"https:\/\/www.mumablue.com\/blog\/\",\"name\":\"Blog Mumablue\",\"description\":\"Un blog de cuentos y audiocuentos gratis para ni\\u00f1os.\",\"publisher\":{\"@id\":\"https:\/\/www.mumablue.com\/blog\/#organization\"},\"potentialAction\":[{\"@type\":\"SearchAction\",\"target\":\"https:\/\/www.mumablue.com\/blog\/?s={search_term_string}\",\"query-input\":\"required name=search_term_string\"}],\"inLanguage\":\"es\"},{\"@type\":\"ImageObject\",\"@id\":\"https:\/\/www.mumablue.com\/blog\/poema-para-ninos-de-primaria-con-rima-valores\/#primaryimage\",\"inLanguage\":\"es\",\"url\":\"https:\/\/www.mumablue.com\/blog\/wp-content\/uploads\/2021\/05\/Qu\\u00e9-quiero-ser-de-mayor_.jpg\",\"width\":500,\"height\":500,\"caption\":\"Poema para ni\\u00f1os de primaria con rima\"},{\"@type\":\"WebPage\",\"@id\":\"https:\/\/www.mumablue.com\/blog\/poema-para-ninos-de-primaria-con-rima-valores\/#webpage\",\"url\":\"https:\/\/www.mumablue.com\/blog\/poema-para-ninos-de-primaria-con-rima-valores\/\",\"name\":\"Poema para ni\\u00f1os de primaria con rima y con valores - Blog Mumablue\",\"isPartOf\":{\"@id\":\"https:\/\/www.mumablue.com\/blog\/#website\"},\"primaryImageOfPage\":{\"@id\":\"https:\/\/www.mumablue.com\/blog\/poema-para-ninos-de-primaria-con-rima-valores\/#primaryimage\"},\"datePublished\":\"2021-06-23T10:08:40+00:00\",\"dateModified\":\"2025-06-02T13:04:57+00:00\",\"description\":\"\\\"Qu\\u00e9 quiero ser de mayor\\\", un poema para ni\\u00f1os de primaria con rima ideal para profesores o padres que desean educar en valores y en el arte de la l\\u00edrica.\",\"inLanguage\":\"es\",\"potentialAction\":[{\"@type\":\"ReadAction\",\"target\":[\"https:\/\/www.mumablue.com\/blog\/poema-para-ninos-de-primaria-con-rima-valores\/\"]}]}]}<\/script>\n<!-- \/ Yoast SEO plugin. -->","_links":{"self":[{"href":"https:\/\/www.mumablue.com\/blog\/wp-json\/wp\/v2\/pages\/4188"}],"collection":[{"href":"https:\/\/www.mumablue.com\/blog\/wp-json\/wp\/v2\/pages"}],"about":[{"href":"https:\/\/www.mumablue.com\/blog\/wp-json\/wp\/v2\/types\/page"}],"author":[{"embeddable":true,"href":"https:\/\/www.mumablue.com\/blog\/wp-json\/wp\/v2\/users\/6"}],"replies":[{"embeddable":true,"href":"https:\/\/www.mumablue.com\/blog\/wp-json\/wp\/v2\/comments?post=4188"}],"version-history":[{"count":4,"href":"https:\/\/www.mumablue.com\/blog\/wp-json\/wp\/v2\/pages\/4188\/revisions"}],"predecessor-version":[{"id":7590,"href":"https:\/\/www.mumablue.com\/blog\/wp-json\/wp\/v2\/pages\/4188\/revisions\/7590"}],"wp:attachment":[{"href":"https:\/\/www.mumablue.com\/blog\/wp-json\/wp\/v2\/media?parent=4188"}],"curies":[{"name":"wp","href":"https:\/\/api.w.org\/{rel}","templated":true}]}}