{"id":4106,"date":"2021-06-15T12:28:59","date_gmt":"2021-06-15T12:28:59","guid":{"rendered":"https:\/\/mumablue.com\/blog\/?page_id=4106"},"modified":"2025-06-03T08:43:49","modified_gmt":"2025-06-03T08:43:49","slug":"el-mito-de-medusa-para-ninos-gratis-audiocuento","status":"publish","type":"page","link":"https:\/\/www.mumablue.com\/blog\/el-mito-de-medusa-para-ninos-gratis-audiocuento\/","title":{"rendered":"El mito de Medusa para ni\u00f1os gratis + audiocuento"},"content":{"rendered":"<p><a href=\"https:\/\/www.mumablue.com\/blog\/wp-content\/uploads\/2021\/06\/El-mito-de-Medusa_.jpg\"><img decoding=\"async\" loading=\"lazy\" class=\"alignnone size-full wp-image-4107\" src=\"https:\/\/www.mumablue.com\/blog\/wp-content\/uploads\/2021\/06\/El-mito-de-Medusa_.jpg\" alt=\"El mito de Medusa para ni\u00f1os\" width=\"500\" height=\"500\" srcset=\"https:\/\/www.mumablue.com\/blog\/wp-content\/uploads\/2021\/06\/El-mito-de-Medusa_.jpg 500w, https:\/\/www.mumablue.com\/blog\/wp-content\/uploads\/2021\/06\/El-mito-de-Medusa_-300x300.jpg 300w, https:\/\/www.mumablue.com\/blog\/wp-content\/uploads\/2021\/06\/El-mito-de-Medusa_-150x150.jpg 150w\" sizes=\"(max-width: 500px) 100vw, 500px\" \/><\/a><\/p>\n<p>El mito de Medusa para ni\u00f1os no es sencillo de contar. Como tantos otros relatos mitol\u00f3gicos, est\u00e1 cargado de pasajes o elementos poco amigables con la infancia. Sin embargo, en <a href=\"https:\/\/www.mumablue.com\/?utm_source=blog&amp;utm_medium=link&amp;utm_campaign=p\u00e1ginas-audiocuentos&amp;utm_content=mito-medusa\"><span style=\"color: #3366ff;\">Mumablue<\/span><\/a> <strong>hemos creado una versi\u00f3n adecuada a la infancia<\/strong>, para que tu peque pueda conocer el mito de la gorgona que convert\u00eda en piedra a todo el que la miraba, sin necesidad de explicitar las partes m\u00e1s violentas o de \u00edndole sexual, tan presentes en las historias del Olimpo.<\/p>\n<p>En este mito de Medusa para ni\u00f1os se habla de c\u00f3mo y por qu\u00e9 la diosa <strong>Atenea castig\u00f3 a la gorgona haci\u00e9ndole crecer serpientes en lugar de cabello<\/strong> y se relata a aventura de Perseo, a quien se le encomend\u00f3 la misi\u00f3n de cortarle la cabeza.<\/p>\n<h2>Audiocuento El Mito de Medusa<\/h2>\n<p>Si lo prefieres, este cuento de El Mito de Medusa para ni\u00f1os se lo contamos nosotros. Lo hemos grabado y montado con m\u00fasicas y efectos que transportar\u00e1n a tu peque al mism\u00edsimo Olimpo de los Dioses. Si prefieres leerlo directamente, busca el texto m\u00e1s abajo.<\/p>\n<h6><script src=\"https:\/\/www.buzzsprout.com\/937792\/8577679-el-mito-de-medusa.js?container_id=buzzsprout-player-8577679&amp;player=small\" type=\"text\/javascript\" charset=\"utf-8\"><\/script>M\u00fasicas Public Domain: <span style=\"color: #3366ff;\"><a style=\"color: #3366ff;\" href=\"https:\/\/www.youtube.com\/watch?v=wb7nGUxPex0&amp;list=PLzmgree8Fgt7F_XuBVpX1-kfqglG_Oa5i&amp;index=28\" target=\"_blank\" rel=\"noopener noreferrer\">G\u00f3tica<\/a><\/span> (TMSC); <span style=\"color: #3366ff;\"><a style=\"color: #3366ff;\" href=\"https:\/\/freepd.com\/misc.php\" target=\"_blank\" rel=\"noopener noreferrer\">The Crown<\/a><\/span>\u00a0y <span style=\"color: #3366ff;\"><a style=\"color: #3366ff;\" href=\"https:\/\/freepd.com\/scoring.php\">Find Them<\/a><\/span>, por Alexander Nakarada.<\/h6>\n<p>Mientras le lees el cuento con tu propia voz, puedes poner esta m\u00fasica de fondo <strong>para que tu peque disfrute de una experiencia envolvente.<\/strong><\/p>\n<p><iframe loading=\"lazy\" title=\"YouTube video player\" src=\"https:\/\/www.youtube.com\/embed\/wb7nGUxPex0\" width=\"600\" height=\"60\" frameborder=\"0\" allowfullscreen=\"allowfullscreen\"><span data-mce-type=\"bookmark\" style=\"display: inline-block; width: 0px; overflow: hidden; line-height: 0;\" class=\"mce_SELRES_start\">\ufeff<\/span><\/iframe><\/p>\n<h2>El mito de Medusa para ni\u00f1os<\/h2>\n<p>Medusa era una diosa de una belleza extraordinaria. Pero no era una diosa cualquiera: Medusa era un esp\u00edritu del inframundo, una diosa de los infiernos, una gorgona. Medusa ten\u00eda dos hermanas, Esteno y Eur\u00edale, que tambi\u00e9n eran gorgonas.<\/p>\n<p>De las tres hermanas, Medusa era la \u00fanica mortal. Para compensar, los dioses le hab\u00edan concedido un poder especial: convertir en piedra a todo aquel que la mirara directamente a los ojos.<\/p>\n<p>A pesar de ser un terrible monstruo, Medusa ten\u00eda el aspecto de una mujer de belleza extraordinaria. Es por eso que ten\u00eda muchos pretendientes, entre ellos Poseid\u00f3n, el dios de los mares. Un d\u00eda, Poseid\u00f3n cit\u00f3 a Medusa en el templo de Atenea, la diosa de la guerra. A Atenea no le gust\u00f3 nada que utilizaran su sagrado templo como lugar de citas y, a pesar de que la idea hab\u00eda sido de Poseid\u00f3n, culp\u00f3 a Medusa.<\/p>\n<p>Para castigarla, quiso acabar con su belleza. Atenea transform\u00f3 en serpientes venenosas el hermoso cabello de Medusa. De este modo, nunca nadie se fijar\u00eda en ella. La gorgona se recluy\u00f3 en una cueva junto a sus hermanas, quienes tambi\u00e9n hab\u00edan sufrido la maldici\u00f3n.<\/p>\n<p>Tiempo despu\u00e9s el semidi\u00f3s Perseo, hijo del mism\u00edsimo Zeus, recibi\u00f3 el encargo de ir en busca de Medusa y cortarle la cabeza. Era una misi\u00f3n muy arriesgada, ya que si miraba a la gorgona a los ojos, se convertir\u00eda en piedra. Para ayudarle en su aventura, Perseo recibi\u00f3 varios regalos: Hermes, el mensajero de los dioses, le dio unas sandalias con alas y una hoz muy afilada; Hades, el dios de los infiernos, un casco de invisibilidad y Atenea, un escudo de bronce pulido como un espejo. Adem\u00e1s, Perseo recibi\u00f3 un zurr\u00f3n m\u00e1gico.<\/p>\n<p>Perseo averigu\u00f3 que Medusa se escond\u00eda en \u00c1frica, en una cueva, junto a sus hermanas. Cuando Perseo lleg\u00f3 a la cueva de las gorgonas, \u00e9stas estaban dormidas. Deb\u00eda acercarse a Medusa en silencio y atacarla sin que se despertara. As\u00ed, Perseo utiliz\u00f3 las sandalias con alas de Hermes para acercarse a Medusa volando, sin hacer ruido. Utiliz\u00f3 el escudo de espejo de Atenea para acercarse sin mirarla y no convertirse en piedra. Una vez estuvo sobre ella, con la hoz de Hermes, le cort\u00f3 la cabeza de un solo golpe. Inmediatamente, Perseo guard\u00f3 la cabeza de Medusa en su zurr\u00f3n m\u00e1gico, para evitar mirarla al transportarla. Pero el ruido despert\u00f3 a las hermanas de Medusa. Entonces Perseo, para no ser descubierto, se puso el casco de la invisibilidad de Hades y as\u00ed pudo escapar con la cabeza de Medusa.<\/p>\n<p>Se cuenta que parte de la sangre que brot\u00f3 de la cabeza de Medusa cay\u00f3 al mar Rojo, creando un enorme arrecife de coral; otra parte cay\u00f3 sobre la tierra, dando lugar a las v\u00edvoras del desierto del Sahara.<\/p>\n<p>Una vez conseguido su trofeo, Perseo regres\u00f3 a Grecia y le dio la cabeza a Atenea. La diosa de la guerra coloc\u00f3 la cabeza de Medusa en su escudo, de manera que cualquier enemigo que quisiera atacarla, quedara, autom\u00e1ticamente, convertido en piedra.<\/p>\n<h2>Curiosidades sobre Atenea y las gorgonas<\/h2>\n<p><strong>Las gorgonas eran unos seres mitol\u00f3gicos representados como criaturas monstruosas<\/strong> y se encargaban de proteger los or\u00e1culos. Como ocurre con la mayor\u00eda de los mitos antiguos, existen varias versiones de la historia de Medusa, aunque la m\u00e1s habitual es la que narr\u00f3 Ovidio en su famoso libro \u201cLa metamorfosis\u201d.<\/p>\n<p>Los mitos eran el modo en el que los habitantes de la antig\u00fcedad trataban de explicar el mundo, y por eso <strong>las historias reflejan una mentalidad que ya est\u00e1 un poco pasada de moda<\/strong>. Por ejemplo, en la mitolog\u00eda cl\u00e1sica, el castigo siempre lo recib\u00edan las mujeres, aunque no tuvieran culpa de nada. \u00a1En muchos casos, adem\u00e1s, eran las propias mujeres las que castigaban a las mujeres!<\/p>\n<p><strong>Atenea, diosa de la guerra, parece que era especialista en estos castigos injustos<\/strong>. No solo hechiz\u00f3 a Medusa, tambi\u00e9n fue quien maldijo a Eco (si hab\u00e9is escuchado la pequehistoria \u201c<span style=\"color: #3366ff;\"><a style=\"color: #3366ff;\" href=\"https:\/\/www.mumablue.com\/blog\/mitologia-griega-para-ninos\/\">El mito de Eco<\/a><\/span>\u201d ya lo sabr\u00e9is) y quien conden\u00f3 a Aracne a tejer eternamente convirti\u00e9ndola en ara\u00f1a. \u00a1Menuda era, esta Atenea!<\/p>\n<p><strong>En la Antigua Grecia se usaba un amuleto m\u00e1gico para proteger del mal: el <em>gorgoneion<\/em><\/strong>. Este talism\u00e1n representaba el rostro de una gorgona envuelto entre cabellos de serpiente. Se colocaba en muros, escudos, corazas o l\u00e1pidas con el fin de alejar el mal.<\/p>\n<h2>M\u00e1s mitolog\u00eda para ni\u00f1os: Narciso y Eco<\/h2>\n<p>Si te ha gustado nuestra versi\u00f3n de El mito de Medusa para ni\u00f1os te invitamos a descubrir en nuestra p\u00e1gina de <span style=\"color: #3366ff;\"><a style=\"color: #3366ff;\" href=\"https:\/\/www.mumablue.com\/blog\/cuentos-infantiles-para-leer-cortos-gratis\/\">cuentos infantiles gratuitos<\/a><\/span> <strong>otros dos mitos adaptados al p\u00fablico infantil: el Mito de Narciso<\/strong>, en el que se cuenta la historia del apuesto joven que muri\u00f3 por enamorarse de su propia imagen, <strong>y el Mito de Eco<\/strong>, la ninfa de bella voz enamorada de Narciso que fue condenada por Atenea a repetir las \u00faltimas palabras de todo aquel que la hablara. Cada uno incluye su propio audiocuento.<\/p>\n<p>Eso no es todo. Tambi\u00e9n encontrar\u00e1s cuentos sobre personajes hist\u00f3ricos importantes como Cleopatra o Marie Curie, as\u00ed como numeras historias originales de Mumablue, ricas en valores, de todos los g\u00e9neros: aventuras, fantas\u00eda, humor, \u00abmiedo\u00bb&#8230; incluso <span style=\"color: #3366ff;\"><a style=\"color: #3366ff;\" href=\"https:\/\/www.mumablue.com\/blog\/poesias-para-ninos-cortas\/\">poes\u00edas para ni\u00f1os<\/a><\/span> muy divertidas y educativas. <strong>Todos nuestros contenidos son gratuitos, incluyen una versi\u00f3n en audiocuento<\/strong> y persiguen la misi\u00f3n de hacer so\u00f1ar a los m\u00e1s peque\u00f1os a la vez que aprenden y se educan en valores.<\/p>\n<p>Imagen de fondo: <span style=\"color: #3366ff;\"><a style=\"color: #3366ff;\" href=\"https:\/\/www.freepik.es\/\" target=\"_blank\" rel=\"noopener noreferrer\">freepik.com<\/a><\/span>\u00a0&#8211; Cueva (<span style=\"color: #3366ff;\"><a style=\"color: #3366ff;\" href=\"https:\/\/www.freepik.es\/upklyak\" target=\"_blank\" rel=\"noopener noreferrer\">upklyak<\/a>)<\/span><\/p>\n<div style='text-align:left' class='yasr-auto-insert-visitor'><\/div>","protected":false},"excerpt":{"rendered":"<p>El mito de Medusa para ni\u00f1os no es sencillo de contar. Como tantos otros relatos mitol\u00f3gicos, est\u00e1 cargado de pasajes o elementos poco amigables con la infancia. Sin embargo, en Mumablue hemos creado una versi\u00f3n adecuada a la infancia, para que tu peque pueda conocer el mito de la gorgona que convert\u00eda en piedra a [&hellip;]<\/p>\n","protected":false},"author":6,"featured_media":0,"parent":0,"menu_order":0,"comment_status":"closed","ping_status":"closed","template":"","meta":{"yasr_overall_rating":0,"yasr_post_is_review":"","yasr_auto_insert_disabled":"","yasr_review_type":""},"yasr_visitor_votes":{"number_of_votes":62,"sum_votes":285,"stars_attributes":{"read_only":false,"span_bottom":false}},"yoast_head":"<!-- This site is optimized with the Yoast SEO plugin v14.5 - https:\/\/yoast.com\/wordpress\/plugins\/seo\/ -->\n<meta name=\"description\" content=\"Versi\u00f3n de El Mito de Medusa para ni\u00f1os fiel a la versi\u00f3n cl\u00e1sica donde se han eliminado aquellas referencias o pasajes poco adecuados al p\u00fablico infantil.\" \/>\n<meta name=\"robots\" content=\"index, follow\" \/>\n<meta name=\"googlebot\" content=\"index, follow, max-snippet:-1, max-image-preview:large, max-video-preview:-1\" \/>\n<meta name=\"bingbot\" content=\"index, follow, max-snippet:-1, max-image-preview:large, max-video-preview:-1\" \/>\n<link rel=\"canonical\" href=\"https:\/\/www.mumablue.com\/blog\/el-mito-de-medusa-para-ninos-gratis-audiocuento\/\" \/>\n<meta property=\"og:locale\" content=\"es_ES\" \/>\n<meta property=\"og:type\" content=\"article\" \/>\n<meta property=\"og:title\" content=\"El mito de Medusa para ni\u00f1os gratis + audiocuento - Blog Mumablue\" \/>\n<meta property=\"og:description\" content=\"Versi\u00f3n de El Mito de Medusa para ni\u00f1os fiel a la versi\u00f3n cl\u00e1sica donde se han eliminado aquellas referencias o pasajes poco adecuados al p\u00fablico infantil.\" \/>\n<meta property=\"og:url\" content=\"https:\/\/www.mumablue.com\/blog\/el-mito-de-medusa-para-ninos-gratis-audiocuento\/\" \/>\n<meta property=\"og:site_name\" content=\"Blog Mumablue\" \/>\n<meta property=\"article:publisher\" content=\"https:\/\/www.facebook.com\/mumablue\/\" \/>\n<meta property=\"article:modified_time\" content=\"2025-06-03T08:43:49+00:00\" \/>\n<meta property=\"og:image\" content=\"https:\/\/www.mumablue.com\/blog\/wp-content\/uploads\/2021\/06\/El-mito-de-Medusa_.jpg\" \/>\n<meta name=\"twitter:card\" content=\"summary_large_image\" \/>\n<script type=\"application\/ld+json\" class=\"yoast-schema-graph\">{\"@context\":\"https:\/\/schema.org\",\"@graph\":[{\"@type\":\"Organization\",\"@id\":\"https:\/\/www.mumablue.com\/blog\/#organization\",\"name\":\"Mumablue\",\"url\":\"https:\/\/www.mumablue.com\/blog\/\",\"sameAs\":[\"https:\/\/www.facebook.com\/mumablue\/\",\"https:\/\/www.instagram.com\/mumablue\/?hl=es\"],\"logo\":{\"@type\":\"ImageObject\",\"@id\":\"https:\/\/www.mumablue.com\/blog\/#logo\",\"inLanguage\":\"es\",\"url\":\"https:\/\/www.mumablue.com\/blog\/wp-content\/uploads\/2020\/05\/Blog-Mumablue.png\",\"width\":749,\"height\":269,\"caption\":\"Mumablue\"},\"image\":{\"@id\":\"https:\/\/www.mumablue.com\/blog\/#logo\"}},{\"@type\":\"WebSite\",\"@id\":\"https:\/\/www.mumablue.com\/blog\/#website\",\"url\":\"https:\/\/www.mumablue.com\/blog\/\",\"name\":\"Blog Mumablue\",\"description\":\"Un blog de cuentos y audiocuentos gratis para ni\\u00f1os.\",\"publisher\":{\"@id\":\"https:\/\/www.mumablue.com\/blog\/#organization\"},\"potentialAction\":[{\"@type\":\"SearchAction\",\"target\":\"https:\/\/www.mumablue.com\/blog\/?s={search_term_string}\",\"query-input\":\"required name=search_term_string\"}],\"inLanguage\":\"es\"},{\"@type\":\"ImageObject\",\"@id\":\"https:\/\/www.mumablue.com\/blog\/el-mito-de-medusa-para-ninos-gratis-audiocuento\/#primaryimage\",\"inLanguage\":\"es\",\"url\":\"https:\/\/www.mumablue.com\/blog\/wp-content\/uploads\/2021\/06\/El-mito-de-Medusa_.jpg\",\"width\":500,\"height\":500,\"caption\":\"El mito de Medusa para ni\\u00f1os\"},{\"@type\":\"WebPage\",\"@id\":\"https:\/\/www.mumablue.com\/blog\/el-mito-de-medusa-para-ninos-gratis-audiocuento\/#webpage\",\"url\":\"https:\/\/www.mumablue.com\/blog\/el-mito-de-medusa-para-ninos-gratis-audiocuento\/\",\"name\":\"El mito de Medusa para ni\\u00f1os gratis + audiocuento - Blog Mumablue\",\"isPartOf\":{\"@id\":\"https:\/\/www.mumablue.com\/blog\/#website\"},\"primaryImageOfPage\":{\"@id\":\"https:\/\/www.mumablue.com\/blog\/el-mito-de-medusa-para-ninos-gratis-audiocuento\/#primaryimage\"},\"datePublished\":\"2021-06-15T12:28:59+00:00\",\"dateModified\":\"2025-06-03T08:43:49+00:00\",\"description\":\"Versi\\u00f3n de El Mito de Medusa para ni\\u00f1os fiel a la versi\\u00f3n cl\\u00e1sica donde se han eliminado aquellas referencias o pasajes poco adecuados al p\\u00fablico infantil.\",\"inLanguage\":\"es\",\"potentialAction\":[{\"@type\":\"ReadAction\",\"target\":[\"https:\/\/www.mumablue.com\/blog\/el-mito-de-medusa-para-ninos-gratis-audiocuento\/\"]}]}]}<\/script>\n<!-- \/ Yoast SEO plugin. -->","_links":{"self":[{"href":"https:\/\/www.mumablue.com\/blog\/wp-json\/wp\/v2\/pages\/4106"}],"collection":[{"href":"https:\/\/www.mumablue.com\/blog\/wp-json\/wp\/v2\/pages"}],"about":[{"href":"https:\/\/www.mumablue.com\/blog\/wp-json\/wp\/v2\/types\/page"}],"author":[{"embeddable":true,"href":"https:\/\/www.mumablue.com\/blog\/wp-json\/wp\/v2\/users\/6"}],"replies":[{"embeddable":true,"href":"https:\/\/www.mumablue.com\/blog\/wp-json\/wp\/v2\/comments?post=4106"}],"version-history":[{"count":8,"href":"https:\/\/www.mumablue.com\/blog\/wp-json\/wp\/v2\/pages\/4106\/revisions"}],"predecessor-version":[{"id":7658,"href":"https:\/\/www.mumablue.com\/blog\/wp-json\/wp\/v2\/pages\/4106\/revisions\/7658"}],"wp:attachment":[{"href":"https:\/\/www.mumablue.com\/blog\/wp-json\/wp\/v2\/media?parent=4106"}],"curies":[{"name":"wp","href":"https:\/\/api.w.org\/{rel}","templated":true}]}}