{"id":3958,"date":"2021-05-12T11:24:25","date_gmt":"2021-05-12T11:24:25","guid":{"rendered":"https:\/\/mumablue.com\/blog\/?page_id=3958"},"modified":"2021-05-12T11:24:25","modified_gmt":"2021-05-12T11:24:25","slug":"cuentos-personalizados-con-foto-y-dedicatoria","status":"publish","type":"page","link":"https:\/\/www.mumablue.com\/blog\/cuentos-personalizados-con-foto-y-dedicatoria\/","title":{"rendered":"Cuentos personalizados con foto y dedicatoria propia"},"content":{"rendered":"<p><a href=\"https:\/\/www.mumablue.com\/blog\/wp-content\/uploads\/2021\/05\/Cuentos-foto-y-dedicatoria.jpg\"><img decoding=\"async\" loading=\"lazy\" class=\"alignnone size-full wp-image-3967\" src=\"https:\/\/www.mumablue.com\/blog\/wp-content\/uploads\/2021\/05\/Cuentos-foto-y-dedicatoria.jpg\" alt=\"Cuentos personalizados con foto\" width=\"500\" height=\"500\" srcset=\"https:\/\/www.mumablue.com\/blog\/wp-content\/uploads\/2021\/05\/Cuentos-foto-y-dedicatoria.jpg 500w, https:\/\/www.mumablue.com\/blog\/wp-content\/uploads\/2021\/05\/Cuentos-foto-y-dedicatoria-300x300.jpg 300w, https:\/\/www.mumablue.com\/blog\/wp-content\/uploads\/2021\/05\/Cuentos-foto-y-dedicatoria-150x150.jpg 150w\" sizes=\"(max-width: 500px) 100vw, 500px\" \/><\/a><\/p>\n<p><span style=\"font-weight: 400;\">En casa tienes el mayor tesoro de tu vida: tu hijo o hija. Para ellos buscas lo mejor, aquello que sea capaz de <\/span><b>inculcarles valores, formarles como personas y, a la vez, proporcionarles la mejor de las diversiones.<\/b><span style=\"font-weight: 400;\"> Los cuentos personalizados con foto y dedicatoria personal re\u00fane todas esas cualidades y\u2026 \u00a1mucho m\u00e1s!<\/span><\/p>\n<h2><span style=\"font-weight: 400;\">Cuentos personalizados <\/span><span style=\"font-weight: 400;\">con foto y dedicatoria<\/span><\/h2>\n<p><span style=\"font-weight: 400;\">Lo primero que debemos destacar son <\/span><b>los beneficios que reportan los cuentos personalizados para los m\u00e1s peques de la familia.<\/b><span style=\"font-weight: 400;\"> Este tipo de libros se convierten en una edici\u00f3n exclusiva para cada ni\u00f1o, ya que incorporan a la ilustraci\u00f3n un avatar y es el propio ni\u00f1o el que da nombre al protagonista de la historia. Esto les encanta, se ven reflejados en las aventuras y les hace part\u00edcipes de los valores que transmite la narraci\u00f3n.<\/span><\/p>\n<p>Adem\u00e1s, en el caso de Mumablue, es posible personalizar al m\u00e1ximo la p\u00e1gina final, incluyendo una fotograf\u00eda del peque\u00f1o que <strong>convierta su cuento en realmente exclusivo y especial, en un ejemplar \u00fanico<\/strong>. Junto a la foto es posible escribir una dedicatoria personal, un texto en el que poner en valor el v\u00ednculo con el ni\u00f1o y expresarle nuestro cari\u00f1o directamente.<\/p>\n<h2><span style=\"font-weight: 400;\"><a href=\"https:\/\/www.mumablue.com\/blog\/wp-content\/uploads\/2021\/05\/Cuento-personalizado-con-dedicatoria.jpg\"><img decoding=\"async\" loading=\"lazy\" class=\"alignnone size-full wp-image-3970\" src=\"https:\/\/www.mumablue.com\/blog\/wp-content\/uploads\/2021\/05\/Cuento-personalizado-con-dedicatoria.jpg\" alt=\"cuento personalizado con foto\" width=\"815\" height=\"411\" srcset=\"https:\/\/www.mumablue.com\/blog\/wp-content\/uploads\/2021\/05\/Cuento-personalizado-con-dedicatoria.jpg 815w, https:\/\/www.mumablue.com\/blog\/wp-content\/uploads\/2021\/05\/Cuento-personalizado-con-dedicatoria-300x151.jpg 300w, https:\/\/www.mumablue.com\/blog\/wp-content\/uploads\/2021\/05\/Cuento-personalizado-con-dedicatoria-768x387.jpg 768w, https:\/\/www.mumablue.com\/blog\/wp-content\/uploads\/2021\/05\/Cuento-personalizado-con-dedicatoria-624x315.jpg 624w\" sizes=\"(max-width: 815px) 100vw, 815px\" \/><\/a><\/span><\/h2>\n<h2><span style=\"font-weight: 400;\">C\u00f3mo son los cuentos personalizados con foto Mumablue<\/span><\/h2>\n<p><b>Los libros infantiles de Mumablue son cuentos personalizados inmersivos.<\/b><span style=\"font-weight: 400;\"> Permiten que los ni\u00f1os vivan experiencias incre\u00edbles desde muy peque\u00f1os y aprendan desde la m\u00e1s tierna infancia a <\/span><b>amar los libros e incorporar a sus vidas el h\u00e1bito de la lectura.<\/b><\/p>\n<p><span style=\"font-weight: 400;\">Las historias que proponen convierten al ni\u00f1o en el protagonista absoluto del cuento. <\/span><b>Los mayores pueden personalizar al personaje con las caracter\u00edsticas f\u00edsicas del ni\u00f1o o la ni\u00f1a.<\/b><span style=\"font-weight: 400;\"> Esto hace que vuestros pr\u00edncipes y princesas se reconozcan nada m\u00e1s ver la tapa del cuento. Eso los atrapa desde el primer momento, captando su atenci\u00f3n y ayudando a que se sumerjan en un mundo de fantas\u00eda donde <\/span><b>se convierten en h\u00e9roes y hero\u00ednas de historias alucinantes.<\/b><\/p>\n<p><span style=\"font-weight: 400;\">Adem\u00e1s, <\/span><b>los peques pueden compartir aventuras con otros miembros de la familia.<\/b><span style=\"font-weight: 400;\"> Papis, mamis, abuelos, t\u00edos, primos, hermanos\u2026 todos tienen cabida en los cuentos personalizados con foto de Mumablue. <\/span><b>No importa qu\u00e9 tipo de familia sea:<\/b><span style=\"font-weight: 400;\"> tradicional, monoparental, dos pap\u00e1s, dos mam\u00e1s\u2026 <\/span><b>estas historias son completamente inclusivas.<\/b><\/p>\n<p><b>Cada cuento personalizado de Mumablue fomenta una serie de valores en el ni\u00f1o:<\/b><span style=\"font-weight: 400;\"> solidaridad, respeto, compromiso, aceptar lo diferente, aprender a compartir\u2026 En definitiva, el ni\u00f1o se familiariza con valores trascendentales para hacer de este mundo un lugar mejor.<\/span><\/p>\n<h2>Cuentos que potencian el conocimiento y el lenguaje<\/h2>\n<p><span style=\"font-weight: 400;\">Pero es importante, como adultos, que sepamos que los cuentos personalizados con foto van m\u00e1s all\u00e1 y que sus <\/span><b>beneficios sobre la educaci\u00f3n y evoluci\u00f3n<\/b><span style=\"font-weight: 400;\"> de nuestros peque\u00f1os terremotos son realmente mensurables en el campo de su desarrollo.<\/span><\/p>\n<p><span style=\"font-weight: 400;\">Los especialistas han analizado el impacto potencial de los elementos personalizados <\/span><b>en los aspectos cognitivos y afectivos de la lectura compartida, incluidas las habilidades de lectura, el inter\u00e9s, la motivaci\u00f3n y el compromiso.<\/b><\/p>\n<p><span style=\"font-weight: 400;\">El resultado ha sido fascinante y muy motivador:<\/span><\/p>\n<ul>\n<li style=\"font-weight: 400;\" aria-level=\"1\"><span style=\"font-weight: 400;\">Los ni\u00f1os que leen libros personalizados desarrollan la comunicaci\u00f3n, el lenguaje y la alfabetizaci\u00f3n tempranos.<\/span><\/li>\n<li style=\"font-weight: 400;\" aria-level=\"1\"><span style=\"font-weight: 400;\">Conocimiento significativamente mejor sobre las palabras que estaban en las secciones personalizadas.<\/span><\/li>\n<\/ul>\n<p><span style=\"font-weight: 400;\">En definitiva, la personalizaci\u00f3n de libros para ni\u00f1os peque\u00f1os puede verse como un medio positivo para <\/span><b>apoyar el desarrollo de su vocabulario.<\/b><span style=\"font-weight: 400;\"> Al mismo tiempo, tambi\u00e9n <\/span><b>acelera la destreza del lenguaje.<\/b><\/p>\n<h3><span style=\"font-weight: 400;\">Empodera y motiva al ni\u00f1o<\/span><\/h3>\n<p><span style=\"font-weight: 400;\">La mayor\u00eda de los libros personalizados tienen al ni\u00f1o como h\u00e9roe, ayudante y \/ o solucionador de problemas. Todas cualidades maravillosas y seguras que papis y mamis desean fomentar y desarrollar en sus hijos.<\/span><\/p>\n<p><span style=\"font-weight: 400;\">Los elementos personalizados pueden <\/span><b>aumentar la motivaci\u00f3n, el compromiso y la aspiraci\u00f3n del aprendizaje de los ni\u00f1os. <\/b><span style=\"font-weight: 400;\">Este tipo de historias facilita su sentido de s\u00ed mismos como lectores, su autoestima y aspiraciones y, potencialmente, otras \u00e1reas como el desarrollo de la empat\u00eda y la teor\u00eda de la mente.<\/span><\/p>\n<h3><strong>Sentido de inclusi\u00f3n<\/strong><\/h3>\n<p><span style=\"font-weight: 400;\">Cualquier ni\u00f1o, independientemente de su g\u00e9nero, raza, discapacidad o situaci\u00f3n familiar, puede ser la estrella de un libro personalizado con foto. <\/span><b>No siempre es f\u00e1cil encontrar libros para ni\u00f1os sobre entornos culturales m\u00e1s espec\u00edficos<\/b><span style=\"font-weight: 400;\"> y esto puede llevar a una sensaci\u00f3n de exclusi\u00f3n o falta de autoestima.\u00a0<\/span><\/p>\n<p><span style=\"font-weight: 400;\">Pero cuando personalizas un cuento, <\/span><b>le das a los ni\u00f1os la oportunidad de verse representados en una obra publicada.<\/b><span style=\"font-weight: 400;\"> En un libro debidamente publicado, encuadernado, con p\u00e1ginas. <\/span><b>Eso es muy empoderador para cualquier chaval.<\/b><\/p>\n<p><span style=\"font-weight: 400;\">Como pod\u00e9is ver, las ventajas de este tipo de libros no son pocas. Pero\u2026 \u00bfy si os digo que a\u00fan hay m\u00e1s? Nos hemos encontrado con una nueva experiencia que ofrecen desde <\/span><span style=\"color: #3366ff;\"><a style=\"color: #3366ff;\" href=\"https:\/\/wwwmumablue.com\"><span style=\"font-weight: 400;\">Mumablue<\/span><\/a><\/span><span style=\"font-weight: 400;\">. <\/span><b>Se trata de los cuentos personalizados con foto y son una pasada.<\/b><\/p>\n<p><span style=\"font-weight: 400;\">Eliges la historia que m\u00e1s te gusta, creas los personajes para que sean un fiel reflejo y se conviertan en los avatares que representen a los protagonistas del libro en el que el protagonista ser\u00e1 tu peque\u00f1o piratilla y sus hermanos, primos, t\u00edos, abuelos, progenitores\u2026 \u00a1lo que quieras! Por \u00faltimo, <\/span><b>al final del libro incluyen una fotograf\u00eda del ni\u00f1o.<\/b><\/p>\n<p><span style=\"font-weight: 400;\">Los cuentos personalizados con foto se convierten en <\/span><b>un recuerdo para toda la vida<\/b><span style=\"font-weight: 400;\">, un regalo inolvidable que todav\u00eda lo hace m\u00e1s propio del peque. Debes elegir bien qu\u00e9 fotograf\u00eda deseas que incluya al finalizar la historia, porque te garantizamos que ese cuento va a permanecer con tu peque\u00f1o terremoto toda su vida.<\/span><\/p>\n<p><span style=\"font-weight: 400;\">Por cierto, <\/span><b>tambi\u00e9n te dan la oportunidad de dejar una bonita dedicatoria personalizada.<\/b><span style=\"font-weight: 400;\"> Puedes aprovechar la ocasi\u00f3n para plasmar un mensaje de cari\u00f1o o para ahondar en alguno de los valores que propone cada cuento y que t\u00fa puedes reforzar con ejemplos cercanos al ni\u00f1o.<\/span><\/p>\n<h2><span style=\"font-weight: 400;\"><a href=\"https:\/\/www.mumablue.com\/blog\/wp-content\/uploads\/2021\/02\/Cuentos-personalizados-Mumablue-2.jpg\"><img decoding=\"async\" loading=\"lazy\" class=\"alignnone size-full wp-image-3595\" src=\"https:\/\/www.mumablue.com\/blog\/wp-content\/uploads\/2021\/02\/Cuentos-personalizados-Mumablue-2.jpg\" alt=\"Mumablue San Valent\u00edn\" width=\"611\" height=\"287\" srcset=\"https:\/\/www.mumablue.com\/blog\/wp-content\/uploads\/2021\/02\/Cuentos-personalizados-Mumablue-2.jpg 611w, https:\/\/www.mumablue.com\/blog\/wp-content\/uploads\/2021\/02\/Cuentos-personalizados-Mumablue-2-300x141.jpg 300w\" sizes=\"(max-width: 611px) 100vw, 611px\" \/><\/a><\/span><\/h2>\n<h2><span style=\"font-weight: 400;\">Cuentos personalizados para dos y tres personajes<\/span><\/h2>\n<p><span style=\"font-weight: 400;\">Precisamente al pensar en el hecho de compartir las historias de estos libros con otros miembros de la familia, Mumablue vio la necesidad de <\/span><b>idear cuentos personalizados para dos y tres personajes.<\/b><span style=\"font-weight: 400;\"> De este modo, los chavales pod\u00edan llevarse de aventuras a su hermano peque\u00f1o, a sus padres, a su primo, a sus abuelos, a su t\u00edo\u2026 Lo cierto es que han lanzado grandes cuentos personalizados con foto para cubrir esta demanda.<\/span><\/p>\n<ul>\n<li aria-level=\"1\"><b><a href=\"https:\/\/www.mumablue.com\/esp\/nuestros-cuentos-personalizados\/juntos-es\"><span style=\"color: #3366ff;\">Juntos 3 personajes:<\/span><\/a> \u00a1El cuento m\u00e1s inclusivo de toda la colecci\u00f3n!<span style=\"font-weight: 400;\"> La versi\u00f3n de Juntos para 3 personajes permite que el chaval comparta la historia con dos adultos con los que convive, las dos personas m\u00e1s importantes de su vida. <\/span>En este cuento personalizado es bienvenido cualquier tipo de familia.<\/b><\/li>\n<\/ul>\n<p><span style=\"font-weight: 400;\">Las cuestiones cotidianas del hogar se convertir\u00e1n en incre\u00edbles aventuras y <\/span><b>nos ense\u00f1ar\u00e1n a compartir tiempo de calidad entre grandes y peque\u00f1os.<\/b><span style=\"font-weight: 400;\"> Preparaos para una expedici\u00f3n submarina, un viaje en globo o una misi\u00f3n espacial a la Luna.<\/span><\/p>\n<ul>\n<li aria-level=\"1\"><b><span style=\"color: #3366ff;\"><a style=\"color: #3366ff;\" href=\"https:\/\/www.mumablue.com\/esp\/nuestros-cuentos-personalizados\/juntos-1\">Juntos 2 personajes:<\/a><\/span> <span style=\"font-weight: 400;\">En este caso, <\/span>nuestros chiquitines disfrutar\u00e1n la historia de la mano de un adulto de su confianza.<span style=\"font-weight: 400;\"> Aqu\u00ed cabe cualquier familiar que conviva con \u00e9l.<\/span><\/b><\/li>\n<\/ul>\n<p><span style=\"font-weight: 400;\">Adem\u00e1s, este cuento personalizado con foto <\/span><b>tambi\u00e9n puede servir como regalo especial para un adulto.<\/b><span style=\"font-weight: 400;\"> Suele ser muy bien recibido y hace mucha ilusi\u00f3n a los mayores, ya sea en cumplea\u00f1os o en fechas se\u00f1aladas como el D\u00eda del Padre o el D\u00eda de la Madre, en las que se pone de relieve el valor de la familia. Porque Juntos es un cuento personalizado para leer en familia que habla sobre la importancia de la familia.<\/span><\/p>\n<ul>\n<li aria-level=\"1\"><b><a href=\"https:\/\/www.mumablue.com\/esp\/nuestros-cuentos-personalizados\/chucheritis-es\"><span style=\"color: #3366ff;\">Chucheritis:<\/span><\/a> <span style=\"font-weight: 400;\">Este cuento personalizado <\/span>es ideal para que lo protagonicen dos ni\u00f1os<span style=\"font-weight: 400;\">: primos, amigos, hermanos\u2026 \u00a1En Chucheritis no hay un \u00fanico h\u00e9roe! Los protas conocer\u00e1n a una ardilla muy simp\u00e1tica que les ense\u00f1ar\u00e1 a compartir y <\/span>valores como la moderaci\u00f3n, la generosidad y el compa\u00f1erismo.<\/b><\/li>\n<\/ul>\n<p><span style=\"font-weight: 400;\">Ya has visto que los cuentos personalizados con foto y dedicatoria personal son mucho m\u00e1s que libros y que contribuyen a que los m\u00e1s peque\u00f1os de la casa adquieran importantes beneficios. <strong>Desde fomentar el amor por la lectura hasta inculcarles valores \u00e9ticos y morales<\/strong>. Todo ello sin olvidar que los chiquitines encuentran un sistema a trav\u00e9s del cual estimulan su autoestima y empoderamiento. \u00a1Qu\u00e9 m\u00e1s se puede pedir!<\/span><\/p>\n<div style='text-align:left' class='yasr-auto-insert-visitor'><\/div>","protected":false},"excerpt":{"rendered":"<p>En casa tienes el mayor tesoro de tu vida: tu hijo o hija. Para ellos buscas lo mejor, aquello que sea capaz de inculcarles valores, formarles como personas y, a la vez, proporcionarles la mejor de las diversiones. Los cuentos personalizados con foto y dedicatoria personal re\u00fane todas esas cualidades y\u2026 \u00a1mucho m\u00e1s! Cuentos personalizados [&hellip;]<\/p>\n","protected":false},"author":6,"featured_media":0,"parent":0,"menu_order":0,"comment_status":"closed","ping_status":"closed","template":"","meta":{"yasr_overall_rating":0,"yasr_post_is_review":"","yasr_auto_insert_disabled":"","yasr_review_type":"BlogPosting"},"yasr_visitor_votes":{"number_of_votes":2,"sum_votes":3,"stars_attributes":{"read_only":false,"span_bottom":false}},"yoast_head":"<!-- This site is optimized with the Yoast SEO plugin v14.5 - https:\/\/yoast.com\/wordpress\/plugins\/seo\/ -->\n<meta name=\"description\" content=\"Los cuentos personalizados con foto y dedicatoria personal son mucho m\u00e1s que un regalo exclusivo y original: son un ejemplar realmente \u00fanico. \u00a1Reg\u00e1laselo!\" \/>\n<meta name=\"robots\" content=\"index, follow\" \/>\n<meta name=\"googlebot\" content=\"index, follow, max-snippet:-1, max-image-preview:large, max-video-preview:-1\" \/>\n<meta name=\"bingbot\" content=\"index, follow, max-snippet:-1, max-image-preview:large, max-video-preview:-1\" \/>\n<link rel=\"canonical\" href=\"https:\/\/www.mumablue.com\/blog\/cuentos-personalizados-con-foto-y-dedicatoria\/\" \/>\n<meta property=\"og:locale\" content=\"es_ES\" \/>\n<meta property=\"og:type\" content=\"article\" \/>\n<meta property=\"og:title\" content=\"Cuentos personalizados con foto y dedicatoria propia - Blog Mumablue\" \/>\n<meta property=\"og:description\" content=\"Los cuentos personalizados con foto y dedicatoria personal son mucho m\u00e1s que un regalo exclusivo y original: son un ejemplar realmente \u00fanico. \u00a1Reg\u00e1laselo!\" \/>\n<meta property=\"og:url\" content=\"https:\/\/www.mumablue.com\/blog\/cuentos-personalizados-con-foto-y-dedicatoria\/\" \/>\n<meta property=\"og:site_name\" content=\"Blog Mumablue\" \/>\n<meta property=\"article:publisher\" content=\"https:\/\/www.facebook.com\/mumablue\/\" \/>\n<meta property=\"og:image\" content=\"https:\/\/www.mumablue.com\/blog\/wp-content\/uploads\/2021\/05\/Cuentos-foto-y-dedicatoria.jpg\" \/>\n<meta name=\"twitter:card\" content=\"summary_large_image\" \/>\n<script type=\"application\/ld+json\" class=\"yoast-schema-graph\">{\"@context\":\"https:\/\/schema.org\",\"@graph\":[{\"@type\":\"Organization\",\"@id\":\"https:\/\/www.mumablue.com\/blog\/#organization\",\"name\":\"Mumablue\",\"url\":\"https:\/\/www.mumablue.com\/blog\/\",\"sameAs\":[\"https:\/\/www.facebook.com\/mumablue\/\",\"https:\/\/www.instagram.com\/mumablue\/?hl=es\"],\"logo\":{\"@type\":\"ImageObject\",\"@id\":\"https:\/\/www.mumablue.com\/blog\/#logo\",\"inLanguage\":\"es\",\"url\":\"https:\/\/www.mumablue.com\/blog\/wp-content\/uploads\/2020\/05\/Blog-Mumablue.png\",\"width\":749,\"height\":269,\"caption\":\"Mumablue\"},\"image\":{\"@id\":\"https:\/\/www.mumablue.com\/blog\/#logo\"}},{\"@type\":\"WebSite\",\"@id\":\"https:\/\/www.mumablue.com\/blog\/#website\",\"url\":\"https:\/\/www.mumablue.com\/blog\/\",\"name\":\"Blog Mumablue\",\"description\":\"Un blog de cuentos y audiocuentos gratis para ni\\u00f1os.\",\"publisher\":{\"@id\":\"https:\/\/www.mumablue.com\/blog\/#organization\"},\"potentialAction\":[{\"@type\":\"SearchAction\",\"target\":\"https:\/\/www.mumablue.com\/blog\/?s={search_term_string}\",\"query-input\":\"required name=search_term_string\"}],\"inLanguage\":\"es\"},{\"@type\":\"ImageObject\",\"@id\":\"https:\/\/www.mumablue.com\/blog\/cuentos-personalizados-con-foto-y-dedicatoria\/#primaryimage\",\"inLanguage\":\"es\",\"url\":\"https:\/\/www.mumablue.com\/blog\/wp-content\/uploads\/2021\/05\/Cuentos-foto-y-dedicatoria.jpg\",\"width\":500,\"height\":500,\"caption\":\"Cuentos personalizados con foto\"},{\"@type\":\"WebPage\",\"@id\":\"https:\/\/www.mumablue.com\/blog\/cuentos-personalizados-con-foto-y-dedicatoria\/#webpage\",\"url\":\"https:\/\/www.mumablue.com\/blog\/cuentos-personalizados-con-foto-y-dedicatoria\/\",\"name\":\"Cuentos personalizados con foto y dedicatoria propia - Blog Mumablue\",\"isPartOf\":{\"@id\":\"https:\/\/www.mumablue.com\/blog\/#website\"},\"primaryImageOfPage\":{\"@id\":\"https:\/\/www.mumablue.com\/blog\/cuentos-personalizados-con-foto-y-dedicatoria\/#primaryimage\"},\"datePublished\":\"2021-05-12T11:24:25+00:00\",\"dateModified\":\"2021-05-12T11:24:25+00:00\",\"description\":\"Los cuentos personalizados con foto y dedicatoria personal son mucho m\\u00e1s que un regalo exclusivo y original: son un ejemplar realmente \\u00fanico. \\u00a1Reg\\u00e1laselo!\",\"inLanguage\":\"es\",\"potentialAction\":[{\"@type\":\"ReadAction\",\"target\":[\"https:\/\/www.mumablue.com\/blog\/cuentos-personalizados-con-foto-y-dedicatoria\/\"]}]}]}<\/script>\n<!-- \/ Yoast SEO plugin. -->","_links":{"self":[{"href":"https:\/\/www.mumablue.com\/blog\/wp-json\/wp\/v2\/pages\/3958"}],"collection":[{"href":"https:\/\/www.mumablue.com\/blog\/wp-json\/wp\/v2\/pages"}],"about":[{"href":"https:\/\/www.mumablue.com\/blog\/wp-json\/wp\/v2\/types\/page"}],"author":[{"embeddable":true,"href":"https:\/\/www.mumablue.com\/blog\/wp-json\/wp\/v2\/users\/6"}],"replies":[{"embeddable":true,"href":"https:\/\/www.mumablue.com\/blog\/wp-json\/wp\/v2\/comments?post=3958"}],"version-history":[{"count":2,"href":"https:\/\/www.mumablue.com\/blog\/wp-json\/wp\/v2\/pages\/3958\/revisions"}],"predecessor-version":[{"id":3973,"href":"https:\/\/www.mumablue.com\/blog\/wp-json\/wp\/v2\/pages\/3958\/revisions\/3973"}],"wp:attachment":[{"href":"https:\/\/www.mumablue.com\/blog\/wp-json\/wp\/v2\/media?parent=3958"}],"curies":[{"name":"wp","href":"https:\/\/api.w.org\/{rel}","templated":true}]}}