{"id":3882,"date":"2021-04-28T11:16:47","date_gmt":"2021-04-28T11:16:47","guid":{"rendered":"https:\/\/mumablue.com\/blog\/?page_id=3882"},"modified":"2025-06-02T12:57:35","modified_gmt":"2025-06-02T12:57:35","slug":"cuento-del-lobo-feroz-diferente-y-muy-divertido","status":"publish","type":"page","link":"https:\/\/www.mumablue.com\/blog\/cuento-del-lobo-feroz-diferente-y-muy-divertido\/","title":{"rendered":"Cuento del lobo feroz diferente y muy divertido + audiocuento"},"content":{"rendered":"<p><a href=\"https:\/\/www.mumablue.com\/blog\/wp-content\/uploads\/2021\/04\/Don-Lobo-busca-trabajo_.jpg\"><img decoding=\"async\" loading=\"lazy\" class=\"alignnone size-full wp-image-3884\" src=\"https:\/\/www.mumablue.com\/blog\/wp-content\/uploads\/2021\/04\/Don-Lobo-busca-trabajo_.jpg\" alt=\"cuento del lobo feroz diferente\" width=\"500\" height=\"500\" srcset=\"https:\/\/www.mumablue.com\/blog\/wp-content\/uploads\/2021\/04\/Don-Lobo-busca-trabajo_.jpg 500w, https:\/\/www.mumablue.com\/blog\/wp-content\/uploads\/2021\/04\/Don-Lobo-busca-trabajo_-300x300.jpg 300w, https:\/\/www.mumablue.com\/blog\/wp-content\/uploads\/2021\/04\/Don-Lobo-busca-trabajo_-150x150.jpg 150w\" sizes=\"(max-width: 500px) 100vw, 500px\" \/><\/a><\/p>\n<p>Si buscas un cuento del lobo feroz diferente, pero realmente diferente, has llegado a la p\u00e1gina adecuada. Proponemos una historia loca y muy divertida, un relato que comienza el d\u00eda en el que <strong>el lobo de los cuentos se harta de caerle mal a todo el mundo y decide cambiar de trabajo.<\/strong> Acudir\u00e1 a la Oficina de Empleo del Bosque y all\u00ed recibir\u00e1 distintas ofertas en funci\u00f3n de la experiencia acumulada en todos los cuentos que protagoniza.<\/p>\n<p>Es divertido si lo lees directamente&#8230; \u00a1Pero si decides escuchar su versi\u00f3n en audiocuento, te morir\u00e1s de risa! \u00a1Palabra de <a href=\"https:\/\/www.mumablue.com\/esp?utm_source=blog&amp;utm_medium=link&amp;utm_campaign=p\u00e1ginas-audiocuentos&amp;utm_content=cuento-lobo-feroz\" target=\"_blank\" rel=\"noopener noreferrer\"><span style=\"color: #3366ff;\">Mumablue<\/span><\/a>!<\/p>\n<h2>Audiocuento Don Lobo busca trabajo<\/h2>\n<h6><script src=\"https:\/\/www.buzzsprout.com\/937792\/8405467-don-lobo-busca-trabajo.js?container_id=buzzsprout-player-8405467&amp;player=small\" type=\"text\/javascript\" charset=\"utf-8\"><\/script><strong> M\u00fasica en CC0: <span style=\"color: #3366ff;\"><a style=\"color: #3366ff;\" href=\"https:\/\/freepd.com\/misc.php\" target=\"_blank\" rel=\"noopener noreferrer\">Darl Hallway<\/a><\/span>, por Kevin MacLeod y <a href=\"https:\/\/freepd.com\/Page2\/\" target=\"_blank\" rel=\"noopener noreferrer\"><span style=\"color: #3366ff;\">Picket Villian<\/span><\/a> (An\u00f3nimo).<\/strong><\/h6>\n<p><a href=\"https:\/\/www.mumablue.com\/esp\/nuestros-cuentos-personalizados\/la-magia-del-nombre-mi-nino?utm_source=blog&amp;utm_medium=banner&amp;utm_campaign=p\u00e1ginas-audiocuentos&amp;utm_content=cuento-lobo-feroz\" target=\"_blank\" rel=\"noopener noreferrer\"><img decoding=\"async\" loading=\"lazy\" class=\"alignnone wp-image-5002 size-full\" src=\"https:\/\/www.mumablue.com\/blog\/wp-content\/uploads\/2021\/09\/Cuento-de-Hadas.jpg\" alt=\"cuento de Caperucita Roja diferente\" width=\"715\" height=\"162\" srcset=\"https:\/\/www.mumablue.com\/blog\/wp-content\/uploads\/2021\/09\/Cuento-de-Hadas.jpg 715w, https:\/\/www.mumablue.com\/blog\/wp-content\/uploads\/2021\/09\/Cuento-de-Hadas-300x68.jpg 300w, https:\/\/www.mumablue.com\/blog\/wp-content\/uploads\/2021\/09\/Cuento-de-Hadas-624x141.jpg 624w\" sizes=\"(max-width: 715px) 100vw, 715px\" \/><\/a><\/p>\n<p>Este cuento del lobo feroz diferente tambi\u00e9n est\u00e1 disponible por escrito, para que se lo leas directamente si eso es lo que buscabas. Para hacer de la experiencia de lectura algo mucho m\u00e1s m\u00e1gico,<strong> te dejamos una m\u00fasica para que pongas de fondo<\/strong> mientras lees este cuento del lobo feroz diferente.<\/p>\n<p><iframe loading=\"lazy\" src=\"https:\/\/open.spotify.com\/embed\/track\/6bXzAJeEOlPFzgMR1LMNwA\" width=\"600\" height=\"100\" frameborder=\"0\"><span data-mce-type=\"bookmark\" style=\"display: inline-block; width: 0px; overflow: hidden; line-height: 0;\" class=\"mce_SELRES_start\">\ufeff<\/span><\/iframe><\/p>\n<h2>Don Lobo busca trabajo: un cuento del lobo feroz diferente<\/h2>\n<p>Don Lobo no necesita presentaci\u00f3n pues todos vosotros, ni\u00f1os y ni\u00f1as, conoc\u00e9is m\u00e1s que de sobra de qui\u00e9n se trata: es el malo de todos los cuentos\u2026 y, adem\u00e1s, es el que, al final, siempre sale perdiendo.<\/p>\n<p>Pero un buen d\u00eda, don Lobo se hart\u00f3 de su trabajo. No solo se aburr\u00eda de llevar siglos haciendo lo mismo, sino que empezaba a afectarle en el \u00e1nimo que todo el mundo lo temiera y lo odiara.<\/p>\n<p>Lo cierto es que, hasta hace pocos a\u00f1os, don Lobo no era muy consciente de esto. Fue a ra\u00edz de abrirse un perfil en redes sociales cuando se dio cuenta del rechazo que despertaba en las personas. No solo es que nadie le diera \u201cme gustas\u201d cuando publicaba en su Instagram fotos de los platos que hab\u00eda cocinado con los cabritillos, por ejemplo, o que recibiera un mont\u00f3n de tuits ofensivos algunos vegetarianos radicales \u2026 \u00a1Es que hasta hab\u00edan creado el hashtag #BloquearAlLoboFeroz!<\/p>\n<p>Todo aquello hab\u00eda comenzado a pasarle factura, y cada d\u00eda estaba m\u00e1s nervioso, m\u00e1s triste\u2026 \u00a1Y m\u00e1s harto! As\u00ed que decidi\u00f3 cambiar de trabajo.<\/p>\n<p>Don Lobo se dirigi\u00f3 aquella ma\u00f1ana a la Oficina de Empleo del Bosque. Tuvo que madrugar much\u00edsimo para conseguir cita y, a\u00fan as\u00ed, todav\u00eda tuvo que esperar tres interminables horas para ser atendido. Pero, por fin, lleg\u00f3 su turno.<\/p>\n<p>&#8211; \u00bfDon Lobo Feroz? &#8211; pregunt\u00f3 una empleada apareciendo en la sala de espera.<\/p>\n<p>&#8211; S\u00ed, soy yo.<\/p>\n<p>&#8211; Pase, por favor.<\/p>\n<p>Don Lobo acompa\u00f1\u00f3 a la empleada al interior de una peque\u00f1a oficina. Tom\u00f3 asiento y entreg\u00f3 su curr\u00edculum a la funcionaria. Se hizo un largo e inc\u00f3modo silencio mientras \u00e9sta estudiaba su experiencia laboral.<\/p>\n<p>&#8211; Muy bien. Vayamos por partes. Aqu\u00ed dice que ha trabajado usted en el cuento de Los tres cerditos -comenz\u00f3 la funcionaria con tono de estar muy aburrida.<\/p>\n<p>&#8211; As\u00ed es\u2026<\/p>\n<p>&#8211; Bien\u2026 a ra\u00edz de esta experiencia\u2026 \u00bfQu\u00e9 habilidades dir\u00eda usted que tiene?<\/p>\n<p>&#8211; Pues\u2026 \u00a1Una gran capacidad pulmonar! Derrib\u00e9 las casas de esos cerditos tan solo soplando.<\/p>\n<p>&#8211; Interesante\u2026 Le apunto entonces para el puesto de Soplador de molinos de viento\u2026 ahora con todo esto de la energ\u00eda verde hay muchos puestos disponibles. \u00bfQu\u00e9 tipo de casas derrib\u00f3 usted?<\/p>\n<p>&#8211; Una de paja y otra de madera. Con la de ladrillo no pude. No soplo con tanta fuerza\u2026<\/p>\n<p>&#8211; Aham\u2026 entiendo. Entonces, por si acaso, tambi\u00e9n le voy a inscribir es estos puestos: Soplador en f\u00e1brica de vidrio, e Inflador de globos en parques de bolas infantiles -inform\u00f3 la funcionaria mientras tecleaba sin cesar en su ordenador.<\/p>\n<p>&#8211; Tambi\u00e9n ha trabajado usted en el cuento de \u00abLos siete cabritillos\u00bb. \u00bfQu\u00e9 destacar\u00eda de ello? -continu\u00f3 la empleada.<\/p>\n<p>&#8211; Bueno\u2026 pues, consegu\u00ed que los cabritillos me abrieran la puerta\u2026 result\u00e9 muy convincente&#8230;<\/p>\n<p>&#8211; Aj\u00e1, aj\u00e1\u2026 A este puesto tambi\u00e9n puede postular: Vendedor a puerta fr\u00eda.<\/p>\n<p>&#8211; \u00bfEso que es? -pregunt\u00f3 Don lobo, a quien le sonaba a trabajar dentro de una nevera y pasar mucho fr\u00edo.<\/p>\n<p>&#8211; Es el que va por las casas intentando venderle a la gente cosas que no necesita. Hace falta habilidad para lograr que las personas abran la puerta de casa a un desconocido\u2026<\/p>\n<p>&#8211; Ah, vale, perfecto. S\u00ed, yo creo que se me dar\u00eda bien.<\/p>\n<p>&#8211; \u00bfY c\u00f3mo logr\u00f3 usted convencer a los cabritillos para que le abrieran la puerta?<\/p>\n<p>&#8211; Suavic\u00e9 y blanque\u00e9 mi mano con harina\u2026 -respondi\u00f3 don lobo, muy orgulloso<\/p>\n<p>&#8211; Buscaremos algo en el sector de la Cosm\u00e9tica\u2026 -concluy\u00f3, sin emoci\u00f3n, la funcionaria.<\/p>\n<p>&#8211; \u2026 y me aclar\u00e9 la voz con yemas de huevo -interrumpi\u00f3 don lobo.<\/p>\n<p>&#8211; Eso suena interesante, \u00bfpodr\u00eda hacerme una demostraci\u00f3n?<\/p>\n<p>&#8211; \u00a1Claro! \u00bfTiene usted\u2026 ejem\u2026 huevos?<\/p>\n<p>&#8211; Claro, en el sector p\u00fablico tenemos de todo. Aqu\u00ed los tiene.<\/p>\n<p>Don lobo comenz\u00f3 a batir los huevos mientras se excusaba por el esc\u00e1ndalo:<\/p>\n<p>&#8211; Siempre los bato, \u00bfsabe? Me da menos\u2026 <em>asquete<\/em>\u00a0que comerlos enteros crudos.<\/p>\n<p>Una vez l\u00edquidos, se los bebi\u00f3 de solo dos tragos.<\/p>\n<p>&#8211; Adelante, mu\u00e9streme lo que es capaz de hacer -anim\u00f3 la funcionaria.<\/p>\n<p>Entonces don Lobo cant\u00f3 con una voz maravillosa, angelical, aguda y suave.<\/p>\n<p>&#8211; Sorprendente. Le apunto para trabajar como cantante -resolvi\u00f3 la funcionaria de empleo sin dejar ver un atisbo de emoci\u00f3n en su aburrido tono de voz.-<span style=\"font-size: 1rem;\">Sigamos\u2026 aqu\u00ed dice que es usted el lobo de \u00abCaperucita Roja\u00bb. \u00bfDevora abuelitas?<\/span><\/p>\n<p>&#8211; S\u00ed\u2026<\/p>\n<p>&#8211; Bien, usted no puede postular a puestos que impliquen el cuidado de ancianos, por seguridad. Lo voy a dejar aqu\u00ed anotado. \u00bfAlgo que destacar sobre su trabajo en este cuento?<\/p>\n<p>&#8211; Hmmm\u2026 muchas horas de espera en el bosque mientras aparece Caperucita.<\/p>\n<p>De pronto, don lobo escuch\u00f3 con mucha claridad una lejana voz que dec\u00eda, con enfado:<\/p>\n<p>&#8211; \u00a1Que me llamo Antonia!<\/p>\n<p>&#8211; \u00bfHa o\u00eddo usted eso? -pregunt\u00f3 don lobo a la funcionaria.<\/p>\n<p>&#8211; No\u2026 \u00bfEl qu\u00e9?<\/p>\n<p>&#8211; Eso de \u201cMe llamo Antonia\u201d&#8230;<\/p>\n<p>&#8211; Si usted oye voces en su cabeza, me temo que voy a tener que quitarle como postulante a Soplador de globos en fiestas infantiles\u2026<\/p>\n<p>&#8211; Volviendo al tema: soy un lobo con mucha paciencia.<\/p>\n<p>&#8211; Paciencia, entiendo\u2026 Puede trabajar como Investigador cient\u00edfico\u2026<\/p>\n<p>&#8211; Eso aqu\u00ed est\u00e1 muy mal pagado\u2026<\/p>\n<p>&#8211; En un vivero de bons\u00e1is\u2026 Y aqu\u00ed mismo, cara al p\u00fablico en la Oficina de Empleo\u2026 \u00a1Un momento! \u00bfMe quiere usted quitar MI trabajo?<\/p>\n<p>&#8211; \u00a1No, no! \u00a1Pero si lo ha dicho usted!<\/p>\n<p>&#8211; \u00a1Ah, bueno! Pues eso lo tacho. Por si acaso&#8230; -dijo la funcionaria con todo desconfiado.<\/p>\n<p>&#8211; Finalmente, dice usted que ha trabajado en el cuento de \u00abPedro y el lobo\u00bb.<\/p>\n<p>&#8211; S\u00ed, tengo experiencia con mentirosos<\/p>\n<p>&#8211; De-par-ta-mento de propa-ganda elec-toral&#8230; -musit\u00f3 la empleada mientras tecleaba en su ordenador.<\/p>\n<p>&#8211; Y con ovejas\u2026 s\u00e9 c\u00f3mo atraparlas y sujetarlas sin hacerles da\u00f1o, que luego se me tensan, se queda la carne dura y me hago da\u00f1o en los dientes.<\/p>\n<p>&#8211; Como esquilador tendr\u00eda usted mucho futuro, ya apenas quedan profesionales en el mundo.<\/p>\n<p>&#8211; Una pena&#8230;<\/p>\n<p>&#8211; Muy triste. Lo apunto- continu\u00f3 la funcionaria con el mismo tono neutro en su voz.<\/p>\n<p>&#8211; \u00bfIdiomas?<\/p>\n<p>&#8211; Todos a los que se han traducido mis cuentos.<\/p>\n<p>&#8211;\u00a0 \u00bfVeh\u00edculo propio?<\/p>\n<p>&#8211; Hmmm\u2026 no. Podr\u00eda conseguir una bici\u2026 -asegur\u00f3 don Lobo.<\/p>\n<p>-\u00bfDisponibilidad para viajar?<\/p>\n<p>-Mire, es que con todo esto del COVID, a m\u00ed lo de que me metan el palito por la nariz, no me hace mucha ilusi\u00f3n. Ponga que no.<\/p>\n<p>&#8211; \u00bfLe interesan ofertas de teletrabajo?<\/p>\n<p>&#8211; Tengo tres lobeznos (de 2, 4 y 6 a\u00f1os, \u00bfsabe? Mire, aqu\u00ed tengo una foto&#8230;) Teletrabajo, imposible.<\/p>\n<p>&#8211; Muy guapos. Muy bien. Pues eso es todo.<\/p>\n<p>&#8211; \u00bfYa est\u00e1?<\/p>\n<p>&#8211; S\u00ed, le llamaremos cuando nos comuniquen vacantes en alg\u00fan puesto que se ajuste a su perfil.<\/p>\n<p>&#8211; Ah, fenomenal. Por si acaso, adem\u00e1s de la foto de perfil, le dejo una en la que aparezco de frente\u2026 \u00a1Que tenga usted buena tarde!<\/p>\n<p>&#8211; Igualmente.<\/p>\n<p>Don lobo abandon\u00f3 la oficina de empleo. Antes de salir por la puerta escuch\u00f3, a lo lejos, la voz de la funcionaria en la sala de espera.<\/p>\n<p>&#8211; \u00bfDon Capit\u00e1n Garfio? -pregunt\u00f3 aquella voz aburrida y neutra.<\/p>\n<p>&#8211; S\u00ed, yo -respondi\u00f3 una voz rasgada por el ron.<\/p>\n<p>&#8211; Adelante&#8230;<\/p>\n<p>Don Lobo se fue a su cueva y se dispuso a esperar la llamada de la funcionaria. Pero pasaban los d\u00edas y nada, el m\u00f3vil no sonaba. El \u00fanico ruido que hac\u00eda el tel\u00e9fono era el de las notificaciones de tuits poni\u00e9ndole verde.<\/p>\n<p>Una semana y media despu\u00e9s, Don Lobo hab\u00eda perdido la esperanza de poder cambiar de trabajo. \u00a1Estaba condenado a ser el malo del cuento toda la eternidad! Pero una ma\u00f1ana, son\u00f3 el tel\u00e9fono.<\/p>\n<p><span style=\"font-size: 1rem;\">&#8211; \u00bfS\u00ed? \u00bfD\u00edgame?<\/span><\/p>\n<p>&#8211; Buenos d\u00edas, \u00bfDon Lobo Feroz?<\/p>\n<p>&#8211; S\u00ed, soy yo.<\/p>\n<p>&#8211; Le llamo de la Oficina de Empleo del Bosque. Tengo para usted el puesto perfecto. Est\u00e1n interesados en la ONG \u201cSalvemos al Lobo Ib\u00e9rico\u201d, necesitan a alguien en el departamento de recaudaci\u00f3n de fondos. Les ha gustado mucho su perfil. Y tambi\u00e9n su foto de frente. -al otro lado del tel\u00e9fono hablaba la funcionaria, su tono segu\u00eda estando libre de toda emoci\u00f3n.<\/p>\n<p>&#8211; Oh, esa es una gran noticia. Me da usted una alegr\u00eda. \u00bfCu\u00e1ndo empiezo? -pregunt\u00f3 don lobo con gran entusiasmo.<\/p>\n<p>&#8211; En cuanto usted pueda.<\/p>\n<p>&#8211; Perfecto. Deje que hable con mis jefes, los narradores de los cuentos, para presentar mi renuncia formal. Y en cuanto est\u00e9n arreglados los papeles, me incorporo.<\/p>\n<p>&#8211; Muy bien, tan pronto haga usted el papeleo, se pasa por la oficina de empleo.<\/p>\n<p>&#8211; Muchas gracias -finaliz\u00f3 el lobo la conversaci\u00f3n. Y colg\u00f3.<\/p>\n<p>Nada m\u00e1s colgar, don Lobo se puso r\u00e1pidamente en contacto con sus jefes para presentar su renuncia. No hace falta decir la sorpresa y la conmoci\u00f3n que caus\u00f3 en los narradores esta noticia. Le rogaron que se quedara, le ofrecieron un ascenso y que tuviera su propio despacho en el bosque\u2026 \u00a1incluso prometieron subirle el sueldo!<\/p>\n<p>&#8211; \u00a1S\u00ed! \u00a1Ahora! Ahora ya no me interesa\u2026<\/p>\n<p>&#8211; Pero nada, don Lobo estaba decidido. Y muy ilusionado. No s\u00f3lo hab\u00eda conseguido cambiar de trabajo, sino que hab\u00eda encontrado uno much\u00edsimo mejor, uno que le convert\u00eda en el bueno del cuento. \u00a1En una ONG! Eso era una aut\u00e9ntica suerte. Pero entonces, pas\u00f3 algo inesperado\u2026<\/p>\n<p>&#8211; \u00bfHola? \u00bfLobo?<\/p>\n<p>&#8211; S\u00ed, soy yo\u2026 \u00bfQui\u00e9n es?<\/p>\n<p>&#8211; Soy Antonia\u2026<\/p>\n<p>&#8211; \u00bfQu\u00e9 Antonia?<\/p>\n<p>&#8211; \u00a1Antonia Kitty!<\/p>\n<p>Se hizo un silencio. Estaba claro que don Lobo no ten\u00eda ni idea de qui\u00e9n hablaba.<\/p>\n<p>&#8211; \u00a1Caperucita Roja, le\u00f1e! -aclar\u00f3 la voz, ya con cierta impaciencia.<\/p>\n<p>&#8211; Ah, s\u00ed, Caperucita\u2026 dime, dime.<\/p>\n<p>&#8211; Mira, me han llamado los jefes para contarme que vas a dejar el trabajo de lobo de los cuentos. \u00a1Y eso no puede ser! \u00bfSabes? Todos los personajes estamos conmocionados. \u00a1No puedes irte!<\/p>\n<p>&#8211; Lo siento Caperu\u2026 ejem\u2026 Antonia, pero est\u00e1 decidido.<\/p>\n<p>&#8211; Yo siento mucho si te he tratado mal, a ver, \u00bfsabes? Es que soy de car\u00e1cter rebelde. Pero te quiero, <em>atontao<\/em>, eres mi amigo y no quiero que te vayas. Y a mi abuelita\u2026 \u00a1La tienes contenta con esta decisi\u00f3n!<\/p>\n<p>Caperucita estuvo un rato largo intentando disuadirle, pero nada, el lobo estaba decidido a cambiar de empleo. Aunque lo sorprendente lleg\u00f3 despu\u00e9s. Todos los personajes de sus cuentos se pusieron en contacto con \u00e9l para convencerle de que no se fuera: el pastor Pedro, la abuelita, los cerditos, el cazador, mam\u00e1 cabra\u2026 \u00a1Hasta los siete cabritillos se presentaron en su cueva para tratar de convencerlo!<\/p>\n<p>Entonces el lobo entendi\u00f3 lo necesario que era para sus compa\u00f1eros y se dio cuenta de cu\u00e1l era el verdadero problema. As\u00ed que cambi\u00f3 de opini\u00f3n: fue a la oficina de empleo y rechaz\u00f3 el puesto, y, \u00bfsab\u00e9is lo que hizo justo despu\u00e9s? Cerr\u00f3 todos sus perfiles en redes sociales. Con un portazo.<\/p>\n<p>Don Lobo se hab\u00eda dado cuenta de que las personas verdaderamente importantes son las que te conocen de verdad, esas con las que se comparten momentos, las que no te juzgan ni se meten contigo. Las que te ayudan. Don Lobo se hab\u00eda ganado un gran prestigio como malo del cuento con el paso de los siglos \u00a1No necesitaba cambiar de trabajo! Lo que don Lobo necesitaba era quitarse de encima a toda esa gente desconocida y malvada. Y hacerlo fue muy sencillo. A partir de ese momento vivi\u00f3 feliz y no le critic\u00f3 nadie por comerse una perdiz.<\/p>\n<p>Ah, y don Lobo contact\u00f3 con la ONG para colaborar con ella gratis en sus ratos libres. Porque si el jam\u00f3n ib\u00e9rico es importante&#8230; \u00a1El lobo ib\u00e9rico, ni te cuento!<\/p>\n<p>Este es un cuento del lobo feroz diferente porque, lejos de desarrollarse en un entorno de fantas\u00eda, trae al protagonista al mundo real, por lo que los adultos tambi\u00e9n disfrutar\u00e1n con las ocurrencias que tiene la empleada de la oficina de empleo.<\/p>\n<h2><a href=\"https:\/\/www.mumablue.com\/esp\/nuestros-cuentos-personalizados\/la-magia-del-nombre-mi-nino?utm_source=blog&amp;utm_medium=banner&amp;utm_campaign=p\u00e1ginas-audiocuentos&amp;utm_content=cuento-lobo-feroz\" target=\"_blank\" rel=\"noopener noreferrer\"><img decoding=\"async\" loading=\"lazy\" class=\"alignnone wp-image-5002 size-full\" src=\"https:\/\/www.mumablue.com\/blog\/wp-content\/uploads\/2021\/09\/Cuento-de-Hadas.jpg\" alt=\"cuento de Caperucita Roja diferente\" width=\"715\" height=\"162\" srcset=\"https:\/\/www.mumablue.com\/blog\/wp-content\/uploads\/2021\/09\/Cuento-de-Hadas.jpg 715w, https:\/\/www.mumablue.com\/blog\/wp-content\/uploads\/2021\/09\/Cuento-de-Hadas-300x68.jpg 300w, https:\/\/www.mumablue.com\/blog\/wp-content\/uploads\/2021\/09\/Cuento-de-Hadas-624x141.jpg 624w\" sizes=\"(max-width: 715px) 100vw, 715px\" \/><\/a><\/h2>\n<h2>Cuentos de personajes cl\u00e1sicos diferentes \u00a1hay m\u00e1s!<\/h2>\n<p>\u00a1Espera! Esto no es todo. El cuento del lobo feroz diferente se entiende mejor si se conoce \u00ab<span style=\"color: #3366ff;\"><a style=\"color: #3366ff;\" href=\"https:\/\/www.mumablue.com\/blog\/cuento-de-caperucita-roja-diferente-audiocuento-gratis\/\">Caperucita Rebelde<\/a><\/span>\u00ab, el cuento en el que la ni\u00f1a se cansa de protagonizar siempre la misma historia y se rebela contra la narradora de la historia. \u00a1No puedes dejar de le\u00e9rselo! Tambi\u00e9n incluye audiocuento y se ha convertido en uno de los m\u00e1s escuchados del podcast infantil Pequehistorias.<\/p>\n<p>Eso no es todo, los peques tambi\u00e9n disfrutan al m\u00e1ximo de nuestro cuento \u00ab<span style=\"color: #3366ff;\"><a style=\"color: #3366ff;\" href=\"https:\/\/www.mumablue.com\/blog\/cuento-divertido-para-leer\/\">La verdadera historia de Hansel y Gretel<\/a><\/span>\u00bb En \u00e9l, recogemos el testimonio de la bruja del cuento quien, desesperada, desmiente la versi\u00f3n oficial: en realidad los ni\u00f1os eran unos aut\u00e9nticos diablillos que le hicieron la vida imposible y mintieron sobre lo que realmente ocurri\u00f3 en la casita de chocolate. \u00a1No os lo perd\u00e1is!<\/p>\n<p>Si te gustan los cuentos para leer y audiocuentos de Mumablue, comp\u00e1rtelos con otros pap\u00e1s y mam\u00e1s para que ning\u00fan ni\u00f1o se pierda <span style=\"color: #3366ff;\"><a style=\"color: #3366ff;\" href=\"https:\/\/www.buscadordepodcasts.com\/podcasts-infantiles\/\" target=\"_blank\" rel=\"noopener noreferrer\">Pequehistorias, uno de los podcast infantiles de m\u00e1s \u00e9xito en Espa\u00f1a<\/a><\/span>.\u00a0 \u00a1Seguro que este cuento del lobo feroz diferente estar\u00e1 entre sus favoritos!<\/p>\n<div style='text-align:left' class='yasr-auto-insert-visitor'><\/div>","protected":false},"excerpt":{"rendered":"<p>Si buscas un cuento del lobo feroz diferente, pero realmente diferente, has llegado a la p\u00e1gina adecuada. Proponemos una historia loca y muy divertida, un relato que comienza el d\u00eda en el que el lobo de los cuentos se harta de caerle mal a todo el mundo y decide cambiar de trabajo. Acudir\u00e1 a la [&hellip;]<\/p>\n","protected":false},"author":6,"featured_media":0,"parent":0,"menu_order":0,"comment_status":"closed","ping_status":"closed","template":"","meta":{"yasr_overall_rating":0,"yasr_post_is_review":"","yasr_auto_insert_disabled":"","yasr_review_type":""},"yasr_visitor_votes":{"number_of_votes":39,"sum_votes":176,"stars_attributes":{"read_only":false,"span_bottom":false}},"yoast_head":"<!-- This site is optimized with the Yoast SEO plugin v14.5 - https:\/\/yoast.com\/wordpress\/plugins\/seo\/ -->\n<meta name=\"description\" content=\"En este cuento del lobo feroz diferente se propone una divertida trama. Don Lobo se ha cansado de ser el personaje m\u00e1s odiado y decide cambiar de trabajo.\" \/>\n<meta name=\"robots\" content=\"index, follow\" \/>\n<meta name=\"googlebot\" content=\"index, follow, max-snippet:-1, max-image-preview:large, max-video-preview:-1\" \/>\n<meta name=\"bingbot\" content=\"index, follow, max-snippet:-1, max-image-preview:large, max-video-preview:-1\" \/>\n<link rel=\"canonical\" href=\"https:\/\/www.mumablue.com\/blog\/cuento-del-lobo-feroz-diferente-y-muy-divertido\/\" \/>\n<meta property=\"og:locale\" content=\"es_ES\" \/>\n<meta property=\"og:type\" content=\"article\" \/>\n<meta property=\"og:title\" content=\"Cuento del lobo feroz diferente y muy divertido + audiocuento - Blog Mumablue\" \/>\n<meta property=\"og:description\" content=\"En este cuento del lobo feroz diferente se propone una divertida trama. Don Lobo se ha cansado de ser el personaje m\u00e1s odiado y decide cambiar de trabajo.\" \/>\n<meta property=\"og:url\" content=\"https:\/\/www.mumablue.com\/blog\/cuento-del-lobo-feroz-diferente-y-muy-divertido\/\" \/>\n<meta property=\"og:site_name\" content=\"Blog Mumablue\" \/>\n<meta property=\"article:publisher\" content=\"https:\/\/www.facebook.com\/mumablue\/\" \/>\n<meta property=\"article:modified_time\" content=\"2025-06-02T12:57:35+00:00\" \/>\n<meta property=\"og:image\" content=\"https:\/\/www.mumablue.com\/blog\/wp-content\/uploads\/2021\/04\/Don-Lobo-busca-trabajo_.jpg\" \/>\n<meta name=\"twitter:card\" content=\"summary_large_image\" \/>\n<script type=\"application\/ld+json\" class=\"yoast-schema-graph\">{\"@context\":\"https:\/\/schema.org\",\"@graph\":[{\"@type\":\"Organization\",\"@id\":\"https:\/\/www.mumablue.com\/blog\/#organization\",\"name\":\"Mumablue\",\"url\":\"https:\/\/www.mumablue.com\/blog\/\",\"sameAs\":[\"https:\/\/www.facebook.com\/mumablue\/\",\"https:\/\/www.instagram.com\/mumablue\/?hl=es\"],\"logo\":{\"@type\":\"ImageObject\",\"@id\":\"https:\/\/www.mumablue.com\/blog\/#logo\",\"inLanguage\":\"es\",\"url\":\"https:\/\/www.mumablue.com\/blog\/wp-content\/uploads\/2020\/05\/Blog-Mumablue.png\",\"width\":749,\"height\":269,\"caption\":\"Mumablue\"},\"image\":{\"@id\":\"https:\/\/www.mumablue.com\/blog\/#logo\"}},{\"@type\":\"WebSite\",\"@id\":\"https:\/\/www.mumablue.com\/blog\/#website\",\"url\":\"https:\/\/www.mumablue.com\/blog\/\",\"name\":\"Blog Mumablue\",\"description\":\"Un blog de cuentos y audiocuentos gratis para ni\\u00f1os.\",\"publisher\":{\"@id\":\"https:\/\/www.mumablue.com\/blog\/#organization\"},\"potentialAction\":[{\"@type\":\"SearchAction\",\"target\":\"https:\/\/www.mumablue.com\/blog\/?s={search_term_string}\",\"query-input\":\"required name=search_term_string\"}],\"inLanguage\":\"es\"},{\"@type\":\"ImageObject\",\"@id\":\"https:\/\/www.mumablue.com\/blog\/cuento-del-lobo-feroz-diferente-y-muy-divertido\/#primaryimage\",\"inLanguage\":\"es\",\"url\":\"https:\/\/www.mumablue.com\/blog\/wp-content\/uploads\/2021\/04\/Don-Lobo-busca-trabajo_.jpg\",\"width\":500,\"height\":500,\"caption\":\"cuento del lobo feroz diferente\"},{\"@type\":\"WebPage\",\"@id\":\"https:\/\/www.mumablue.com\/blog\/cuento-del-lobo-feroz-diferente-y-muy-divertido\/#webpage\",\"url\":\"https:\/\/www.mumablue.com\/blog\/cuento-del-lobo-feroz-diferente-y-muy-divertido\/\",\"name\":\"Cuento del lobo feroz diferente y muy divertido + audiocuento - Blog Mumablue\",\"isPartOf\":{\"@id\":\"https:\/\/www.mumablue.com\/blog\/#website\"},\"primaryImageOfPage\":{\"@id\":\"https:\/\/www.mumablue.com\/blog\/cuento-del-lobo-feroz-diferente-y-muy-divertido\/#primaryimage\"},\"datePublished\":\"2021-04-28T11:16:47+00:00\",\"dateModified\":\"2025-06-02T12:57:35+00:00\",\"description\":\"En este cuento del lobo feroz diferente se propone una divertida trama. Don Lobo se ha cansado de ser el personaje m\\u00e1s odiado y decide cambiar de trabajo.\",\"inLanguage\":\"es\",\"potentialAction\":[{\"@type\":\"ReadAction\",\"target\":[\"https:\/\/www.mumablue.com\/blog\/cuento-del-lobo-feroz-diferente-y-muy-divertido\/\"]}]}]}<\/script>\n<!-- \/ Yoast SEO plugin. -->","_links":{"self":[{"href":"https:\/\/www.mumablue.com\/blog\/wp-json\/wp\/v2\/pages\/3882"}],"collection":[{"href":"https:\/\/www.mumablue.com\/blog\/wp-json\/wp\/v2\/pages"}],"about":[{"href":"https:\/\/www.mumablue.com\/blog\/wp-json\/wp\/v2\/types\/page"}],"author":[{"embeddable":true,"href":"https:\/\/www.mumablue.com\/blog\/wp-json\/wp\/v2\/users\/6"}],"replies":[{"embeddable":true,"href":"https:\/\/www.mumablue.com\/blog\/wp-json\/wp\/v2\/comments?post=3882"}],"version-history":[{"count":11,"href":"https:\/\/www.mumablue.com\/blog\/wp-json\/wp\/v2\/pages\/3882\/revisions"}],"predecessor-version":[{"id":7584,"href":"https:\/\/www.mumablue.com\/blog\/wp-json\/wp\/v2\/pages\/3882\/revisions\/7584"}],"wp:attachment":[{"href":"https:\/\/www.mumablue.com\/blog\/wp-json\/wp\/v2\/media?parent=3882"}],"curies":[{"name":"wp","href":"https:\/\/api.w.org\/{rel}","templated":true}]}}