{"id":3729,"date":"2021-03-24T18:12:43","date_gmt":"2021-03-24T18:12:43","guid":{"rendered":"https:\/\/mumablue.com\/blog\/?page_id=3729"},"modified":"2025-03-28T12:59:49","modified_gmt":"2025-03-28T12:59:49","slug":"cuentos-de-historia-para-ninos","status":"publish","type":"page","link":"https:\/\/www.mumablue.com\/blog\/cuentos-de-historia-para-ninos\/","title":{"rendered":"Cuentos de historia para ni\u00f1os y mitolog\u00eda"},"content":{"rendered":"<div id=\"buzzsprout-player-8194296\"><\/div>\n<p><script src=\"https:\/\/www.buzzsprout.com\/937792\/8194296-cleopatra-la-ultima-reina-de-egipto.js?container_id=buzzsprout-player-8194296&#038;player=small\" type=\"text\/javascript\" charset=\"utf-8\"><\/script><\/p>\n<div id=\"buzzsprout-player-9628528\"><\/div>\n<p><script src=\"https:\/\/www.buzzsprout.com\/937792\/9628528-beethoven-el-musico-sordo.js?container_id=buzzsprout-player-9628528&#038;player=small\" type=\"text\/javascript\" charset=\"utf-8\"><\/script><\/p>\n<div id=\"buzzsprout-player-8658924\"><\/div>\n<p><script src=\"https:\/\/www.buzzsprout.com\/937792\/8658924-marie-curie-la-extraordinaria-cientifica.js?container_id=buzzsprout-player-8658924&#038;player=small\" type=\"text\/javascript\" charset=\"utf-8\"><\/script><\/p>\n<div id=\"buzzsprout-player-9511471\"><\/div>\n<p><script src=\"https:\/\/www.buzzsprout.com\/937792\/9511471-el-mito-de-aracne.js?container_id=buzzsprout-player-9511471&#038;player=small\" type=\"text\/javascript\" charset=\"utf-8\"><\/script><\/p>\n<div id=\"buzzsprout-player-8577679\"><\/div>\n<p><script src=\"https:\/\/www.buzzsprout.com\/937792\/8577679-el-mito-de-medusa.js?container_id=buzzsprout-player-8577679&#038;player=small\" type=\"text\/javascript\" charset=\"utf-8\"><\/script><\/p>\n<div id=\"buzzsprout-player-6612925\"><\/div>\n<p><script src=\"https:\/\/www.buzzsprout.com\/937792\/6612925-el-mito-de-narciso.js?container_id=buzzsprout-player-6612925&#038;player=small\" type=\"text\/javascript\" charset=\"utf-8\"><\/script><\/p>\n<div id=\"buzzsprout-player-3829139\"><\/div>\n<p><script src=\"https:\/\/www.buzzsprout.com\/937792\/3829139-el-mito-de-eco.js?container_id=buzzsprout-player-3829139&#038;player=small\" type=\"text\/javascript\" charset=\"utf-8\"><\/script><\/p>\n<h2>Audiocuentos de historia para ni\u00f1os<\/h2>\n<p>En <span style=\"color: #3366ff;\"><a style=\"color: #3366ff;\" href=\"https:\/\/www.mumablue.com\/esp\/nuestros-cuentos-personalizados?utm_source=blog&amp;utm_medium=link&amp;utm_campaign=p\u00e1ginas-audiocuentos&amp;utm_content=cuentos-de-mitologia\">Mumablue<\/a><\/span> creemos firmemente que aprender es divertido y que <strong>poseer una amplia cultura es fruto de una labor que comienza en la infancia<\/strong> a trav\u00e9s de lo que los ni\u00f1os leen, ven y escuchan. Por eso hemos inaugurado una secci\u00f3n de cuentos de historia para ni\u00f1os que les ofrezca la posibilidad de conocer episodios o personajes hist\u00f3ricos de enorme trascendencia.<\/p>\n<p><strong>Existen dos tipos de adultos: los que aman la historia y los que la odian.<\/strong> La \u00fanica diferencia entre ambos tipos de personas suele estar en el profesor de historia que tuvieron en el colegio o instituto. Con esto queremos decir que lo m\u00e1s importante a la hora de despertar inter\u00e9s por la historia en los m\u00e1s peque\u00f1os es c\u00f3mo se cuente, <strong>ser capaces de hacer de todo relato un cuento que se entienda<\/strong>, centrado en las personas, en los acontecimientos extraordinarios, m\u00e1s que en las fechas o en los infumables \u00e1rboles geneal\u00f3gicos.<\/p>\n<p><strong>En Mumablue queremos ser ese profe de historia que molaba un huevo<\/strong>, el que contaba las cosas con pasi\u00f3n, el que lograba que los alumnos se colaran en otro siglo s\u00f3lo con escuchar sus palabras, que pelearan junto a Napole\u00f3n, que navegaran por aguas del Caribe junto a Barbanegra, que conjuraran junto a Rasput\u00edn, que asistieran a un combate de gladiadores en Roma.<\/p>\n<p>Los cuentos de historia para ni\u00f1os que realizamos en Mumablue <strong>est\u00e1n bien documentados y son fieles a la realidad hist\u00f3rica com\u00fanmente aceptada<\/strong>, pero no podemos olvidarnos de que nuestros oyentes son demasiado peque\u00f1os como para comprender algunos de los episodios m\u00e1s s\u00f3rdidos presentes en todo relato hist\u00f3rico. Es por eso que este tipo de acontecimientos los obviamos, los suavizamos o los desdramatizamos a trav\u00e9s del humor.<\/p>\n<p>Precisamente <strong>el humor es uno de los ingredientes estrella de los cuentos de historia para ni\u00f1os<\/strong> que grabamos en Mumablue, ya que ayuda tambi\u00e9n a aligerar un relato que, por sus propias caracter\u00edsticas y su condensaci\u00f3n de hechos, podr\u00eda pasar a ser un ladrillo. Para evitar convertirnos en aquel profesor tost\u00f3n de historia que muchos tuvieron, <strong>utilizamos el recurso del teatro radiof\u00f3nico, intercalando sketches teatralizados muy divertidos<\/strong>.<\/p>\n<p>Nuestro primer audiocuento de historia para ni\u00f1os tiene como protagonista a la gran Cleopatra, no s\u00f3lo por ser una de las figuras m\u00e1s importantes y que explica el declive del antiguo Egipto y marca el comienzo del esplendor de Roma, sino porque se trata de <strong>una figura hist\u00f3rica de gran atractivo, muy presente en el imaginario colectivo<\/strong>, tambi\u00e9n en el de los ni\u00f1os, gracias a que ha sido tratado en el cine, la televisi\u00f3n y los libros en numerosas ocasiones. Y la gente nunca se cansa de escuchar hablar de una reina a la que, <strong>si bien el cine ha convertido en una mujer de deslumbrante belleza<\/strong>, lo cierto es que sus encantos estaban m\u00e1s asociados a su cultura, su inteligencia, su poder militar&#8230; y otras \u00abartes\u00bb que aqu\u00ed no diremos por estar en horario infantil \ud83d\ude1c.<\/p>\n<h6>*Los audiocuentos de Mumablue utilizan m\u00fasicas de Dominio P\u00fabico o con Licencia Creative Commons en sus variantes 1.0, 3.0 y 4.0, interpretadas por <strong>Alexander Nakarada, Kevin MacLeod, Rafael Krux, Frank Nora, Arthur Fordsworthy, Brian Boyko, Phase Shift y Bryan Tech, <\/strong>obtenidas a trav\u00e9s de <a href=\"https:\/\/freepd.com\/\" target=\"_blank\" rel=\"noopener noreferrer\">freepd.com<\/a>.<\/h6>\n<p><a href=\"https:\/\/www.mumablue.com\/blog\/wp-content\/uploads\/2021\/03\/Audiocuentos-hist\u00f3ricos.jpg\"><img decoding=\"async\" loading=\"lazy\" class=\"alignnone size-full wp-image-3751\" src=\"https:\/\/www.mumablue.com\/blog\/wp-content\/uploads\/2021\/03\/Audiocuentos-hist\u00f3ricos.jpg\" alt=\"cuentos de historia para ni\u00f1os\" width=\"96\" height=\"96\" \/><\/a><a href=\"https:\/\/www.mumablue.com\/blog\/pequehistorias\">\u00a0 <span style=\"color: #0000ff;\">Volver a Todas las Pequehistorias<\/span><\/a><\/p>\n<div style='text-align:left' class='yasr-auto-insert-visitor'><\/div>","protected":false},"excerpt":{"rendered":"<p>Audiocuentos de historia para ni\u00f1os En Mumablue creemos firmemente que aprender es divertido y que poseer una amplia cultura es fruto de una labor que comienza en la infancia a trav\u00e9s de lo que los ni\u00f1os leen, ven y escuchan. Por eso hemos inaugurado una secci\u00f3n de cuentos de historia para ni\u00f1os que les ofrezca [&hellip;]<\/p>\n","protected":false},"author":6,"featured_media":0,"parent":0,"menu_order":0,"comment_status":"closed","ping_status":"closed","template":"","meta":{"yasr_overall_rating":0,"yasr_post_is_review":"","yasr_auto_insert_disabled":"","yasr_review_type":""},"yasr_visitor_votes":{"number_of_votes":38,"sum_votes":168,"stars_attributes":{"read_only":false,"span_bottom":false}},"yoast_head":"<!-- This site is optimized with the Yoast SEO plugin v14.5 - https:\/\/yoast.com\/wordpress\/plugins\/seo\/ -->\n<meta name=\"description\" content=\"Audio cuentos de historia para ni\u00f1os muy bien documentados, fieles a la historia y muy divertidos. \u00a1Material did\u00e1ctico infantil para profesores gratis!\" \/>\n<meta name=\"robots\" content=\"index, follow\" \/>\n<meta name=\"googlebot\" content=\"index, follow, max-snippet:-1, max-image-preview:large, max-video-preview:-1\" \/>\n<meta name=\"bingbot\" content=\"index, follow, max-snippet:-1, max-image-preview:large, max-video-preview:-1\" \/>\n<link rel=\"canonical\" href=\"https:\/\/www.mumablue.com\/blog\/cuentos-de-historia-para-ninos\/\" \/>\n<meta property=\"og:locale\" content=\"es_ES\" \/>\n<meta property=\"og:type\" content=\"article\" \/>\n<meta property=\"og:title\" content=\"Cuentos de historia para ni\u00f1os y mitolog\u00eda - Blog Mumablue\" \/>\n<meta property=\"og:description\" content=\"Audio cuentos de historia para ni\u00f1os muy bien documentados, fieles a la historia y muy divertidos. \u00a1Material did\u00e1ctico infantil para profesores gratis!\" \/>\n<meta property=\"og:url\" content=\"https:\/\/www.mumablue.com\/blog\/cuentos-de-historia-para-ninos\/\" \/>\n<meta property=\"og:site_name\" content=\"Blog Mumablue\" \/>\n<meta property=\"article:publisher\" content=\"https:\/\/www.facebook.com\/mumablue\/\" \/>\n<meta property=\"article:modified_time\" content=\"2025-03-28T12:59:49+00:00\" \/>\n<meta property=\"og:image\" content=\"https:\/\/www.mumablue.com\/blog\/wp-content\/uploads\/2021\/03\/Audiocuentos-hist\u00f3ricos.jpg\" \/>\n<meta name=\"twitter:card\" content=\"summary_large_image\" \/>\n<script type=\"application\/ld+json\" class=\"yoast-schema-graph\">{\"@context\":\"https:\/\/schema.org\",\"@graph\":[{\"@type\":\"Organization\",\"@id\":\"https:\/\/www.mumablue.com\/blog\/#organization\",\"name\":\"Mumablue\",\"url\":\"https:\/\/www.mumablue.com\/blog\/\",\"sameAs\":[\"https:\/\/www.facebook.com\/mumablue\/\",\"https:\/\/www.instagram.com\/mumablue\/?hl=es\"],\"logo\":{\"@type\":\"ImageObject\",\"@id\":\"https:\/\/www.mumablue.com\/blog\/#logo\",\"inLanguage\":\"es\",\"url\":\"https:\/\/www.mumablue.com\/blog\/wp-content\/uploads\/2020\/05\/Blog-Mumablue.png\",\"width\":749,\"height\":269,\"caption\":\"Mumablue\"},\"image\":{\"@id\":\"https:\/\/www.mumablue.com\/blog\/#logo\"}},{\"@type\":\"WebSite\",\"@id\":\"https:\/\/www.mumablue.com\/blog\/#website\",\"url\":\"https:\/\/www.mumablue.com\/blog\/\",\"name\":\"Blog Mumablue\",\"description\":\"Un blog de cuentos y audiocuentos gratis para ni\\u00f1os.\",\"publisher\":{\"@id\":\"https:\/\/www.mumablue.com\/blog\/#organization\"},\"potentialAction\":[{\"@type\":\"SearchAction\",\"target\":\"https:\/\/www.mumablue.com\/blog\/?s={search_term_string}\",\"query-input\":\"required name=search_term_string\"}],\"inLanguage\":\"es\"},{\"@type\":\"ImageObject\",\"@id\":\"https:\/\/www.mumablue.com\/blog\/cuentos-de-historia-para-ninos\/#primaryimage\",\"inLanguage\":\"es\",\"url\":\"https:\/\/www.mumablue.com\/blog\/wp-content\/uploads\/2021\/03\/Audiocuentos-hist\\u00f3ricos.jpg\",\"width\":96,\"height\":96,\"caption\":\"cuentos de historia para ni\\u00f1os\"},{\"@type\":\"WebPage\",\"@id\":\"https:\/\/www.mumablue.com\/blog\/cuentos-de-historia-para-ninos\/#webpage\",\"url\":\"https:\/\/www.mumablue.com\/blog\/cuentos-de-historia-para-ninos\/\",\"name\":\"Cuentos de historia para ni\\u00f1os y mitolog\\u00eda - Blog Mumablue\",\"isPartOf\":{\"@id\":\"https:\/\/www.mumablue.com\/blog\/#website\"},\"primaryImageOfPage\":{\"@id\":\"https:\/\/www.mumablue.com\/blog\/cuentos-de-historia-para-ninos\/#primaryimage\"},\"datePublished\":\"2021-03-24T18:12:43+00:00\",\"dateModified\":\"2025-03-28T12:59:49+00:00\",\"description\":\"Audio cuentos de historia para ni\\u00f1os muy bien documentados, fieles a la historia y muy divertidos. \\u00a1Material did\\u00e1ctico infantil para profesores gratis!\",\"inLanguage\":\"es\",\"potentialAction\":[{\"@type\":\"ReadAction\",\"target\":[\"https:\/\/www.mumablue.com\/blog\/cuentos-de-historia-para-ninos\/\"]}]}]}<\/script>\n<!-- \/ Yoast SEO plugin. -->","_links":{"self":[{"href":"https:\/\/www.mumablue.com\/blog\/wp-json\/wp\/v2\/pages\/3729"}],"collection":[{"href":"https:\/\/www.mumablue.com\/blog\/wp-json\/wp\/v2\/pages"}],"about":[{"href":"https:\/\/www.mumablue.com\/blog\/wp-json\/wp\/v2\/types\/page"}],"author":[{"embeddable":true,"href":"https:\/\/www.mumablue.com\/blog\/wp-json\/wp\/v2\/users\/6"}],"replies":[{"embeddable":true,"href":"https:\/\/www.mumablue.com\/blog\/wp-json\/wp\/v2\/comments?post=3729"}],"version-history":[{"count":17,"href":"https:\/\/www.mumablue.com\/blog\/wp-json\/wp\/v2\/pages\/3729\/revisions"}],"predecessor-version":[{"id":7414,"href":"https:\/\/www.mumablue.com\/blog\/wp-json\/wp\/v2\/pages\/3729\/revisions\/7414"}],"wp:attachment":[{"href":"https:\/\/www.mumablue.com\/blog\/wp-json\/wp\/v2\/media?parent=3729"}],"curies":[{"name":"wp","href":"https:\/\/api.w.org\/{rel}","templated":true}]}}