{"id":3519,"date":"2021-01-13T10:55:44","date_gmt":"2021-01-13T10:55:44","guid":{"rendered":"https:\/\/mumablue.com\/blog\/?page_id=3519"},"modified":"2025-05-29T12:58:03","modified_gmt":"2025-05-29T12:58:03","slug":"cuento-de-navidad-para-leer-a-los-ninos","status":"publish","type":"page","link":"https:\/\/www.mumablue.com\/blog\/cuento-de-navidad-para-leer-a-los-ninos\/","title":{"rendered":"Cuento de Navidad para leer a los ni\u00f1os + audiocuento"},"content":{"rendered":"<p><img decoding=\"async\" loading=\"lazy\" class=\"alignnone size-full wp-image-3529\" src=\"https:\/\/www.mumablue.com\/blog\/wp-content\/uploads\/2021\/01\/Cuento-con-Pap\u00e1-Noel-para-leer.jpg\" alt=\" cuento de Navidad para leer\" width=\"500\" height=\"500\" srcset=\"https:\/\/www.mumablue.com\/blog\/wp-content\/uploads\/2021\/01\/Cuento-con-Pap\u00e1-Noel-para-leer.jpg 500w, https:\/\/www.mumablue.com\/blog\/wp-content\/uploads\/2021\/01\/Cuento-con-Pap\u00e1-Noel-para-leer-300x300.jpg 300w, https:\/\/www.mumablue.com\/blog\/wp-content\/uploads\/2021\/01\/Cuento-con-Pap\u00e1-Noel-para-leer-150x150.jpg 150w\" sizes=\"(max-width: 500px) 100vw, 500px\" \/><\/p>\n<p>\u00bfBuscas un cuento de Navidad para leer a los ni\u00f1os? \u00a1Has llegado al lugar adecuado! En esta historia, Mumablue, el protagonista, es recompensado por su generosidad. <strong>El premio ser\u00e1 viajar a conocer la aldea de Pap\u00e1 Noel, en el Polo Norte.<\/strong> All\u00ed conocer\u00e1 a los diferentes clanes de elfos que se encargan de que todo est\u00e9 preparado y descubrir\u00e1 incre\u00edbles secretos que hacen posible que todos los ni\u00f1os del mundo reciban su regalo cada Navidad. \u00a1Un cuento de Navidad para leer que les encanta!<\/p>\n<h2>Mi cuento de Navidad para escuchar<\/h2>\n<p>Antes de que llegues al texto,\u00a0 te dejamos una sorpresa <strong>\u00abMi cuento de Navidad\u00bb en versi\u00f3n audiocuento, narrado y montado con m\u00fasicas<\/strong> y efectos muy navide\u00f1os que har\u00e1n de la escucha una experiencia sensorial realmente m\u00e1gica. Gracias a la ambientaci\u00f3n sonora, tu peque creer\u00e1 estar en la mism\u00edsima aldea de Pap\u00e1 Noel. Con <strong>m\u00e1s de 27.000 escuchas<\/strong>, se ha convertido en uno de los audiocuentos de Mumablue m\u00e1s exitoso para el per\u00edodo navide\u00f1o. \u00a1No te lo pierdas!<\/p>\n<h6><script src=\"https:\/\/www.buzzsprout.com\/937792\/6510787-mi-cuento-de-navidad.js?container_id=buzzsprout-player-6510787&amp;player=small\" type=\"text\/javascript\" charset=\"utf-8\"><\/script>M\u00fasicas \u00abWe wish you a merry Christmas\u00bb y \u00abJingle bells\u00bb en\u00a0 CC3.0 ,\u00a0<span style=\"color: #3366ff;\"><a style=\"color: #3366ff;\" href=\"https:\/\/incompetech.com\/music\/royalty-free\/?genre=Holiday\" target=\"_blank\" rel=\"noopener noreferrer\">por Kevin MacLeod<\/a>.<\/span><\/h6>\n<p><a href=\"https:\/\/www.mumablue.com\/esp\/nuestros-cuentos-personalizados\/cuento-personalizado-de-navidad?utm_source=blog&amp;utm_medium=banner&amp;utm_campaign=p\u00e1ginas-audiocuentos&amp;utm_content=cuento-navidad-leer\"><img decoding=\"async\" loading=\"lazy\" class=\"alignnone wp-image-5286\" src=\"https:\/\/www.mumablue.com\/blog\/wp-content\/uploads\/2021\/11\/Cuento-personalizado-de-Navidad-1.jpg\" alt=\"cuento de Navidad para leer\" width=\"715\" height=\"162\" srcset=\"https:\/\/www.mumablue.com\/blog\/wp-content\/uploads\/2021\/11\/Cuento-personalizado-de-Navidad-1.jpg 815w, https:\/\/www.mumablue.com\/blog\/wp-content\/uploads\/2021\/11\/Cuento-personalizado-de-Navidad-1-300x68.jpg 300w, https:\/\/www.mumablue.com\/blog\/wp-content\/uploads\/2021\/11\/Cuento-personalizado-de-Navidad-1-768x174.jpg 768w, https:\/\/www.mumablue.com\/blog\/wp-content\/uploads\/2021\/11\/Cuento-personalizado-de-Navidad-1-624x142.jpg 624w\" sizes=\"(max-width: 715px) 100vw, 715px\" \/><\/a><\/p>\n<h3><img decoding=\"async\" loading=\"lazy\" class=\"alignnone wp-image-583 ls-is-cached lazyloaded\" src=\"https:\/\/www.mumablue.com\/blog\/wp-content\/uploads\/2020\/03\/favicon.ico\" alt=\"\" width=\"44\" height=\"44\" data-src=\"https:\/\/www.mumablue.com\/blog\/wp-content\/uploads\/2020\/03\/favicon.ico\" \/>\u00a0 <span style=\"color: #800080;\">\u00a1\u00danete al\u00a0<span style=\"color: #3366ff;\"><a style=\"color: #3366ff;\" href=\"https:\/\/www.mumablue.com\/esp\/inicio#mumaClub\" target=\"_blank\" rel=\"noopener\">MumaClub<\/a><\/span>\u00a0y consigue 10% descuento en cuentos personalizados!<\/span><\/h3>\n<p>Si lo que deseas es leer t\u00fa mismo este cuento de Navidad para ni\u00f1os, a continuaci\u00f3n puedes encontrar el texto \u00bfQuieres que la lectura de este cuento sea una experiencia realmente m\u00e1gica?<strong> Te dejamos una m\u00fasica para que puedas ponerla de fondo.<\/strong> \u00a1Ah! Y si quieres convertir la experiencia en algo a\u00fan m\u00e1s m\u00e1gico, puedes sustituir el nombre del protagonista por el de tu peque.<\/p>\n<p><iframe style=\"border: 0; width: 100%; height: 42px;\" src=\"https:\/\/bandcamp.com\/EmbeddedPlayer\/album=2337403151\/size=small\/bgcol=ffffff\/linkcol=0687f5\/track=3915847484\/transparent=true\/\" seamless=\"\"><a href=\"https:\/\/alexandernakarada.bandcamp.com\/album\/collection-christmas\">Collection &#8211; Christmas by Alexander Nakarada<\/a><\/iframe><\/p>\n<h2>\u00abMi Cuento de Navidad\u00bb para leer<\/h2>\n<p>Faltan pocos d\u00edas para Navidad. Pap\u00e1 Noel y sus elfos trabajan contrarreloj en la preparaci\u00f3n de los regalos. Pero una carta ha hecho saltar todas las alarmas: Mumablue no ha pedido ning\u00fan regalo para s\u00ed mismo. \u00a1No s\u00f3lo est\u00e1 en la Lista de los Buenos, sino que ha llegado al tope del medidor de generosidad!<\/p>\n<p>Pap\u00e1 Noel contacta con Toul\u00ef, la elfa encargada de vigilar a Mumablue. \u00c9sta le confirma que el ni\u00f1o ha escrito una carta pensando antes en su familia que en \u00e9l mismo, y que, adem\u00e1s, se ha portado muy bien todo el a\u00f1o.<\/p>\n<p>Pap\u00e1 Noel y los elfos se re\u00fanen para ver c\u00f3mo abordan una situaci\u00f3n tan excepcional. Tras deliberar, deciden recompensar a Mumablue por su generosidad: \u00a1Le invitar\u00e1n a La Villa de Pap\u00e1 Noel y conocer\u00e1 su m\u00e1gico mundo!<\/p>\n<p>&#8211; Toul\u00ef se encargar\u00e1 de guiarle hasta aqu\u00ed &#8211; ordena Pap\u00e1 Noel.<\/p>\n<p>Toul\u00ef conduce a un estupefacto Mumablue por un laberinto de puertas m\u00e1gicas que conectan todos los rincones del mundo con la Villa de Pap\u00e1 Noel. \u00a1Es incre\u00edble! \u00a1Jam\u00e1s hubiera imaginado que existiera algo as\u00ed! &#8211; exclama Mumablue.<\/p>\n<p><img decoding=\"async\" loading=\"lazy\" class=\"alignnone size-full wp-image-3540\" src=\"https:\/\/www.mumablue.com\/blog\/wp-content\/uploads\/2021\/01\/Cuento-elfos-navidad.jpg\" alt=\"cuento navide\u00f1o para ni\u00f1os\" width=\"500\" height=\"299\" srcset=\"https:\/\/www.mumablue.com\/blog\/wp-content\/uploads\/2021\/01\/Cuento-elfos-navidad.jpg 500w, https:\/\/www.mumablue.com\/blog\/wp-content\/uploads\/2021\/01\/Cuento-elfos-navidad-300x179.jpg 300w\" sizes=\"(max-width: 500px) 100vw, 500px\" \/><\/p>\n<p>Una vez que llegan a la plaza de la aldea, Mumablue no puede creer lo que ven sus ojos. La Villa de Pap\u00e1 Noel est\u00e1 cubierta por capas de nieve m\u00e1gica. Duendes, renos y <em>huskies<\/em> est\u00e1n por todos lados trabajando duro para gestionar hasta el \u00faltimo detalle de la fabricaci\u00f3n y entrega de todos los regalos de Navidad del mundo. \u00a1Que lugar tan m\u00e1gico!<\/p>\n<p>&#8211; Ho, ho, ho. Bienvenido, Mumablue. Nos hace muy felices conocerte. &#8211; saluda Pap\u00e1 Noel.<\/p>\n<p>Lo primero que le muestran es la Oficina de Correos, donde se clasifican todas las cartas y los e-mails que env\u00edan los ni\u00f1os. Aqu\u00ed es donde los elfos encargados del correo reciben los informes semanales que otros elfos realizan sobre los ni\u00f1os que vigilan durante todo el a\u00f1o.<\/p>\n<p>&#8211; Aqu\u00ed es donde lleg\u00f3 tu carta, Mumablue -explica Toul\u00ef.<\/p>\n<p>Pap\u00e1 Noel lleva a Mumablue hasta el Taller de Juguetes. Habilidosos elfos combinan inteligencia y magia para fabricar monta\u00f1as de juguetes en tiempo r\u00e9cord. Y lo hacen siguiendo las indicaciones de los ingeniosos elfos que los inventan. \u00a1Es incre\u00edble la enorme pila de juguetes!<\/p>\n<p>Lo que m\u00e1s sorprende a Mumablue es el Invernadero Encantado. En \u00e9l se cultivan Flores de Pascua muy especiales, ya que de ellas nacen los beb\u00e9s elfo.<\/p>\n<p>&#8211; \u00a1Es uno de los lugares m\u00e1s importantes del Polo Norte! -le explica Pap\u00e1 Noel.<\/p>\n<p><img decoding=\"async\" loading=\"lazy\" class=\"alignnone size-full wp-image-3534\" src=\"https:\/\/www.mumablue.com\/blog\/wp-content\/uploads\/2021\/01\/Cuento-aldea-santa-claus.jpg\" alt=\"cuento de Navidad para leer\" width=\"500\" height=\"405\" srcset=\"https:\/\/www.mumablue.com\/blog\/wp-content\/uploads\/2021\/01\/Cuento-aldea-santa-claus.jpg 500w, https:\/\/www.mumablue.com\/blog\/wp-content\/uploads\/2021\/01\/Cuento-aldea-santa-claus-300x243.jpg 300w\" sizes=\"(max-width: 500px) 100vw, 500px\" \/><\/p>\n<p>El Rancho Polar es alucinante. En sus acogedores establos descansan los renos junto con los perros <em>huskies<\/em> y otros animales de la aldea como conejos y zorros. Los elfos que viven con ellos se encargan de su cuidado protegi\u00e9ndolos de las tormentas y de los lobos.<\/p>\n<p>\u00a1Es incre\u00edble la majestuosidad de La Gran Biblioteca! En ella no s\u00f3lo se encuentran libros antiguos con la historia de la Villa, tambi\u00e9n se guardan los Grandes Libros en los que est\u00e1 escrita la historia de cada ni\u00f1o que hay en el mundo.<\/p>\n<p>&#8211; Ojal\u00e1 tuviera una as\u00ed en mi casa &#8211; anhela Mumablue.<\/p>\n<p>Pero lo realmente incre\u00edble es descubrir que el trineo de Pap\u00e1 Noel cuenta con un compartimento m\u00e1gico que se va haciendo m\u00e1s y m\u00e1s grande cuanto mayor es el n\u00famero de regalos que se metan en \u00e9l. \u00a1Magn\u00edfico!<\/p>\n<p>&#8211; \u00a1As\u00ed puedo repartirlos todos en un solo viaje! &#8211; se r\u00ede Pap\u00e1 Noel.<\/p>\n<p>Mumablue y Pap\u00e1 Noel se dirigen hacia el \u00faltimo lugar de la visita: la cocina de la Villa. Pero parece que algo va mal. Tanto Gordot, el jefe de cocina, como varios elfos encargados de cocinar para todo el poblado, flotan por los aires.<\/p>\n<p><img decoding=\"async\" loading=\"lazy\" class=\"alignnone size-full wp-image-3537\" src=\"https:\/\/www.mumablue.com\/blog\/wp-content\/uploads\/2021\/01\/cuento-navidad-para-ni\u00f1os.jpg\" alt=\"cuento de papa noel para leer\" width=\"500\" height=\"311\" srcset=\"https:\/\/www.mumablue.com\/blog\/wp-content\/uploads\/2021\/01\/cuento-navidad-para-ni\u00f1os.jpg 500w, https:\/\/www.mumablue.com\/blog\/wp-content\/uploads\/2021\/01\/cuento-navidad-para-ni\u00f1os-300x187.jpg 300w\" sizes=\"(max-width: 500px) 100vw, 500px\" \/><\/p>\n<p>Un elfo aprendiz ha confundido los brotes para ensalada con el liquen m\u00e1gico, ese que deben comer los renos dos veces al d\u00eda para poder volar y tirar del trineo de Pap\u00e1 Noel. \u00a1Y se ha terminado!<\/p>\n<p>&#8211; \u00a1Si no hacemos algo, ning\u00fan ni\u00f1o recibir\u00e1 su regalo de Navidad! &#8211; se lamenta Gordot.<\/p>\n<p>Es un aut\u00e9ntico problema: la cosecha de liquen especial ya ha sido recogida. No queda ni uno en las orillas del Lago M\u00e1gico. El liquen especial solo crece all\u00ed porque hace mucho tiempo cay\u00f3 una estrella del cielo y lo impregn\u00f3 todo con su polvo estelar. \u00a1Sin \u00e9l, no se puede preparar liquen m\u00e1gico!<\/p>\n<p>Pap\u00e1 Noel se queda pensativo. Les dice que cree que existe otro lugar donde es posible encontrar liquen especial, \u00a1pero no recuerda d\u00f3nde ni por qu\u00e9 lo sabe! Mumablue asegura que la respuesta a todas las preguntas del mundo est\u00e1n en los libros:<\/p>\n<p>-\u00a1Miremos en la Gran Biblioteca! All\u00ed descubriremos si existe ese lugar.<\/p>\n<p><a href=\"https:\/\/www.mumablue.com\/esp\/cuentos-personalizados-navidad?utm_source=blog&amp;utm_medium=banner&amp;utm_campaign=p\u00e1ginas-audiocuentos&amp;utm_content=cuento-navidad-leer\" target=\"_blank\" rel=\"noopener noreferrer\"><img decoding=\"async\" loading=\"lazy\" class=\"alignnone wp-image-6585 size-full\" src=\"https:\/\/www.mumablue.com\/blog\/wp-content\/uploads\/2022\/11\/BANNER-BLOG-NAVIDAD-2.jpg\" alt=\"\" width=\"715\" height=\"216\" srcset=\"https:\/\/www.mumablue.com\/blog\/wp-content\/uploads\/2022\/11\/BANNER-BLOG-NAVIDAD-2.jpg 715w, https:\/\/www.mumablue.com\/blog\/wp-content\/uploads\/2022\/11\/BANNER-BLOG-NAVIDAD-2-300x91.jpg 300w, https:\/\/www.mumablue.com\/blog\/wp-content\/uploads\/2022\/11\/BANNER-BLOG-NAVIDAD-2-624x189.jpg 624w\" sizes=\"(max-width: 715px) 100vw, 715px\" \/><\/a><\/p>\n<p>Tras mucho buscar entre las altas y congestionadas librer\u00edas de la Gran Biblioteca, dan con un antiqu\u00edsimo y grueso libro donde parece estar la respuesta. Son un mont\u00f3n de p\u00e1ginas, pero, finalmente, encuentran lo que buscan.<\/p>\n<p>Mumablue lee: <em>Cuando la gran estrella cay\u00f3 del cielo, un gran fragmento se desprendi\u00f3 al chocar contra la tierra y fue a parar a un lugar rec\u00f3ndito del Bosque MerryGlow. Se dice que a su alrededor tambi\u00e9n crece el liquen especial.<\/em><\/p>\n<p>-\u00a1Ya lo recuerdo! \u00a1Ya s\u00e9 d\u00f3nde est\u00e1 ese lugar!- exclama, muy excitado, Pap\u00e1 Noel.<\/p>\n<p>Con la ayuda de los <em>huskies<\/em>, Pap\u00e1 Noel les gu\u00eda hasta un lugar muy apartado del bosque, oculto tras la maleza y detr\u00e1s de unas enormes rocas. \u00a1Es incre\u00edble! Hay suficiente liquen para llegar a Nochebuena. Pap\u00e1 Noel felicita a Mumablue:<\/p>\n<p>&#8211; Gracias a ti, todos los ni\u00f1os podr\u00e1n tener su regalo de Navidad.<\/p>\n<p>Como recompensa, Pap\u00e1 Noel invita a Mumablue a acompa\u00f1arle en Nochebuena y recorrer todo el mundo repartiendo regalos. Al llegar la tan esperada noche, los renos elevan el trineo por el cielo. Todos se despiden de Mumablue con gran alborozo.<\/p>\n<p>-\u00a1Vuelve pronto! \u00a1Ser\u00e1s siempre bienvenido! &#8211; gritan los elfos, al un\u00edsono.<\/p>\n<p><a href=\"https:\/\/www.mumablue.com\/esp\/nuestros-cuentos-personalizados\/cuento-personalizado-de-navidad?utm_source=blog&amp;utm_medium=banner&amp;utm_campaign=p\u00e1ginas-audiocuentos&amp;utm_content=cuento-navidad-leer\"><img decoding=\"async\" loading=\"lazy\" class=\"alignnone wp-image-5286\" src=\"https:\/\/www.mumablue.com\/blog\/wp-content\/uploads\/2021\/11\/Cuento-personalizado-de-Navidad-1.jpg\" alt=\"cuento de Navidad para leer\" width=\"715\" height=\"162\" srcset=\"https:\/\/www.mumablue.com\/blog\/wp-content\/uploads\/2021\/11\/Cuento-personalizado-de-Navidad-1.jpg 815w, https:\/\/www.mumablue.com\/blog\/wp-content\/uploads\/2021\/11\/Cuento-personalizado-de-Navidad-1-300x68.jpg 300w, https:\/\/www.mumablue.com\/blog\/wp-content\/uploads\/2021\/11\/Cuento-personalizado-de-Navidad-1-768x174.jpg 768w, https:\/\/www.mumablue.com\/blog\/wp-content\/uploads\/2021\/11\/Cuento-personalizado-de-Navidad-1-624x142.jpg 624w\" sizes=\"(max-width: 715px) 100vw, 715px\" \/><\/a><\/p>\n<h2>\u00a1Descubre muchos m\u00e1s cuentos, gratis o para regalo!<\/h2>\n<p>Puedes encontrar otros cuentos de Navidad para leer y de muchos otros temas fant\u00e1sticos en nuestra selecci\u00f3n de <span style=\"color: #3366ff;\"><a style=\"color: #3366ff;\" href=\"https:\/\/www.mumablue.com\/blog\/cuentos-infantiles-para-leer-cortos-gratis\/\">cuentos infantiles para leer<\/a><\/span>. Se trata de relatos originales de Mumablue, educativos y ricos en valores, con personajes y ense\u00f1anzas maravillosos. \u00a1Y todos ellos tienen su versi\u00f3n en audiocuentos!<\/p>\n<p>Si te gustan nuestros cuentos y audicuentos, los cuentos personalizados Mumablue te van a encantar. <strong>Bonitas historias ilustradas a mano, impresas a todo color y ricas en valores<\/strong>, en las que tu peque protagonizar\u00e1 su propia historia con su nombre y un avatar creado a su imagen y semejanza gracias a un avanzado motor de personalizaci\u00f3n que contempla m\u00e1s de un mill\u00f3n de combinaciones para caracterizar. Descubre <span style=\"color: #3366ff;\"><a style=\"color: #3366ff;\" href=\"https:\/\/www.mumablue.com\/esp\/nuestros-cuentos-personalizados?utm_source=blog&amp;utm_medium=link&amp;utm_campaign=p\u00e1ginas-audiocuentos&amp;utm_content=cuento-navidad-leer\">nuestro cat\u00e1logo online<\/a><\/span> y <strong>comienza a hacer regalos que gustan de verdad.<\/strong><\/p>\n<p><strong>Estas Navidades nuestro cuento estrella es \u00ab<span style=\"color: #3366ff;\"><a style=\"color: #3366ff;\" href=\"https:\/\/www.mumablue.com\/esp\/nuestros-cuentos-personalizados\/cuento-personalizado-de-navidad?utm_source=blog&amp;utm_medium=link&amp;utm_campaign=p\u00e1ginas-audiocuentos&amp;utm_content=cuento-navidad-leer\">(Nombre de tu peque) salva la Navidad<\/a><\/span>\u00ab<\/strong>, una bonita historia en la que el ni\u00f1o o la ni\u00f1a protagonista vivir\u00e1 una extraordinaria aventura junto a Pap\u00e1 Noel que le llevar\u00e1 a descubrir el aut\u00e9ntico esp\u00edritu de la Navidad.<\/p>\n<div style='text-align:left' class='yasr-auto-insert-visitor'><\/div>","protected":false},"excerpt":{"rendered":"<p>\u00bfBuscas un cuento de Navidad para leer a los ni\u00f1os? \u00a1Has llegado al lugar adecuado! En esta historia, Mumablue, el protagonista, es recompensado por su generosidad. El premio ser\u00e1 viajar a conocer la aldea de Pap\u00e1 Noel, en el Polo Norte. All\u00ed conocer\u00e1 a los diferentes clanes de elfos que se encargan de que todo [&hellip;]<\/p>\n","protected":false},"author":6,"featured_media":0,"parent":0,"menu_order":0,"comment_status":"closed","ping_status":"closed","template":"","meta":{"yasr_overall_rating":0,"yasr_post_is_review":"","yasr_auto_insert_disabled":"","yasr_review_type":""},"yasr_visitor_votes":{"number_of_votes":26,"sum_votes":121,"stars_attributes":{"read_only":false,"span_bottom":false}},"yoast_head":"<!-- This site is optimized with the Yoast SEO plugin v14.5 - https:\/\/yoast.com\/wordpress\/plugins\/seo\/ -->\n<meta name=\"description\" content=\"Un cuento de Navidad para leer o para escuchar en su versi\u00f3n en audiocuento totalmente gratis. Una historia en la que descubrir\u00e1 la aldea de Pap\u00e1 Noel.\" \/>\n<meta name=\"robots\" content=\"index, follow\" \/>\n<meta name=\"googlebot\" content=\"index, follow, max-snippet:-1, max-image-preview:large, max-video-preview:-1\" \/>\n<meta name=\"bingbot\" content=\"index, follow, max-snippet:-1, max-image-preview:large, max-video-preview:-1\" \/>\n<link rel=\"canonical\" href=\"https:\/\/www.mumablue.com\/blog\/cuento-de-navidad-para-leer-a-los-ninos\/\" \/>\n<meta property=\"og:locale\" content=\"es_ES\" \/>\n<meta property=\"og:type\" content=\"article\" \/>\n<meta property=\"og:title\" content=\"Cuento de Navidad para leer a los ni\u00f1os + audiocuento - Blog Mumablue\" \/>\n<meta property=\"og:description\" content=\"Un cuento de Navidad para leer o para escuchar en su versi\u00f3n en audiocuento totalmente gratis. Una historia en la que descubrir\u00e1 la aldea de Pap\u00e1 Noel.\" \/>\n<meta property=\"og:url\" content=\"https:\/\/www.mumablue.com\/blog\/cuento-de-navidad-para-leer-a-los-ninos\/\" \/>\n<meta property=\"og:site_name\" content=\"Blog Mumablue\" \/>\n<meta property=\"article:publisher\" content=\"https:\/\/www.facebook.com\/mumablue\/\" \/>\n<meta property=\"article:modified_time\" content=\"2025-05-29T12:58:03+00:00\" \/>\n<meta property=\"og:image\" content=\"https:\/\/www.mumablue.com\/blog\/wp-content\/uploads\/2021\/01\/Cuento-con-Pap\u00e1-Noel-para-leer.jpg\" \/>\n<meta name=\"twitter:card\" content=\"summary_large_image\" \/>\n<script type=\"application\/ld+json\" class=\"yoast-schema-graph\">{\"@context\":\"https:\/\/schema.org\",\"@graph\":[{\"@type\":\"Organization\",\"@id\":\"https:\/\/www.mumablue.com\/blog\/#organization\",\"name\":\"Mumablue\",\"url\":\"https:\/\/www.mumablue.com\/blog\/\",\"sameAs\":[\"https:\/\/www.facebook.com\/mumablue\/\",\"https:\/\/www.instagram.com\/mumablue\/?hl=es\"],\"logo\":{\"@type\":\"ImageObject\",\"@id\":\"https:\/\/www.mumablue.com\/blog\/#logo\",\"inLanguage\":\"es\",\"url\":\"https:\/\/www.mumablue.com\/blog\/wp-content\/uploads\/2020\/05\/Blog-Mumablue.png\",\"width\":749,\"height\":269,\"caption\":\"Mumablue\"},\"image\":{\"@id\":\"https:\/\/www.mumablue.com\/blog\/#logo\"}},{\"@type\":\"WebSite\",\"@id\":\"https:\/\/www.mumablue.com\/blog\/#website\",\"url\":\"https:\/\/www.mumablue.com\/blog\/\",\"name\":\"Blog Mumablue\",\"description\":\"Un blog de cuentos y audiocuentos gratis para ni\\u00f1os.\",\"publisher\":{\"@id\":\"https:\/\/www.mumablue.com\/blog\/#organization\"},\"potentialAction\":[{\"@type\":\"SearchAction\",\"target\":\"https:\/\/www.mumablue.com\/blog\/?s={search_term_string}\",\"query-input\":\"required name=search_term_string\"}],\"inLanguage\":\"es\"},{\"@type\":\"ImageObject\",\"@id\":\"https:\/\/www.mumablue.com\/blog\/cuento-de-navidad-para-leer-a-los-ninos\/#primaryimage\",\"inLanguage\":\"es\",\"url\":\"https:\/\/www.mumablue.com\/blog\/wp-content\/uploads\/2021\/01\/Cuento-con-Pap\\u00e1-Noel-para-leer.jpg\",\"width\":500,\"height\":500,\"caption\":\"cuento de Navidad para leer\"},{\"@type\":\"WebPage\",\"@id\":\"https:\/\/www.mumablue.com\/blog\/cuento-de-navidad-para-leer-a-los-ninos\/#webpage\",\"url\":\"https:\/\/www.mumablue.com\/blog\/cuento-de-navidad-para-leer-a-los-ninos\/\",\"name\":\"Cuento de Navidad para leer a los ni\\u00f1os + audiocuento - Blog Mumablue\",\"isPartOf\":{\"@id\":\"https:\/\/www.mumablue.com\/blog\/#website\"},\"primaryImageOfPage\":{\"@id\":\"https:\/\/www.mumablue.com\/blog\/cuento-de-navidad-para-leer-a-los-ninos\/#primaryimage\"},\"datePublished\":\"2021-01-13T10:55:44+00:00\",\"dateModified\":\"2025-05-29T12:58:03+00:00\",\"description\":\"Un cuento de Navidad para leer o para escuchar en su versi\\u00f3n en audiocuento totalmente gratis. Una historia en la que descubrir\\u00e1 la aldea de Pap\\u00e1 Noel.\",\"inLanguage\":\"es\",\"potentialAction\":[{\"@type\":\"ReadAction\",\"target\":[\"https:\/\/www.mumablue.com\/blog\/cuento-de-navidad-para-leer-a-los-ninos\/\"]}]}]}<\/script>\n<!-- \/ Yoast SEO plugin. -->","_links":{"self":[{"href":"https:\/\/www.mumablue.com\/blog\/wp-json\/wp\/v2\/pages\/3519"}],"collection":[{"href":"https:\/\/www.mumablue.com\/blog\/wp-json\/wp\/v2\/pages"}],"about":[{"href":"https:\/\/www.mumablue.com\/blog\/wp-json\/wp\/v2\/types\/page"}],"author":[{"embeddable":true,"href":"https:\/\/www.mumablue.com\/blog\/wp-json\/wp\/v2\/users\/6"}],"replies":[{"embeddable":true,"href":"https:\/\/www.mumablue.com\/blog\/wp-json\/wp\/v2\/comments?post=3519"}],"version-history":[{"count":21,"href":"https:\/\/www.mumablue.com\/blog\/wp-json\/wp\/v2\/pages\/3519\/revisions"}],"predecessor-version":[{"id":7571,"href":"https:\/\/www.mumablue.com\/blog\/wp-json\/wp\/v2\/pages\/3519\/revisions\/7571"}],"wp:attachment":[{"href":"https:\/\/www.mumablue.com\/blog\/wp-json\/wp\/v2\/media?parent=3519"}],"curies":[{"name":"wp","href":"https:\/\/api.w.org\/{rel}","templated":true}]}}