{"id":3301,"date":"2020-12-21T12:30:13","date_gmt":"2020-12-21T12:30:13","guid":{"rendered":"https:\/\/mumablue.com\/blog\/?page_id=3301"},"modified":"2025-05-29T13:12:08","modified_gmt":"2025-05-29T13:12:08","slug":"cancion-de-navidad-de-charles-dickens-para-ninos-audiocuento","status":"publish","type":"page","link":"https:\/\/www.mumablue.com\/blog\/cancion-de-navidad-de-charles-dickens-para-ninos-audiocuento\/","title":{"rendered":"Canci\u00f3n de Navidad de Charles Dickens para ni\u00f1os + Audiocuento"},"content":{"rendered":"<p><img decoding=\"async\" loading=\"lazy\" class=\"alignnone size-full wp-image-3320\" src=\"https:\/\/www.mumablue.com\/blog\/wp-content\/uploads\/2020\/12\/Audiocuento-Canci\u00f3n-de-Navidad-de-Charles-Dickens.jpg\" alt=\"Canci\u00f3n de Navidad de Charles Dickens para ni\u00f1os\" width=\"500\" height=\"500\" srcset=\"https:\/\/www.mumablue.com\/blog\/wp-content\/uploads\/2020\/12\/Audiocuento-Canci\u00f3n-de-Navidad-de-Charles-Dickens.jpg 500w, https:\/\/www.mumablue.com\/blog\/wp-content\/uploads\/2020\/12\/Audiocuento-Canci\u00f3n-de-Navidad-de-Charles-Dickens-300x300.jpg 300w, https:\/\/www.mumablue.com\/blog\/wp-content\/uploads\/2020\/12\/Audiocuento-Canci\u00f3n-de-Navidad-de-Charles-Dickens-150x150.jpg 150w\" sizes=\"(max-width: 500px) 100vw, 500px\" \/><\/p>\n<p>\u00bfEst\u00e1s buscando Canci\u00f3n de Navidad de Charles Dickens para ni\u00f1os? \u00a1Est\u00e1s en el lugar correcto! Te dejamos una <strong>versi\u00f3n corta e infantil de esta maravillosa obra de la literatura universal,<\/strong> una historia que no puede dejar de contarse en Navidad.<\/p>\n<p>A pesar de que esta versi\u00f3n de \u00abCanci\u00f3n de Navidad\u00bb es un resumen,<strong> el texto es una adaptaci\u00f3n fiel de la obra de <span style=\"color: #3366ff;\"><a style=\"color: #3366ff;\" href=\"https:\/\/es.wikipedia.org\/wiki\/Charles_Dickens\" target=\"_blank\" rel=\"noopener noreferrer\">Charles Dickens<\/a><\/span><\/strong>. Esto quiere decir que aunque no est\u00e1 todo lo que es, s\u00ed es todo lo que est\u00e1. No nos hemos inventado nada: los personajes, los pasajes e incluso la propia estructura es la propuesta en la novela original. \u00a1Es una manera entretenida y sencilla de acercar a los m\u00e1s peque\u00f1os a la obra de uno de los escritores cumbre de todos los tiempos!<\/p>\n<blockquote>\n<h2><span style=\"color: #99cc00;\">\u00a1Busca la versi\u00f3n para leer m\u00e1s abajo!<\/span><\/h2>\n<p>&nbsp;<\/p><\/blockquote>\n<h2>Audiocuento Canci\u00f3n de Navidad de Charles Dickens<\/h2>\n<p>\u00a1Tal vez quieras darle un poico m\u00e1s de emoci\u00f3n! Para ello, <strong>os ofrecemos el audiocuento Canci\u00f3n de Navidad<\/strong> de Charles Dickens para ni\u00f1os. Este audiocuento es m\u00e1s largo que el texto que hay sobre estas l\u00edneas, pero se hace muy ameno debido a que est\u00e1 ambientado con m\u00fasicas y efectos, y a que cada personaje le corresponde su propia voz. \u00a1No solo es para ni\u00f1os! Es una fiel adaptaci\u00f3n de la novela original, por lo que<strong> los mayores tambi\u00e9n disfrutar\u00e1n much\u00edsimo escuch\u00e1ndolo.<\/strong><\/p>\n<p>Esperamos que disfrut\u00e9is mucho escuchando el audiocuento Canci\u00f3n de Navidad durante estas vacaciones. Una historia que no puede faltar en Navidades y de la que se han hecho numerosas adaptaciones pata teatro, cine, televisi\u00f3n o radioteatro, como es el caso. \u00bfQui\u00e9n no recuerda esta historia producida por Disney y protagonizada por el T\u00edo Gilito (en el papel de Scrooge) y Mickey Mouse (en el papel de Bob Cratchit)? <strong>\u00a1Deja que tu peque se transporte a ese mismo mundo m\u00e1gico de tu infancia<\/strong> con el audiocuento Canci\u00f3n de Navidad de Charles Dickens!<\/p>\n<h6><script src=\"https:\/\/www.buzzsprout.com\/937792\/6908321-cancion-de-navidad-dickens.js?container_id=buzzsprout-player-6908321&amp;player=small\" type=\"text\/javascript\" charset=\"utf-8\"><\/script>M\u00fasica de Dominio P\u00fablico y CC 3.0 <span style=\"color: #3366ff;\"><a style=\"color: #3366ff;\" href=\"https:\/\/incompetech.com\/music\/royalty-free\/?genre=Holiday\" target=\"_blank\" rel=\"noopener noreferrer\">We wish you a merry Christmas<\/a><\/span> y <span style=\"color: #3366ff;\"><a style=\"color: #3366ff;\" href=\"https:\/\/lamusicagratis.com\/decargar-musica\/agnus-dei-x\">Agnus Dei<\/a><\/span>, por Kevin MacLeod; <a href=\"https:\/\/lamusicagratis.com\/decargar-musica\/silent-night-musica-de-navidad\" target=\"_blank\" rel=\"noopener noreferrer\"><span style=\"color: #3366ff;\">Silent night<\/span><\/a> (Joseph Mohr, Franz Xaver Gruber, US Army chorus)<\/h6>\n<p>\u00bfQuieres que tu peque conozca otras obras de grandes autores de todos los tiempos? Te invitamos a descubrirle los <span style=\"color: #3366ff;\"><a style=\"color: #3366ff;\" href=\"https:\/\/www.mumablue.com\/blog\/audiocuentos-literatura-universal\/\">audiocuentos de literatura universal<\/a><\/span> que hemos producido en <span style=\"color: #3366ff;\"><a style=\"color: #3366ff;\" href=\"https:\/\/www.mumablue.com\/?utm_source=blog&amp;utm_medium=link&amp;utm_campaign=p\u00e1ginas-audiocuentos&amp;utm_content=cancion-navidad-charles-dickens-ni\u00f1os\">Mumablue<\/a><\/span>.<\/p>\n<h2>Canci\u00f3n de Navidad de Charles Dickens para ni\u00f1os para leer<\/h2>\n<h3><strong>ESTROFA PRIMERA: EL FANTASMA DE MARLEY<\/strong><\/h3>\n<p><span style=\"font-weight: 400;\">El se\u00f1or Scrooge era un viejo avaro y codicioso. Regentaba \u00e9l solo una contadur\u00eda desde que muriera su socio, Jacob Marley. Era el d\u00eda de Nochebuena y hac\u00eda un fr\u00edo cortante. Bob Cratchit, su \u00fanico empleado, trabajaba arrimado a un min\u00fasculo fuego. El se\u00f1or Scrooge no quer\u00eda gastar ni un solo penique en carb\u00f3n, as\u00ed que Bob trabajaba muerto de fr\u00edo.<\/span><\/p>\n<p>La puerta se abri\u00f3<span style=\"font-weight: 400;\"> y un hombre entr\u00f3 en la contadur\u00eda. Era el sobrino de Scrooge que quer\u00eda invitarle a comer el d\u00eda de<\/span><span style=\"font-weight: 400;\"> Navidad.<\/span><\/p>\n<p><span style=\"font-weight: 400;\">&#8211; \u00a1Bah! &#8211; gru\u00f1\u00f3 el se\u00f1or Scrooge &#8211; \u00a1Paparruchas! &#8211;\u00a0<\/span><\/p>\n<p><span style=\"font-weight: 400;\">Empuj\u00f3 a su sobrino hacia la salida y <\/span><span style=\"font-size: 1rem;\">le cerr\u00f3 la puerta en las narices.<\/span><\/p>\n<p><span style=\"font-weight: 400;\">Al poco tiempo, dos hombres <\/span>entraron en la contadur\u00eda. Estaban recaudando dinero para ayudar a los pobres.<\/p>\n<p>&#8211;<span style=\"font-size: 1rem;\"> \u00a1No deseo hacer felices a los vagos! \u00a1M\u00e1rchense!\u00a0\u00a0<\/span><\/p>\n<p><span style=\"font-weight: 400;\">Tras echar a aquellos hombres, <\/span><span style=\"font-weight: 400;\">Scrooge mir\u00f3 a su empleado:<\/span><\/p>\n<p><span style=\"font-weight: 400;\">&#8211; Y supongo que usted ma\u00f1ana querr\u00e1 el d\u00eda libre&#8230; -gru\u00f1\u00f3- \u00a1Pues<\/span><span style=\"font-weight: 400;\"> m\u00e1s vale que al d\u00eda siguiente no llegue usted ni un minuto tarde!<\/span><\/p>\n<p><span style=\"font-weight: 400;\">El empleado se march\u00f3, lleno de alegr\u00eda. Scrooge cerr\u00f3 la contadur\u00eda y se encamin\u00f3 hacia su casa. <\/span>Cuando Scrooge meti\u00f3 la llave en la cerradura, la vieja aldaba se convirti\u00f3 en el fantasmag\u00f3rico rostro de Marley, su socio muerto.<\/p>\n<p>&#8211; Paparruchas -se dijo, pensando que hab\u00eda sido una alucinaci\u00f3n.<\/p>\n<p>Cuando lleg\u00f3 a su habitaci\u00f3n<span style=\"font-weight: 400;\">, Scrooge escuch\u00f3 un sonido met\u00e1lico, como si alguien arrastrara unas cadenas escaleras arriba. La puerta se abri\u00f3. Frente a \u00e9l estaba el fantasma de Jacob Marley.<\/span><\/p>\n<p><span style=\"font-weight: 400;\">&#8211; \u00bfQui\u00e9n eres? \u00a1\u00bfQu\u00e9 haces aqu\u00ed?! -pregunt\u00f3 el se\u00f1or Scrooge.<\/span><\/p>\n<p>&#8211; Sabes bien quien soy. Arrastro a cadena que me forj\u00e9 en vida por avaro y ego\u00edsta. He venido a avisarte de que a\u00fan est\u00e1s a tiempo de escapar a mi mismo destino. En las noches sucesivas, recibir\u00e1s la visita de tres fantasmas, cuando las campa\u00f1as de la torre anuncien la medianoche. <span style=\"font-weight: 400;\">Procura no olvidar mis palabras.<\/span><\/p>\n<p><span style=\"font-weight: 400;\">Un tremendo cansancio invadi\u00f3 a Scrooge. Se recost\u00f3 en la butaca y se qued\u00f3 dormido.<\/span><\/p>\n<h3><strong>ESTROFA SEGUNDA: EL FANTASMA DE LAS NAVIDADES PASADAS<\/strong><\/h3>\n<p><span style=\"font-weight: 400;\">El sonido del reloj dando las doce despert\u00f3 a Scrooge. Frente a \u00e9l hab\u00eda un esp\u00edritu.<\/span><\/p>\n<p><span style=\"font-weight: 400;\">-Soy el Fantasma de las Navidades Pasadas &#8211; dijo el esp\u00edritu. &#8211; Acomp\u00e1\u00f1ame.<\/span><\/p>\n<p>&#8211; Deja que me vista, estoy en pijama -pidi\u00f3 Scrooge.<\/p>\n<p>&#8211; No te preocupes. Nadie podr\u00e1 verte.<\/p>\n<p>El fantasma lo condujo al pueblo donde Scrooge hab\u00eda pasado su infancia. A trav\u00e9s de la ventana de la escuela se ve\u00eda al ni\u00f1o Scrooge<span style=\"font-weight: 400;\">, olvidado, triste y solitario. <\/span><span style=\"font-size: 1rem;\">Despu\u00e9s, el fantasma le mostr\u00f3 distintas Navidades pasadas: le ense\u00f1\u00f3 a su querida hermana, la madre de su sobrino; le llev\u00f3 hasta el almac\u00e9n donde trabaj\u00f3 como aprendiz y record\u00f3 lo bien que le trataba su jefe; le mostr\u00f3 a su amada justo el d\u00eda en que \u00e9sta lo abandon\u00f3 y le ense\u00f1\u00f3 la ni\u00f1a que podr\u00eda haber sido su hija.<\/span><\/p>\n<p><span style=\"font-weight: 400;\">&#8211; \u00a1No me ense\u00f1es m\u00e1s, esp\u00edritu! -solloz\u00f3 el se\u00f1or Scrooge. &#8211;<\/span><span style=\"font-weight: 400;\">\u00a1S\u00e1came de aqu\u00ed!<\/span><\/p>\n<p><a href=\"https:\/\/www.mumablue.com\/esp\/cuentos-personalizados-navidad?utm_source=blog&amp;utm_medium=banner&amp;utm_campaign=p%C3%A1ginas-audiocuentos&amp;utm_content=cancion-navidad-charles-dickens-ni\u00f1os\" target=\"_blank\" rel=\"noopener noreferrer\"><img decoding=\"async\" loading=\"lazy\" class=\"alignnone wp-image-6585 size-full\" src=\"https:\/\/www.mumablue.com\/blog\/wp-content\/uploads\/2022\/11\/BANNER-BLOG-NAVIDAD-2.jpg\" alt=\"\" width=\"715\" height=\"216\" srcset=\"https:\/\/www.mumablue.com\/blog\/wp-content\/uploads\/2022\/11\/BANNER-BLOG-NAVIDAD-2.jpg 715w, https:\/\/www.mumablue.com\/blog\/wp-content\/uploads\/2022\/11\/BANNER-BLOG-NAVIDAD-2-300x91.jpg 300w, https:\/\/www.mumablue.com\/blog\/wp-content\/uploads\/2022\/11\/BANNER-BLOG-NAVIDAD-2-624x189.jpg 624w\" sizes=\"(max-width: 715px) 100vw, 715px\" \/><\/a><\/p>\n<h3><strong>ESTROFA TERCERA: EL FANTASMA DE LAS NAVIDADES PRESENTES<\/strong><\/h3>\n<p>La campana de la torre anunci\u00f3 la medianoche y despert\u00f3 a Scrooge. Estaba pensando que todo hab\u00eda sido un sue\u00f1o cuando la habitaci\u00f3n se inund\u00f3 de una luz fantasmag\u00f3rica.<\/p>\n<p><span style=\"font-weight: 400;\">&#8211; Soy el Fantasma de las Navidades Presentes. \u00a1Agarra mi t\u00fanica! &#8211; le orden\u00f3.<\/span><\/p>\n<p><span style=\"font-size: 1rem;\">Al instante se encontraban en las bulliciosas calles de Londres. Era el d\u00eda de Navidad. <\/span><span style=\"font-weight: 400;\">El esp\u00edritu lo condujo hasta la casa de Bob Cratchit e invit\u00f3 a Scrooge a mirar a trav\u00e9s de la ventana. All\u00ed estaba su empleado junto con su mujer y sus cinco hijos. Todos se hab\u00edan arreglado mucho pero se notaba que sus ropas eran muy viejas y pobres. El que peor aspecto ten\u00eda era el hijo peque\u00f1o: estaba muy p\u00e1lido y ojeroso, llevaba una pr\u00f3tesis de hierro en la pierna y caminaba con la ayuda de una muleta. Se llamaba Tim.<\/span><\/p>\n<p><span style=\"font-weight: 400;\">&#8211; Veo un sitio vac\u00edo cerca de la chimenea y una muleta sin due\u00f1o -dijo el fantasma. -Si nada cambia, el peque\u00f1o Tim morir\u00e1.<\/span><\/p>\n<p><span style=\"font-weight: 400;\">&#8211; \u00a1No! \u00a1No quiero creerte! \u00a1Dime que se salvar\u00e1! &#8211; suplic\u00f3 Scrooge.<\/span><\/p>\n<p><span style=\"font-weight: 400;\">El se\u00f1or Scrooge baj\u00f3 la cabeza, sollozando. Cuando la levant\u00f3 se encontraban en otro lugar. Era la casa de su sobrino. Los invitados charlaban y re\u00edan. Despu\u00e9s de cenar, tocaron el piano y cantaron.<\/span> <span style=\"font-weight: 400;\">Para entonces, el se\u00f1or Scrooge estaba totalmente integrado y, sin acordarse de que no pod\u00edan verle ni o\u00edrle, cantaba junto a ellos. Cuando mejor lo estaba pasando, ambos se desvanecieron y <\/span>Scrooge apareci\u00f3 de nuevo en su habitaci\u00f3n. <span style=\"font-weight: 400;\">Al sonar la \u00faltima campanada de medianoche apareci\u00f3 un espectral fantasma.\u00a0<\/span><\/p>\n<h3><strong>ESTROFA CUARTA: EL FANTASMA DE LAS NAVIDADES FUTURAS<\/strong><\/h3>\n<p><span style=\"font-weight: 400;\">El fantasma se le acercaba lentamente envuelto en una negra t\u00fanica. No se ve\u00eda nada de \u00e9l.<\/span><\/p>\n<p><span style=\"font-weight: 400;\">-\u00bfEres el Fantasma de las Navidades Futuras? -pregunt\u00f3 Scrooge, lleno de temor. &#8211;<\/span><span style=\"font-weight: 400;\">Me ense\u00f1ar\u00e1s aquellas cosas que a\u00fan no han ocurrido, \u00bfno es as\u00ed?<\/span><\/p>\n<p><span style=\"font-weight: 400;\">El esp\u00edritu asinti\u00f3 con la cabeza. Aparecieron de pronto a los pies de una cama. Sobre ella hab\u00eda un cuerpo tumbado, cubierto por una s\u00e1bana. Era un hombre muerto. Nadie mostraba tristeza alguna ni parec\u00eda echarle de menos.<\/span><\/p>\n<p><span style=\"font-weight: 400;\">&#8211; \u00bfQui\u00e9n es este hombre, fantasma? -pregunt\u00f3 Scrooge.<\/span><\/p>\n<p><span style=\"font-weight: 400;\"> El escenario cambi\u00f3 de nuevo. Ahora se encontraban frente a una <\/span>verja de hierro<span style=\"font-weight: 400;\">. Era la puerta que daba paso al cementerio. El esp\u00edritu extendi\u00f3 su mano y se\u00f1al\u00f3 una l\u00e1pida. EBENEZER SCROOGE, era la inscripci\u00f3n grabada en la tumba.<\/span><\/p>\n<p><span style=\"font-weight: 400;\">-\u00bfYo soy el muerto? \u00a1No, no, no! \u00a1Espectro! -suplic\u00f3, agarr\u00e1ndose fuertemente a su t\u00fanica &#8211; Ya no soy el que era, he cambiado. Dime que a\u00fan estoy a tiempo de cambiar mi destino. Me convertir\u00e9 en un hombre bondadoso, honrar\u00e9 la Navidad.\u00a0<\/span><\/p>\n<p>El fantasma se desvaneci\u00f3.<\/p>\n<h3><strong>ESTROFA QUINTA: FINAL<\/strong><\/h3>\n<p><span style=\"font-weight: 400;\">Scrooge estaba de nuevo en su habitaci\u00f3n. Al darse cuenta de que segu\u00eda vivo pens\u00f3 en todo el tiempo que ten\u00eda por delante para convertirse en mejor persona. <\/span><span style=\"font-weight: 400;\">Se asom\u00f3 a la ventana. Por la calle pasaba un muchacho y le pregunt\u00f3 qu\u00e9 d\u00eda era. <\/span><span style=\"font-weight: 400;\">El chico no pudo contener su asombro.<\/span><\/p>\n<p><span style=\"font-weight: 400;\">&#8211; Es Navidad, se\u00f1or -respondi\u00f3.<\/span><\/p>\n<p><span style=\"font-weight: 400;\">&#8211; \u00a1Navidad! \u00a1No me la he perdido! Todo ha ocurrido en una sola noche! \u00a1Magn\u00edfico! &#8211; canturre\u00f3. <\/span><\/p>\n<p><span style=\"font-weight: 400;\">Scrooge ofreci\u00f3 al muchacho un chel\u00edn si iba hasta la poller\u00eda de la esquina y le tra\u00eda un enorme pavo en menos de cinco minutos. El muchacho as\u00ed lo hizo y Scrooge lo envi\u00f3, muerto de risa, a casa de su empleado, pensando en lo sorprendido y feliz que lo recibir\u00eda el bueno de Bob Cratchit. Despu\u00e9s, se dirigi\u00f3 a casa de su sobrino cantando, bailando, riendo, saludando a todo el mundo y dando limosna a los pobres que encontr\u00f3 en su camino.<\/span><\/p>\n<p>&#8211; \u00a1Feliz Navidad, Fred! Vengo a comer con vosotros -dijo el se\u00f1or Scrooge prorrumpiendo en casa de su sobrino.<\/p>\n<p>La fiesta fue maravillosa y se prolong\u00f3 hasta bien avanzada la noche. Pero a la ma\u00f1ana siguiente, Scrooge madrug\u00f3 mucho: quer\u00eda llegar a la oficina antes que Bob para gastarle una broma. Su empleado lleg\u00f3 20 minutos tarde \u00a1Justo lo que Scrooge deseaba!<\/p>\n<p><span style=\"font-weight: 400;\">&#8211; \u00a1Vaya, vaya! &#8211; gru\u00f1\u00f3 Scrooge, fingiendo la voz que ten\u00eda antes. -\u00bfC\u00f3mo se atreve a llegar tarde?<\/span><\/p>\n<p>Bob, nervioso, comenz\u00f3 a excusarse, pero Scrooge le interrumpi\u00f3, riendo a carcajadas. El empleado retrocedi\u00f3, asustado. \u00a1Pensaba que se hab\u00eda vuelto loco!<\/p>\n<p><span style=\"font-weight: 400;\">&#8211; \u00a1Feliz Navidad, Bob! &#8211; dijo Scrooge, y le abraz\u00f3. &#8211; Le devolver\u00e9 la felicidad que le he robado estos \u00faltimos a\u00f1os. Le subir\u00e9 el sueldo, ayudar\u00e9 a su familia\u2026 \u00a1Vamos! Encienda las estufas y compre otro saco de carb\u00f3n.<\/span><\/p>\n<p><span style=\"font-weight: 400;\">Y as\u00ed fue como el despiadado, el malvado, avaro y ego\u00edsta del se\u00f1or Scrooge, gracias a la visita de los tres fantasmas, se convirti\u00f3 en una de las mejores personas que vivieran jam\u00e1s en Inglaterra. Y durante el resto de su vida, todo el mundo coincidi\u00f3 en que el se\u00f1or Scrooge sab\u00eda vivir la Navidad como nadie.<\/span><\/p>\n<h2>Canci\u00f3n de Navidad de Charles Dickens para ni\u00f1os<\/h2>\n<p>Aunque Canci\u00f3n de Navidad no fue escrita como una obra infantil, se han hecho numerosas versiones dirigidas a los ni\u00f1os, por tratarse de una historia que <strong>combina esp\u00edritu navide\u00f1o y los valores asociados a estas fechas, con elementos m\u00e1gicos<\/strong> propios de los cuentos de hadas.<\/p>\n<p>La novela est\u00e1 marcada especialmente por la infancia de Charles Dickens, adem\u00e1s de por la preocupaci\u00f3n que el escritor mostraba por las desigualdades sociales de la Inglaterra victoriana, especialmente la pobreza infantil. Esta es, por tanto, <strong>una historia que invita a la generosidad, a la bondad, que denuncia la injusticia social<\/strong>, en la que su protagonista, a trav\u00e9s de un viaje fantasmal por las Navidades pasadas, presentes y futuras, se acaba convirtiendo en mejor persona.<\/p>\n<p><strong>Si quieres acceder a m\u00e1s cuentos, tanto cl\u00e1sicos como originales de Mumablue<\/strong>, date un paseo por nuestra p\u00e1gina de cuentos cortos para leer a los ni\u00f1os. All\u00ed encontrar\u00e9is contenidos para todos los gustos: fantas\u00eda, aventuras, humor, \u00abmiedo\u00bb, poes\u00eda&#8230; \u00a1Y cu\u00e9ntanos en los comentarios qu\u00e9 te ha parecido nuestra versi\u00f3n de Canci\u00f3n de Navidad de Charles Dikens para ni\u00f1os.<\/p>\n<div style='text-align:left' class='yasr-auto-insert-visitor'><\/div>","protected":false},"excerpt":{"rendered":"<p>\u00bfEst\u00e1s buscando Canci\u00f3n de Navidad de Charles Dickens para ni\u00f1os? \u00a1Est\u00e1s en el lugar correcto! Te dejamos una versi\u00f3n corta e infantil de esta maravillosa obra de la literatura universal, una historia que no puede dejar de contarse en Navidad. A pesar de que esta versi\u00f3n de \u00abCanci\u00f3n de Navidad\u00bb es un resumen, el texto [&hellip;]<\/p>\n","protected":false},"author":6,"featured_media":0,"parent":0,"menu_order":0,"comment_status":"closed","ping_status":"closed","template":"","meta":{"yasr_overall_rating":0,"yasr_post_is_review":"","yasr_auto_insert_disabled":"","yasr_review_type":""},"yasr_visitor_votes":{"number_of_votes":14,"sum_votes":66,"stars_attributes":{"read_only":false,"span_bottom":false}},"yoast_head":"<!-- This site is optimized with the Yoast SEO plugin v14.5 - https:\/\/yoast.com\/wordpress\/plugins\/seo\/ -->\n<meta name=\"description\" content=\"Te dejamos el cuento Canci\u00f3n de Navidad de Charles Dickens para ni\u00f1os, una versi\u00f3n corta y asequible para los peques que incluye audiocuento gratis.\" \/>\n<meta name=\"robots\" content=\"index, follow\" \/>\n<meta name=\"googlebot\" content=\"index, follow, max-snippet:-1, max-image-preview:large, max-video-preview:-1\" \/>\n<meta name=\"bingbot\" content=\"index, follow, max-snippet:-1, max-image-preview:large, max-video-preview:-1\" \/>\n<link rel=\"canonical\" href=\"https:\/\/www.mumablue.com\/blog\/cancion-de-navidad-de-charles-dickens-para-ninos-audiocuento\/\" \/>\n<meta property=\"og:locale\" content=\"es_ES\" \/>\n<meta property=\"og:type\" content=\"article\" \/>\n<meta property=\"og:title\" content=\"Canci\u00f3n de Navidad de Charles Dickens para ni\u00f1os + Audiocuento - Blog Mumablue\" \/>\n<meta property=\"og:description\" content=\"Te dejamos el cuento Canci\u00f3n de Navidad de Charles Dickens para ni\u00f1os, una versi\u00f3n corta y asequible para los peques que incluye audiocuento gratis.\" \/>\n<meta property=\"og:url\" content=\"https:\/\/www.mumablue.com\/blog\/cancion-de-navidad-de-charles-dickens-para-ninos-audiocuento\/\" \/>\n<meta property=\"og:site_name\" content=\"Blog Mumablue\" \/>\n<meta property=\"article:publisher\" content=\"https:\/\/www.facebook.com\/mumablue\/\" \/>\n<meta property=\"article:modified_time\" content=\"2025-05-29T13:12:08+00:00\" \/>\n<meta property=\"og:image\" content=\"https:\/\/www.mumablue.com\/blog\/wp-content\/uploads\/2020\/12\/Audiocuento-Canci\u00f3n-de-Navidad-de-Charles-Dickens.jpg\" \/>\n<meta name=\"twitter:card\" content=\"summary_large_image\" \/>\n<script type=\"application\/ld+json\" class=\"yoast-schema-graph\">{\"@context\":\"https:\/\/schema.org\",\"@graph\":[{\"@type\":\"Organization\",\"@id\":\"https:\/\/www.mumablue.com\/blog\/#organization\",\"name\":\"Mumablue\",\"url\":\"https:\/\/www.mumablue.com\/blog\/\",\"sameAs\":[\"https:\/\/www.facebook.com\/mumablue\/\",\"https:\/\/www.instagram.com\/mumablue\/?hl=es\"],\"logo\":{\"@type\":\"ImageObject\",\"@id\":\"https:\/\/www.mumablue.com\/blog\/#logo\",\"inLanguage\":\"es\",\"url\":\"https:\/\/www.mumablue.com\/blog\/wp-content\/uploads\/2020\/05\/Blog-Mumablue.png\",\"width\":749,\"height\":269,\"caption\":\"Mumablue\"},\"image\":{\"@id\":\"https:\/\/www.mumablue.com\/blog\/#logo\"}},{\"@type\":\"WebSite\",\"@id\":\"https:\/\/www.mumablue.com\/blog\/#website\",\"url\":\"https:\/\/www.mumablue.com\/blog\/\",\"name\":\"Blog Mumablue\",\"description\":\"Un blog de cuentos y audiocuentos gratis para ni\\u00f1os.\",\"publisher\":{\"@id\":\"https:\/\/www.mumablue.com\/blog\/#organization\"},\"potentialAction\":[{\"@type\":\"SearchAction\",\"target\":\"https:\/\/www.mumablue.com\/blog\/?s={search_term_string}\",\"query-input\":\"required name=search_term_string\"}],\"inLanguage\":\"es\"},{\"@type\":\"ImageObject\",\"@id\":\"https:\/\/www.mumablue.com\/blog\/cancion-de-navidad-de-charles-dickens-para-ninos-audiocuento\/#primaryimage\",\"inLanguage\":\"es\",\"url\":\"https:\/\/www.mumablue.com\/blog\/wp-content\/uploads\/2020\/12\/Audiocuento-Canci\\u00f3n-de-Navidad-de-Charles-Dickens.jpg\",\"width\":500,\"height\":500,\"caption\":\"Canci\\u00f3n de Navidad de Charles Dickens para ni\\u00f1os\"},{\"@type\":\"WebPage\",\"@id\":\"https:\/\/www.mumablue.com\/blog\/cancion-de-navidad-de-charles-dickens-para-ninos-audiocuento\/#webpage\",\"url\":\"https:\/\/www.mumablue.com\/blog\/cancion-de-navidad-de-charles-dickens-para-ninos-audiocuento\/\",\"name\":\"Canci\\u00f3n de Navidad de Charles Dickens para ni\\u00f1os + Audiocuento - Blog Mumablue\",\"isPartOf\":{\"@id\":\"https:\/\/www.mumablue.com\/blog\/#website\"},\"primaryImageOfPage\":{\"@id\":\"https:\/\/www.mumablue.com\/blog\/cancion-de-navidad-de-charles-dickens-para-ninos-audiocuento\/#primaryimage\"},\"datePublished\":\"2020-12-21T12:30:13+00:00\",\"dateModified\":\"2025-05-29T13:12:08+00:00\",\"description\":\"Te dejamos el cuento Canci\\u00f3n de Navidad de Charles Dickens para ni\\u00f1os, una versi\\u00f3n corta y asequible para los peques que incluye audiocuento gratis.\",\"inLanguage\":\"es\",\"potentialAction\":[{\"@type\":\"ReadAction\",\"target\":[\"https:\/\/www.mumablue.com\/blog\/cancion-de-navidad-de-charles-dickens-para-ninos-audiocuento\/\"]}]}]}<\/script>\n<!-- \/ Yoast SEO plugin. -->","_links":{"self":[{"href":"https:\/\/www.mumablue.com\/blog\/wp-json\/wp\/v2\/pages\/3301"}],"collection":[{"href":"https:\/\/www.mumablue.com\/blog\/wp-json\/wp\/v2\/pages"}],"about":[{"href":"https:\/\/www.mumablue.com\/blog\/wp-json\/wp\/v2\/types\/page"}],"author":[{"embeddable":true,"href":"https:\/\/www.mumablue.com\/blog\/wp-json\/wp\/v2\/users\/6"}],"replies":[{"embeddable":true,"href":"https:\/\/www.mumablue.com\/blog\/wp-json\/wp\/v2\/comments?post=3301"}],"version-history":[{"count":15,"href":"https:\/\/www.mumablue.com\/blog\/wp-json\/wp\/v2\/pages\/3301\/revisions"}],"predecessor-version":[{"id":7577,"href":"https:\/\/www.mumablue.com\/blog\/wp-json\/wp\/v2\/pages\/3301\/revisions\/7577"}],"wp:attachment":[{"href":"https:\/\/www.mumablue.com\/blog\/wp-json\/wp\/v2\/media?parent=3301"}],"curies":[{"name":"wp","href":"https:\/\/api.w.org\/{rel}","templated":true}]}}