{"id":3276,"date":"2020-12-14T15:43:49","date_gmt":"2020-12-14T15:43:49","guid":{"rendered":"https:\/\/mumablue.com\/blog\/?page_id=3276"},"modified":"2025-05-29T13:03:18","modified_gmt":"2025-05-29T13:03:18","slug":"villancico-divertido-para-ninos-cantar-escuchar","status":"publish","type":"page","link":"https:\/\/www.mumablue.com\/blog\/villancico-divertido-para-ninos-cantar-escuchar\/","title":{"rendered":"Villancico divertido para ni\u00f1os, para cantar o escuchar"},"content":{"rendered":"<p><img decoding=\"async\" loading=\"lazy\" class=\"alignnone size-full wp-image-3278\" src=\"https:\/\/www.mumablue.com\/blog\/wp-content\/uploads\/2020\/12\/Loco-Villancico.jpg\" alt=\"villancico divertido para ni\u00f1os\" width=\"500\" height=\"500\" srcset=\"https:\/\/www.mumablue.com\/blog\/wp-content\/uploads\/2020\/12\/Loco-Villancico.jpg 500w, https:\/\/www.mumablue.com\/blog\/wp-content\/uploads\/2020\/12\/Loco-Villancico-300x300.jpg 300w, https:\/\/www.mumablue.com\/blog\/wp-content\/uploads\/2020\/12\/Loco-Villancico-150x150.jpg 150w\" sizes=\"(max-width: 500px) 100vw, 500px\" \/><\/p>\n<p>Te dejamos un villancico divertido para ni\u00f1os, con una letra diferente muy adaptada a la realidad actual de los peques en estas fechas: \u00a1es tiempo de vacaciones, de comer chocolate y de acostarse tarde! <strong>\u00abLoco Villancico\u00bb se canta con la m\u00fasica de Jingle Bells<\/strong>, melod\u00eda conocida de sobra por grandes y mayores. \u00a1S\u00f3lo queda disfrutar! M\u00e1s abajo encontrar\u00e1s la letra de este villancico tan especial, pero antes&#8230; \u00bfqu\u00e9 tal escucharlo cantado por los\u00a0protagonistas de una de nuestras pequehistorias m\u00e1s exitosas: <span style=\"color: #0000ff;\"><a style=\"color: #0000ff;\" href=\"https:\/\/www.mumablue.com\/blog\/cuento-de-caperucita-roja-diferente-audiocuento-gratis\/\">Caperucita Rebelde<\/a><\/span>.? \u00a1A tu peque le va a encantar!<\/p>\n<h2>Villancico divertido para ni\u00f1os cantado por Mumablue<\/h2>\n<h6><script src=\"https:\/\/www.buzzsprout.com\/937792\/6839818-loco-villancico.js?container_id=buzzsprout-player-6839818&amp;player=small\" type=\"text\/javascript\" charset=\"utf-8\"><\/script>M\u00fasica: CC 3.0 <span style=\"color: #0000ff;\"><a style=\"color: #0000ff;\" href=\"https:\/\/incompetech.com\/music\/royalty-free\/?genre=Holiday\" target=\"_blank\" rel=\"noopener noreferrer\">Jingle Bells<\/a><\/span>, por Kevin MacLeod y <span style=\"color: #0000ff;\"><a style=\"color: #0000ff;\" href=\"https:\/\/www.free-stock-music.com\/alexander-nakarada-jingle-bells-metal-version.html\" target=\"_blank\" rel=\"noopener noreferrer\">Jingle Bells Metal Version<\/a><\/span>, por Alexander Nakarada.<\/h6>\n<p>Este villancico divertido para ni\u00f1os tambi\u00e9n viene con letra. A continuaci\u00f3n encontrar\u00e1s la letra de la canci\u00f3n y, adem\u00e1s, te dejamos la m\u00fasica para ponerla de fondo.<\/p>\n<p><iframe loading=\"lazy\" src=\"https:\/\/open.spotify.com\/embed\/track\/3zPcw7grSUgXvoYmso56YE\" width=\"600\" height=\"100\" frameborder=\"0\"><span data-mce-type=\"bookmark\" style=\"display: inline-block; width: 0px; overflow: hidden; line-height: 0;\" class=\"mce_SELRES_start\">\ufeff<\/span><span data-mce-type=\"bookmark\" style=\"display: inline-block; width: 0px; overflow: hidden; line-height: 0;\" class=\"mce_SELRES_start\">\ufeff<\/span><span data-mce-type=\"bookmark\" style=\"display: inline-block; width: 0px; overflow: hidden; line-height: 0;\" class=\"mce_SELRES_start\">\ufeff<\/span><span data-mce-type=\"bookmark\" style=\"display: inline-block; width: 0px; overflow: hidden; line-height: 0;\" class=\"mce_SELRES_start\">\ufeff<\/span><\/iframe><\/p>\n<h2 style=\"text-align: center;\"><span style=\"font-weight: 400;\">Villancico divertido para ni\u00f1os: Loco Villancico<\/span><\/h2>\n<p style=\"text-align: center;\"><span style=\"font-weight: 400;\">D\u00eda veintitr\u00e9s, <\/span><span style=\"font-weight: 400;\">hoy no hay que madrugar<\/span><\/p>\n<p style=\"text-align: center;\"><span style=\"font-weight: 400;\">Tengo vacaciones, <\/span><span style=\"font-weight: 400;\">\u00a1ya es Navidad!<\/span><\/p>\n<p style=\"text-align: center;\"><span style=\"font-weight: 400;\">Luces y color, <\/span><span style=\"font-weight: 400;\">turr\u00f3n y mazap\u00e1n\u00a0<\/span><\/p>\n<p style=\"text-align: center;\"><span style=\"font-weight: 400;\">\u00a1Con todos mis amigos <\/span><span style=\"font-weight: 400;\">la voy a celebrar!<\/span><\/p>\n<p>&nbsp;<\/p>\n<p style=\"text-align: center;\"><span style=\"font-weight: 400;\">Navidad, Navidad,\u00a0<\/span><span style=\"font-weight: 400;\">\u00a1qu\u00e9 felicidad!<\/span><\/p>\n<p style=\"text-align: center;\"><span style=\"font-weight: 400;\">15 d\u00ecas sin cole\u00a0<\/span><span style=\"font-weight: 400;\">para jugar sin parar (hey)<\/span><\/p>\n<p style=\"text-align: center;\"><span style=\"font-weight: 400;\">Navidad, Navidad,\u00a0<\/span><span style=\"font-weight: 400;\">\u00a1mola cantidad!<\/span><\/p>\n<p style=\"text-align: center;\"><span style=\"font-weight: 400;\">Cajas de bombones\u00a0<\/span><span style=\"font-weight: 400;\">y juguetes a estrenar.\u00a0<\/span><\/p>\n<p>&nbsp;<\/p>\n<p style=\"text-align: center;\"><span style=\"font-weight: 400;\">Le voy a pedir\u00a0<\/span><span style=\"font-weight: 400;\">al buen Pap\u00e1 Noel\u00a0<\/span><\/p>\n<p style=\"text-align: center;\"><span style=\"font-weight: 400;\">cajas de cart\u00f3n,\u00a0<\/span><span style=\"font-weight: 400;\">globos y un cordel.\u00a0<\/span><\/p>\n<p style=\"text-align: center;\"><span style=\"font-weight: 400;\">Cuentos Mumablue,\u00a0<\/span><i><span style=\"font-weight: 400;\">slime<\/span><\/i><span style=\"font-weight: 400;\"> con hidrogel\u00a0<\/span><\/p>\n<p style=\"text-align: center;\"><span style=\"font-weight: 400;\">\u00a1Un- LEGO sin piezas y un\u00a0<\/span><span style=\"font-weight: 400;\">paraguas de papel!\u00a0<\/span><\/p>\n<p>&nbsp;<\/p>\n<p style=\"text-align: center;\"><span style=\"font-weight: 400;\">Navidad, Navidad,\u00a0<\/span><span style=\"font-weight: 400;\">\u00a1cu\u00e1nta impunidad!<\/span><\/p>\n<p style=\"text-align: center;\"><span style=\"font-weight: 400;\">Toco panderetas\u00a0<\/span><span style=\"font-weight: 400;\">hasta hacerlas reventar (hey)<\/span><\/p>\n<p style=\"text-align: center;\"><span style=\"font-weight: 400;\">Navidad, Navidad,\u00a0<\/span><span style=\"font-weight: 400;\">\u00a1qu\u00e9 barbaridad!<\/span><\/p>\n<p style=\"text-align: center;\"><span style=\"font-weight: 400;\">Este pavo al horno\u00a0<\/span><span style=\"font-weight: 400;\">es m\u00e1s grande que mam\u00e1.<\/span><\/p>\n<p>&nbsp;<\/p>\n<p style=\"text-align: center;\"><span style=\"font-weight: 400;\">Me voy a zampar\u00a0<\/span><span style=\"font-weight: 400;\">esta Navidad<\/span><\/p>\n<p style=\"text-align: center;\"><span style=\"font-weight: 400;\">kilos de turr\u00f3n, <\/span><span style=\"font-weight: 400;\">tostas con fuagr\u00e1s<\/span><\/p>\n<p style=\"text-align: center;\"><span style=\"font-weight: 400;\">Gambas y jam\u00f3n, <\/span><span style=\"font-weight: 400;\">trufas con caviar<\/span><\/p>\n<p style=\"text-align: center;\"><span style=\"font-weight: 400;\">\u00a1Veinte polvorones y un\u00a0<\/span><span style=\"font-weight: 400;\">cami\u00f3n de mazap\u00e1n!\u00a0<\/span><\/p>\n<p>&nbsp;<\/p>\n<p style=\"text-align: center;\"><span style=\"font-weight: 400;\">Navidad, Navidad,\u00a0<\/span><span style=\"font-weight: 400;\">\u00a1qu\u00e9 nocturnidad!<\/span><\/p>\n<p style=\"text-align: center;\"><span style=\"font-weight: 400;\">Puedo ver dibujos\u00a0<\/span><span style=\"font-weight: 400;\">hasta tarde en el sof\u00e1 (hey)<\/span><\/p>\n<p style=\"text-align: center;\"><span style=\"font-weight: 400;\">Navidad, Navidad,\u00a0<\/span><span style=\"font-weight: 400;\">\u00a1vaya eternidad!<\/span><\/p>\n<p style=\"text-align: center;\"><span style=\"font-weight: 400;\">Cuando vuelva al cole <\/span><span style=\"font-weight: 400;\">nada voy a recordar.<\/span><\/p>\n<h2><\/h2>\n<h2>Descubre los cuentos para leer o escuchar m\u00e1s divertidos<\/h2>\n<p>Este villancico es una de las muchas propuestas navide\u00f1as que hemos preparado para nuestros audiocuentos <span style=\"color: #3366ff;\"><a style=\"color: #3366ff;\" href=\"https:\/\/www.mumablue.com\/blog\/pequehistorias\/\">Pequehistorias<\/a><\/span>, tales como \u00abMi cuento de Navidad\u00bb.<\/p>\n<p>Adem\u00e1s, en nuestra p\u00e1gina de <span style=\"color: #3366ff;\"><a style=\"color: #3366ff;\" href=\"https:\/\/www.mumablue.com\/blog\/cuentos-infantiles-para-leer-cortos-gratis\/\">cuentos para leer<\/a><\/span> a los ni\u00f1os encontrar\u00e1s un mont\u00f3n de divertidos relatos, as\u00ed como cuentos de aventuras, de fantas\u00eda, de miedo. <strong>\u00a1No te las pierdas! Seguro que tu peque no podr\u00e1 parar de escucharlas.<\/strong><\/p>\n<p>Y si lo vuestro son los poemas, te invitamos a descubrir la secci\u00f3n de\u00a0<span style=\"color: #3366ff;\"><a style=\"color: #3366ff;\" href=\"https:\/\/www.mumablue.com\/blog\/poesias-para-ninos-cortas\/\">poes\u00eda para ni\u00f1os<\/a><\/span>, donde encontrar\u00e9is desde divertidos poemas, hasta nanas o lecturas de importantes poes\u00edas de literatura universal.<\/p>\n<h2>\u00bfSabes qui\u00e9nes somos?<\/h2>\n<p>Somos Mumablue, una editorial de cuentos personalizados que desde hace a\u00f1os despierta la ilusi\u00f3n de los ni\u00f1os con historias llenas de ternura y ricas en valores protagonizadas en exclusiva por cada ni\u00f1o que recibe el cuento como regalo, con su nombre propio y una ilustraci\u00f3n que lo representa fielmente a lo largo de las p\u00e1ginas. <span style=\"color: #3366ff;\"><a style=\"color: #3366ff;\" href=\"https:\/\/www.mumablue.com\/?utm_source=blog&amp;utm_medium=link&amp;utm_campaign=p\u00e1ginas-audiocuentos&amp;utm_content=villancico\">\u00a1Desc\u00fabrenos!<\/a><\/span><\/p>\n<div style='text-align:left' class='yasr-auto-insert-visitor'><\/div>","protected":false},"excerpt":{"rendered":"<p>Te dejamos un villancico divertido para ni\u00f1os, con una letra diferente muy adaptada a la realidad actual de los peques en estas fechas: \u00a1es tiempo de vacaciones, de comer chocolate y de acostarse tarde! \u00abLoco Villancico\u00bb se canta con la m\u00fasica de Jingle Bells, melod\u00eda conocida de sobra por grandes y mayores. \u00a1S\u00f3lo queda disfrutar! [&hellip;]<\/p>\n","protected":false},"author":6,"featured_media":0,"parent":0,"menu_order":0,"comment_status":"closed","ping_status":"closed","template":"","meta":{"yasr_overall_rating":0,"yasr_post_is_review":"","yasr_auto_insert_disabled":"","yasr_review_type":""},"yasr_visitor_votes":{"number_of_votes":23,"sum_votes":92,"stars_attributes":{"read_only":false,"span_bottom":false}},"yoast_head":"<!-- This site is optimized with the Yoast SEO plugin v14.5 - https:\/\/yoast.com\/wordpress\/plugins\/seo\/ -->\n<meta name=\"description\" content=\"Este villancico divertido para ni\u00f1os es una versi\u00f3n de Jingle Bells que los ni\u00f1os podr\u00e1n cantar o escuchar cantado por divertidos personajes de cuento.\" \/>\n<meta name=\"robots\" content=\"index, follow\" \/>\n<meta name=\"googlebot\" content=\"index, follow, max-snippet:-1, max-image-preview:large, max-video-preview:-1\" \/>\n<meta name=\"bingbot\" content=\"index, follow, max-snippet:-1, max-image-preview:large, max-video-preview:-1\" \/>\n<link rel=\"canonical\" href=\"https:\/\/www.mumablue.com\/blog\/villancico-divertido-para-ninos-cantar-escuchar\/\" \/>\n<meta property=\"og:locale\" content=\"es_ES\" \/>\n<meta property=\"og:type\" content=\"article\" \/>\n<meta property=\"og:title\" content=\"Villancico divertido para ni\u00f1os, para cantar o escuchar - Blog Mumablue\" \/>\n<meta property=\"og:description\" content=\"Este villancico divertido para ni\u00f1os es una versi\u00f3n de Jingle Bells que los ni\u00f1os podr\u00e1n cantar o escuchar cantado por divertidos personajes de cuento.\" \/>\n<meta property=\"og:url\" content=\"https:\/\/www.mumablue.com\/blog\/villancico-divertido-para-ninos-cantar-escuchar\/\" \/>\n<meta property=\"og:site_name\" content=\"Blog Mumablue\" \/>\n<meta property=\"article:publisher\" content=\"https:\/\/www.facebook.com\/mumablue\/\" \/>\n<meta property=\"article:modified_time\" content=\"2025-05-29T13:03:18+00:00\" \/>\n<meta property=\"og:image\" content=\"https:\/\/www.mumablue.com\/blog\/wp-content\/uploads\/2020\/12\/Loco-Villancico.jpg\" \/>\n<meta name=\"twitter:card\" content=\"summary_large_image\" \/>\n<script type=\"application\/ld+json\" class=\"yoast-schema-graph\">{\"@context\":\"https:\/\/schema.org\",\"@graph\":[{\"@type\":\"Organization\",\"@id\":\"https:\/\/www.mumablue.com\/blog\/#organization\",\"name\":\"Mumablue\",\"url\":\"https:\/\/www.mumablue.com\/blog\/\",\"sameAs\":[\"https:\/\/www.facebook.com\/mumablue\/\",\"https:\/\/www.instagram.com\/mumablue\/?hl=es\"],\"logo\":{\"@type\":\"ImageObject\",\"@id\":\"https:\/\/www.mumablue.com\/blog\/#logo\",\"inLanguage\":\"es\",\"url\":\"https:\/\/www.mumablue.com\/blog\/wp-content\/uploads\/2020\/05\/Blog-Mumablue.png\",\"width\":749,\"height\":269,\"caption\":\"Mumablue\"},\"image\":{\"@id\":\"https:\/\/www.mumablue.com\/blog\/#logo\"}},{\"@type\":\"WebSite\",\"@id\":\"https:\/\/www.mumablue.com\/blog\/#website\",\"url\":\"https:\/\/www.mumablue.com\/blog\/\",\"name\":\"Blog Mumablue\",\"description\":\"Un blog de cuentos y audiocuentos gratis para ni\\u00f1os.\",\"publisher\":{\"@id\":\"https:\/\/www.mumablue.com\/blog\/#organization\"},\"potentialAction\":[{\"@type\":\"SearchAction\",\"target\":\"https:\/\/www.mumablue.com\/blog\/?s={search_term_string}\",\"query-input\":\"required name=search_term_string\"}],\"inLanguage\":\"es\"},{\"@type\":\"ImageObject\",\"@id\":\"https:\/\/www.mumablue.com\/blog\/villancico-divertido-para-ninos-cantar-escuchar\/#primaryimage\",\"inLanguage\":\"es\",\"url\":\"https:\/\/www.mumablue.com\/blog\/wp-content\/uploads\/2020\/12\/Loco-Villancico.jpg\",\"width\":500,\"height\":500,\"caption\":\"villancico divertido para ni\\u00f1os\"},{\"@type\":\"WebPage\",\"@id\":\"https:\/\/www.mumablue.com\/blog\/villancico-divertido-para-ninos-cantar-escuchar\/#webpage\",\"url\":\"https:\/\/www.mumablue.com\/blog\/villancico-divertido-para-ninos-cantar-escuchar\/\",\"name\":\"Villancico divertido para ni\\u00f1os, para cantar o escuchar - Blog Mumablue\",\"isPartOf\":{\"@id\":\"https:\/\/www.mumablue.com\/blog\/#website\"},\"primaryImageOfPage\":{\"@id\":\"https:\/\/www.mumablue.com\/blog\/villancico-divertido-para-ninos-cantar-escuchar\/#primaryimage\"},\"datePublished\":\"2020-12-14T15:43:49+00:00\",\"dateModified\":\"2025-05-29T13:03:18+00:00\",\"description\":\"Este villancico divertido para ni\\u00f1os es una versi\\u00f3n de Jingle Bells que los ni\\u00f1os podr\\u00e1n cantar o escuchar cantado por divertidos personajes de cuento.\",\"inLanguage\":\"es\",\"potentialAction\":[{\"@type\":\"ReadAction\",\"target\":[\"https:\/\/www.mumablue.com\/blog\/villancico-divertido-para-ninos-cantar-escuchar\/\"]}]}]}<\/script>\n<!-- \/ Yoast SEO plugin. -->","_links":{"self":[{"href":"https:\/\/www.mumablue.com\/blog\/wp-json\/wp\/v2\/pages\/3276"}],"collection":[{"href":"https:\/\/www.mumablue.com\/blog\/wp-json\/wp\/v2\/pages"}],"about":[{"href":"https:\/\/www.mumablue.com\/blog\/wp-json\/wp\/v2\/types\/page"}],"author":[{"embeddable":true,"href":"https:\/\/www.mumablue.com\/blog\/wp-json\/wp\/v2\/users\/6"}],"replies":[{"embeddable":true,"href":"https:\/\/www.mumablue.com\/blog\/wp-json\/wp\/v2\/comments?post=3276"}],"version-history":[{"count":11,"href":"https:\/\/www.mumablue.com\/blog\/wp-json\/wp\/v2\/pages\/3276\/revisions"}],"predecessor-version":[{"id":7573,"href":"https:\/\/www.mumablue.com\/blog\/wp-json\/wp\/v2\/pages\/3276\/revisions\/7573"}],"wp:attachment":[{"href":"https:\/\/www.mumablue.com\/blog\/wp-json\/wp\/v2\/media?parent=3276"}],"curies":[{"name":"wp","href":"https:\/\/api.w.org\/{rel}","templated":true}]}}