{"id":3270,"date":"2020-12-09T16:12:36","date_gmt":"2020-12-09T16:12:36","guid":{"rendered":"https:\/\/mumablue.com\/blog\/?page_id=3270"},"modified":"2025-05-29T12:59:54","modified_gmt":"2025-05-29T12:59:54","slug":"cuento-de-hadas-para-leer-a-los-ninos","status":"publish","type":"page","link":"https:\/\/www.mumablue.com\/blog\/cuento-de-hadas-para-leer-a-los-ninos\/","title":{"rendered":"Cuento de hadas para leer a los ni\u00f1os + audiocuento"},"content":{"rendered":"<p><img decoding=\"async\" loading=\"lazy\" class=\"alignnone size-full wp-image-3272\" src=\"https:\/\/www.mumablue.com\/blog\/wp-content\/uploads\/2020\/12\/El-hada-del-invierno_.jpg\" alt=\"cuentos de hadas para leer\" width=\"500\" height=\"500\" srcset=\"https:\/\/www.mumablue.com\/blog\/wp-content\/uploads\/2020\/12\/El-hada-del-invierno_.jpg 500w, https:\/\/www.mumablue.com\/blog\/wp-content\/uploads\/2020\/12\/El-hada-del-invierno_-300x300.jpg 300w, https:\/\/www.mumablue.com\/blog\/wp-content\/uploads\/2020\/12\/El-hada-del-invierno_-150x150.jpg 150w\" sizes=\"(max-width: 500px) 100vw, 500px\" \/><\/p>\n<p>En <a href=\"https:\/\/www.mumablue.com\/esp?utm_source=blog&amp;utm_medium=link&amp;utm_campaign=p\u00e1ginas-audiocuentos&amp;utm_content=cuento-hadas\" target=\"_blank\" rel=\"noopener noreferrer\"><span style=\"color: #3366ff;\">Mumablue<\/span><\/a> te proponemos un cuento de hadas para leer a los ni\u00f1os diferente,<strong> un relato en el que las hadas no siempre son buenas&#8230; aunque acaben arrepinti\u00e9ndose.<\/strong> En \u00abEl hada del invierno\u00bb se cuenta la historia de la desaparici\u00f3n del oto\u00f1o, un acontecimiento inesperado que preocupa mucho a los animales del bosque. La responsable es una peque\u00f1a hada que pronto se dar\u00e1 cuenta de las consecuencias. \u00a1A tu peque le va a encantar!<\/p>\n<p>Si lo prefieres, este cuento de hadas para leer a los ni\u00f1os tambi\u00e9n se lo podemos contar nosotros. <strong>\u00a1Escucha gratis el audiocuento!<\/strong><\/p>\n<h2>Audiocuento El hada del invierno<\/h2>\n<h6><script src=\"https:\/\/www.buzzsprout.com\/937792\/6769423-el-hada-del-invierno.js?container_id=buzzsprout-player-6769423&amp;player=small\" type=\"text\/javascript\" charset=\"utf-8\"><\/script>M\u00fasica CC0: <span style=\"color: #3366ff;\"><a style=\"color: #3366ff;\" href=\"https:\/\/freepd.com\/romantic.php\" target=\"_blank\" rel=\"noopener noreferrer\">Burt&#8217;s Requiem<\/a><\/span> y <span style=\"color: #3366ff;\"><a style=\"color: #3366ff;\" href=\"https:\/\/freepd.com\/romantic.php\" target=\"_blank\" rel=\"noopener noreferrer\">Parhelion<\/a><\/span>, por Alexander Nakarada<\/h6>\n<p><a href=\"https:\/\/www.mumablue.com\/esp\/nuestros-cuentos-personalizados\/la-magia-del-nombre-mi-nino?utm_source=blog&amp;utm_medium=banner&amp;utm_campaign=p\u00e1ginas-audiocuentos&amp;utm_content=cuento-hadas\" target=\"_blank\" rel=\"noopener noreferrer\"><img decoding=\"async\" loading=\"lazy\" class=\"alignnone wp-image-5002 size-full\" src=\"https:\/\/www.mumablue.com\/blog\/wp-content\/uploads\/2021\/09\/Cuento-de-Hadas.jpg\" alt=\"cuento de Caperucita Roja diferente\" width=\"715\" height=\"162\" srcset=\"https:\/\/www.mumablue.com\/blog\/wp-content\/uploads\/2021\/09\/Cuento-de-Hadas.jpg 715w, https:\/\/www.mumablue.com\/blog\/wp-content\/uploads\/2021\/09\/Cuento-de-Hadas-300x68.jpg 300w, https:\/\/www.mumablue.com\/blog\/wp-content\/uploads\/2021\/09\/Cuento-de-Hadas-624x141.jpg 624w\" sizes=\"(max-width: 715px) 100vw, 715px\" \/><\/a><\/p>\n<h3><img decoding=\"async\" loading=\"lazy\" class=\"alignnone wp-image-583 ls-is-cached lazyloaded\" src=\"https:\/\/www.mumablue.com\/blog\/wp-content\/uploads\/2020\/03\/favicon.ico\" alt=\"\" width=\"44\" height=\"44\" data-src=\"https:\/\/www.mumablue.com\/blog\/wp-content\/uploads\/2020\/03\/favicon.ico\" \/>\u00a0 <span style=\"color: #800080;\">\u00a1\u00danete al\u00a0<span style=\"color: #3366ff;\"><a style=\"color: #3366ff;\" href=\"https:\/\/www.mumablue.com\/esp\/inicio#mumaClub\" target=\"_blank\" rel=\"noopener\">MumaClub<\/a><\/span>\u00a0y consigue 10% descuento en cuentos personalizados!<\/span><\/h3>\n<p>Si decides le\u00e9rselo t\u00fa personalmente, aqu\u00ed tienes el texto. Te animamos a poner esta m\u00fasica de fondo mientras lees para crear m\u00e1s ambiente.<\/p>\n<p><iframe style=\"border: 0; width: 100%; height: 42px;\" src=\"https:\/\/bandcamp.com\/EmbeddedPlayer\/album=1680353651\/size=small\/bgcol=ffffff\/linkcol=0687f5\/track=3346745998\/transparent=true\/\" seamless=\"\"><a href=\"https:\/\/alexandernakarada.bandcamp.com\/album\/collection-piano\">Collection &#8211; Piano by Alexander Nakarada<\/a><\/iframe><\/p>\n<h2>Cuento de hadas para leer: El hada del invierno<\/h2>\n<p>Aquel oto\u00f1o no era un oto\u00f1o normal. Las cosas no ocurr\u00edan como otros a\u00f1os, en los que las hojas de los \u00e1rboles se volv\u00edan amarillas, naranjas y rojas y adornaban las copas durante semanas antes de marchitarse y cubrir el suelo con un manto ocre y crujiente. No. Aquel oto\u00f1o las hojas mor\u00edan de repente y dejaban a los \u00e1rboles desnudos en cuesti\u00f3n de d\u00edas. Estaba claro que algo muy extra\u00f1o estaba pasando en el bosque.<\/p>\n<p>El Rey del Bosque, un ciervo rojo cuya gran cornamenta daba una pista de su avanzada edad, convoc\u00f3 a los animales para informarles del problema e intentar, entre todos, encontrar una soluci\u00f3n para recuperar el oto\u00f1o.<\/p>\n<p>&#8211; \u00bfAlguien ha visto o notado algo raro? -pregunt\u00f3 el ciervo.<br \/>\n&#8211; No s\u00e9 si os hab\u00e9is fijado -dijo, t\u00edmidamente una ardilla- Entre las ramas de algunos \u00e1rboles se extienden unos finos hilos. Parecen telas de ara\u00f1a pero, si mir\u00e1is bien, ver\u00e9is que est\u00e1n hechos de hielo.<\/p>\n<p>Todos los animales alzaron la cabeza a un tiempo para observar las ramas. Y as\u00ed era. Lo que a simple vista parec\u00edan telas de ara\u00f1a eran, en realidad, complejos entramados de finos hilos de hielo. Por si quedaba alguna duda, la ardilla trep\u00f3 hasta uno de los \u00e1rboles y comenz\u00f3 a golpearlos con su h\u00e1bil manita. Los hilos se quebraban con gemidos musicales.<\/p>\n<p>&#8211; \u00a1Eh, oye! Pero, \u00a1\u00bfqu\u00e9 haces?! \u00bfT\u00fa sabes lo que me cuesta construir tan s\u00f3lo una de estas figuritas? \u00a1Fuera de mi \u00e1rbol! -grit\u00f3 una vocecita impertinente.<\/p>\n<p>La ardilla dio un respingo y corri\u00f3, tronco abajo, a refugiarse junto al resto de animales del bosque. Frente a ellos, una peque\u00f1a figura alada, de colores azulados, revoloteaba sin ton ni son. Estaba muy enfadada.<\/p>\n<p>&#8211; \u00bfQui\u00e9n eres? &#8211; se atrevi\u00f3 a preguntar uno de los osos.<\/p>\n<p>&#8211; Soy un hada del invierno -respondi\u00f3 la figurilla. Y mirando al oso de arriba a abajo a\u00f1adi\u00f3, inquisidora: -La pregunta es: \u00bfQui\u00e9n eres t\u00fa?<\/p>\n<p>&#8211; \u00bfYo? &#8211; respondi\u00f3 desconcertado el oso &#8211; Pues\u2026 soy\u2026 un oso.<\/p>\n<p>&#8211; \u00a1Un oso! &#8211; exclam\u00f3 el hada, revolote\u00e1ndole alrededor, con curiosidad. -Nunca hab\u00eda visto ninguno. \u00bfY sabes por qu\u00e9? Porque los osos no ten\u00e9is ni idea de lo que es el invierno, os lo pas\u00e1is entero durmiendo en una cueva. \u00a1As\u00ed que, a callar!<\/p>\n<p>&#8211; \u00a1Ni las hadas del invierno ten\u00e9is ni idea de lo que es el oto\u00f1o! &#8211; sali\u00f3 en defensa del oso la peque\u00f1a ardilla. \u00a1Seg\u00fan parece eres la responsable de este desastre! \u00a1Queremos que nos lo devuelvas!<\/p>\n<p>Sin hacerle ning\u00fan caso, el hada del invierno se perdi\u00f3, revoloteando, en la espesura del bosque. \u00a1Como si no tuviera ya suficientes problemas! No entend\u00eda qu\u00e9 man\u00eda les hab\u00eda entrado con el oto\u00f1o a esos animales. \u00a1Claro que ten\u00eda idea de lo que era el oto\u00f1o! Una estaci\u00f3n tonta que no serv\u00eda para nada. \u00bfPara qu\u00e9 esperar semanas a que se caigan las hojas de los \u00e1rboles? Cuanto antes se acabara con eso, mucho mejor. M\u00e1s tiempo para disfrutar del fresquito del invierno, de la blanca nieve, del olor de las hogueras y el humo saliendo las chimeneas\u2026 \u00a1Eso es lo que realmente entusiasmaba a las hadas del invierno!<\/p>\n<p>Al cabo de un rato, el hada se par\u00f3 a descansar sobre el mullido musgo que crec\u00eda en un viejo tronco muerto. Entonces escuch\u00f3 una vocecita que se quejaba constantemente. Era un ratoncillo que hurgaba entre las hojas muertas.<\/p>\n<p>&#8211; Nada, \u00a1ni una! Esto es el fin. \u00a1Pero, \u00bfser\u00e1 posible?! -se lamentaba el roedor.<\/p>\n<p>&#8211; \u00bfPor qu\u00e9 te quejas tanto? Me est\u00e1s poniendo de mal humor con tus lamentos -se quej\u00f3 el hada.<\/p>\n<p>El ratoncito levant\u00f3 la cabeza y vio al hada, de pie sobre el tronco muerto, que lo miraba con los brazos en jarras.<\/p>\n<p>&#8211; \u00bfNo sabr\u00e1s d\u00f3nde puedo encontrar avellanas este a\u00f1o? O nueces, o casta\u00f1as\u2026 \u00a1Se acerca el invierno y no he conseguido nada para llenar la despensa! Si no encuentro comida pronto, mis hijos y yo moriremos de hambre.<\/p>\n<p>Al ratoncito se le quebr\u00f3 la voz y se puso a llorar desconsoladamente.<\/p>\n<p>&#8211; Eh, oye. No llores &#8211; le dijo el hada del invierno, a quien los lloriqueos la sacaban de sus casillas. &#8211; Encontrar\u00e1s una soluci\u00f3n. \u00a1Seguro que no es tan grave!<\/p>\n<p>&#8211; \u00bfQue no es tan grave? No soy el \u00fanico que tiene problemas desde que est\u00e1 desapareciendo el oto\u00f1o. Ven conmigo, te lo mostrar\u00e9.<\/p>\n<p>Con desgana, el hada sigui\u00f3 al ratoncito hasta lo alto de un enorme \u00e1rbol. Desde all\u00ed se ve\u00eda gran parte del bosque. El rat\u00f3n le iba se\u00f1alando animales mientras le contaba cu\u00e1les eran sus problemas.<\/p>\n<p>Le dijo que este a\u00f1o no hab\u00eda bayas rojas y que los insectos que se alimentaban de ellas hab\u00edan perdido sus colores. Tambi\u00e9n las plumas de los p\u00e1jaros que se com\u00edan a esos insectos se hab\u00edan vuelto pardas. Los ciervos estaban desconcertados por la falta de oto\u00f1o y no encontraban pareja, as\u00ed que en primavera no nacer\u00eda ning\u00fan cervatillo. \u00a1Y lo m\u00e1s preocupante! No hab\u00eda ni usa sola seta. Sin los hongos, las hojas muertas no se descompondr\u00edan para facilitar que germinaran nuevas plantas. El bosque se cubrir\u00eda de un manto de podredumbre y se convertir\u00eda en un lugar hostil en el que ning\u00fan ser podr\u00eda sobrevivir.<\/p>\n<p>Tras escuchar todo aquello, el hada del invierno comprendi\u00f3 lo importante que era el oto\u00f1o para todos los animales del bosque. Hab\u00eda sido una ignorante y una ego\u00edsta.<\/p>\n<p>Entonces, agarr\u00f3 fuertemente su varita m\u00e1gica y uno tras otro, fue apuntando a los \u00e1rboles del bosque. Tan pronto como los hilos de hielo estallaban, las hojas iban recuperando su aspecto oto\u00f1al. Una vez deshecho el encantamiento, el bosque luc\u00eda de nuevo como todos los oto\u00f1os. Visto desde arriba, era un manto de colores verdes, rojos, naranjas y amarillos. El hada del invierno, al contemplarlo, qued\u00f3 embelesada. Y entendi\u00f3 que el oto\u00f1o no s\u00f3lo era bueno para la vida. Tambi\u00e9n lo era para el alma.<\/p>\n<h2><a href=\"https:\/\/www.mumablue.com\/esp\/nuestros-cuentos-personalizados\/la-magia-del-nombre-mi-nino?utm_source=blog&amp;utm_medium=banner&amp;utm_campaign=p\u00e1ginas-audiocuentos&amp;utm_content=cuento-hadas\" target=\"_blank\" rel=\"noopener noreferrer\"><img decoding=\"async\" loading=\"lazy\" class=\"alignnone wp-image-5002 size-full\" src=\"https:\/\/www.mumablue.com\/blog\/wp-content\/uploads\/2021\/09\/Cuento-de-Hadas.jpg\" alt=\"cuento de Caperucita Roja diferente\" width=\"715\" height=\"162\" srcset=\"https:\/\/www.mumablue.com\/blog\/wp-content\/uploads\/2021\/09\/Cuento-de-Hadas.jpg 715w, https:\/\/www.mumablue.com\/blog\/wp-content\/uploads\/2021\/09\/Cuento-de-Hadas-300x68.jpg 300w, https:\/\/www.mumablue.com\/blog\/wp-content\/uploads\/2021\/09\/Cuento-de-Hadas-624x141.jpg 624w\" sizes=\"(max-width: 715px) 100vw, 715px\" \/><\/a><\/h2>\n<h2>Cuento de hadas para leer.. y de duendes, dragones, brujas\u2026<\/h2>\n<p>Esperamos que a tu peque le haya gustado este cuento de hadas para leer. Puedes encontrar muchos otros en nuestra p\u00e1gina de <span style=\"color: #3366ff;\"><a style=\"color: #3366ff;\" href=\"https:\/\/www.mumablue.com\/blog\/cuentos-infantiles-para-leer-cortos-gratis\/\" target=\"_blank\" rel=\"noopener noreferrer\">cuentos infantiles para ni\u00f1os<\/a><\/span>. All\u00ed <strong>descubrir\u00e9is un asombroso mundo de fantas\u00eda poblado por extra\u00f1os seres<\/strong>. Cuentos con valores adaptados a los tiempos actuales, donde las moralejas y los roles huyen del enfoque cl\u00e1sico. \u00a1Echa un vistazo!<\/p>\n<div style='text-align:left' class='yasr-auto-insert-visitor'><\/div>","protected":false},"excerpt":{"rendered":"<p>En Mumablue te proponemos un cuento de hadas para leer a los ni\u00f1os diferente, un relato en el que las hadas no siempre son buenas&#8230; aunque acaben arrepinti\u00e9ndose. En \u00abEl hada del invierno\u00bb se cuenta la historia de la desaparici\u00f3n del oto\u00f1o, un acontecimiento inesperado que preocupa mucho a los animales del bosque. La responsable [&hellip;]<\/p>\n","protected":false},"author":6,"featured_media":0,"parent":0,"menu_order":0,"comment_status":"closed","ping_status":"closed","template":"","meta":{"yasr_overall_rating":0,"yasr_post_is_review":"","yasr_auto_insert_disabled":"","yasr_review_type":""},"yasr_visitor_votes":{"number_of_votes":317,"sum_votes":1430,"stars_attributes":{"read_only":false,"span_bottom":false}},"yoast_head":"<!-- This site is optimized with the Yoast SEO plugin v14.5 - https:\/\/yoast.com\/wordpress\/plugins\/seo\/ -->\n<meta name=\"description\" content=\"Con este cuento de hadas para leer, rico en valores, los ni\u00f1os aprender\u00e1n la importancia del oto\u00f1o en el ciclo de renovaci\u00f3n de la Naturaleza.\" \/>\n<meta name=\"robots\" content=\"index, follow\" \/>\n<meta name=\"googlebot\" content=\"index, follow, max-snippet:-1, max-image-preview:large, max-video-preview:-1\" \/>\n<meta name=\"bingbot\" content=\"index, follow, max-snippet:-1, max-image-preview:large, max-video-preview:-1\" \/>\n<link rel=\"canonical\" href=\"https:\/\/www.mumablue.com\/blog\/cuento-de-hadas-para-leer-a-los-ninos\/\" \/>\n<meta property=\"og:locale\" content=\"es_ES\" \/>\n<meta property=\"og:type\" content=\"article\" \/>\n<meta property=\"og:title\" content=\"Cuento de hadas para leer a los ni\u00f1os + audiocuento - Blog Mumablue\" \/>\n<meta property=\"og:description\" content=\"Con este cuento de hadas para leer, rico en valores, los ni\u00f1os aprender\u00e1n la importancia del oto\u00f1o en el ciclo de renovaci\u00f3n de la Naturaleza.\" \/>\n<meta property=\"og:url\" content=\"https:\/\/www.mumablue.com\/blog\/cuento-de-hadas-para-leer-a-los-ninos\/\" \/>\n<meta property=\"og:site_name\" content=\"Blog Mumablue\" \/>\n<meta property=\"article:publisher\" content=\"https:\/\/www.facebook.com\/mumablue\/\" \/>\n<meta property=\"article:modified_time\" content=\"2025-05-29T12:59:54+00:00\" \/>\n<meta property=\"og:image\" content=\"https:\/\/www.mumablue.com\/blog\/wp-content\/uploads\/2020\/12\/El-hada-del-invierno_.jpg\" \/>\n<meta name=\"twitter:card\" content=\"summary_large_image\" \/>\n<script type=\"application\/ld+json\" class=\"yoast-schema-graph\">{\"@context\":\"https:\/\/schema.org\",\"@graph\":[{\"@type\":\"Organization\",\"@id\":\"https:\/\/www.mumablue.com\/blog\/#organization\",\"name\":\"Mumablue\",\"url\":\"https:\/\/www.mumablue.com\/blog\/\",\"sameAs\":[\"https:\/\/www.facebook.com\/mumablue\/\",\"https:\/\/www.instagram.com\/mumablue\/?hl=es\"],\"logo\":{\"@type\":\"ImageObject\",\"@id\":\"https:\/\/www.mumablue.com\/blog\/#logo\",\"inLanguage\":\"es\",\"url\":\"https:\/\/www.mumablue.com\/blog\/wp-content\/uploads\/2020\/05\/Blog-Mumablue.png\",\"width\":749,\"height\":269,\"caption\":\"Mumablue\"},\"image\":{\"@id\":\"https:\/\/www.mumablue.com\/blog\/#logo\"}},{\"@type\":\"WebSite\",\"@id\":\"https:\/\/www.mumablue.com\/blog\/#website\",\"url\":\"https:\/\/www.mumablue.com\/blog\/\",\"name\":\"Blog Mumablue\",\"description\":\"Un blog de cuentos y audiocuentos gratis para ni\\u00f1os.\",\"publisher\":{\"@id\":\"https:\/\/www.mumablue.com\/blog\/#organization\"},\"potentialAction\":[{\"@type\":\"SearchAction\",\"target\":\"https:\/\/www.mumablue.com\/blog\/?s={search_term_string}\",\"query-input\":\"required name=search_term_string\"}],\"inLanguage\":\"es\"},{\"@type\":\"ImageObject\",\"@id\":\"https:\/\/www.mumablue.com\/blog\/cuento-de-hadas-para-leer-a-los-ninos\/#primaryimage\",\"inLanguage\":\"es\",\"url\":\"https:\/\/www.mumablue.com\/blog\/wp-content\/uploads\/2020\/12\/El-hada-del-invierno_.jpg\",\"width\":500,\"height\":500,\"caption\":\"cuentos de hadas para leer\"},{\"@type\":\"WebPage\",\"@id\":\"https:\/\/www.mumablue.com\/blog\/cuento-de-hadas-para-leer-a-los-ninos\/#webpage\",\"url\":\"https:\/\/www.mumablue.com\/blog\/cuento-de-hadas-para-leer-a-los-ninos\/\",\"name\":\"Cuento de hadas para leer a los ni\\u00f1os + audiocuento - Blog Mumablue\",\"isPartOf\":{\"@id\":\"https:\/\/www.mumablue.com\/blog\/#website\"},\"primaryImageOfPage\":{\"@id\":\"https:\/\/www.mumablue.com\/blog\/cuento-de-hadas-para-leer-a-los-ninos\/#primaryimage\"},\"datePublished\":\"2020-12-09T16:12:36+00:00\",\"dateModified\":\"2025-05-29T12:59:54+00:00\",\"description\":\"Con este cuento de hadas para leer, rico en valores, los ni\\u00f1os aprender\\u00e1n la importancia del oto\\u00f1o en el ciclo de renovaci\\u00f3n de la Naturaleza.\",\"inLanguage\":\"es\",\"potentialAction\":[{\"@type\":\"ReadAction\",\"target\":[\"https:\/\/www.mumablue.com\/blog\/cuento-de-hadas-para-leer-a-los-ninos\/\"]}]}]}<\/script>\n<!-- \/ Yoast SEO plugin. -->","_links":{"self":[{"href":"https:\/\/www.mumablue.com\/blog\/wp-json\/wp\/v2\/pages\/3270"}],"collection":[{"href":"https:\/\/www.mumablue.com\/blog\/wp-json\/wp\/v2\/pages"}],"about":[{"href":"https:\/\/www.mumablue.com\/blog\/wp-json\/wp\/v2\/types\/page"}],"author":[{"embeddable":true,"href":"https:\/\/www.mumablue.com\/blog\/wp-json\/wp\/v2\/users\/6"}],"replies":[{"embeddable":true,"href":"https:\/\/www.mumablue.com\/blog\/wp-json\/wp\/v2\/comments?post=3270"}],"version-history":[{"count":11,"href":"https:\/\/www.mumablue.com\/blog\/wp-json\/wp\/v2\/pages\/3270\/revisions"}],"predecessor-version":[{"id":7572,"href":"https:\/\/www.mumablue.com\/blog\/wp-json\/wp\/v2\/pages\/3270\/revisions\/7572"}],"wp:attachment":[{"href":"https:\/\/www.mumablue.com\/blog\/wp-json\/wp\/v2\/media?parent=3270"}],"curies":[{"name":"wp","href":"https:\/\/api.w.org\/{rel}","templated":true}]}}