{"id":3228,"date":"2020-11-30T11:52:50","date_gmt":"2020-11-30T11:52:50","guid":{"rendered":"https:\/\/mumablue.com\/blog\/?page_id=3228"},"modified":"2025-05-29T12:54:24","modified_gmt":"2025-05-29T12:54:24","slug":"mitologia-romana-para-ninos-el-mito-de-narciso","status":"publish","type":"page","link":"https:\/\/www.mumablue.com\/blog\/mitologia-romana-para-ninos-el-mito-de-narciso\/","title":{"rendered":"Mitolog\u00eda romana para ni\u00f1os: El mito de Narciso"},"content":{"rendered":"<p><img decoding=\"async\" loading=\"lazy\" class=\"alignnone size-full wp-image-3229\" src=\"https:\/\/www.mumablue.com\/blog\/wp-content\/uploads\/2020\/11\/El-mito-de-Narciso.jpg\" alt=\"mitolog\u00eda romana para ni\u00f1os\" width=\"500\" height=\"500\" srcset=\"https:\/\/www.mumablue.com\/blog\/wp-content\/uploads\/2020\/11\/El-mito-de-Narciso.jpg 500w, https:\/\/www.mumablue.com\/blog\/wp-content\/uploads\/2020\/11\/El-mito-de-Narciso-300x300.jpg 300w, https:\/\/www.mumablue.com\/blog\/wp-content\/uploads\/2020\/11\/El-mito-de-Narciso-150x150.jpg 150w\" sizes=\"(max-width: 500px) 100vw, 500px\" \/><\/p>\n<p>\u00bfBuscas mitolog\u00eda romana para ni\u00f1os? En <a href=\"https:\/\/www.mumablue.com\/?utm_source=blog&amp;utm_medium=link&amp;utm_campaign=p\u00e1ginas-audiocuentos&amp;utm_content=mitologia-romana\">Mumablue<\/a> estamos comprometidos con educar a los ni\u00f1os en la cultura cl\u00e1sica. Por eso, aqu\u00ed te dejamos nuestra versi\u00f3n de \u00abEl mito de Narciso\u00bb, <strong>una adaptaci\u00f3n para que los m\u00e1s peque\u00f1os conozcan esta leyenda, despojada de la crudeza<\/strong> que es inherente a la mitolog\u00eda cl\u00e1sica. Encontrar\u00e1s el texto m\u00e1s abajo. Pero antes&#8230;<\/p>\n<h2>Audiocuento \u00abEl mito de Narciso\u00bb<\/h2>\n<p>\u00a1Si lo prefieres, este famoso episodio de mitolog\u00eda romana para ni\u00f1os se lo contamos nosotros!<\/p>\n<h6><script src=\"https:\/\/www.buzzsprout.com\/937792\/6612925-el-mito-de-narciso.js?container_id=buzzsprout-player-6612925&amp;player=small\" type=\"text\/javascript\" charset=\"utf-8\"><\/script>M\u00fasica: CC 0 <span style=\"color: #3366ff;\"><a style=\"color: #3366ff;\" href=\"https:\/\/freepd.com\/Page2\/\" target=\"_blank\" rel=\"noopener noreferrer\">Ambient E Singing Bells<\/a><\/span>, por Frank Nora; <span style=\"color: #3366ff;\"><a style=\"color: #3366ff;\" href=\"https:\/\/freepd.com\/misc.php\">Forest Night<\/a><\/span> (Phase Shift) y <span style=\"color: #3366ff;\"><a style=\"color: #3366ff;\" href=\"https:\/\/freepd.com\/Page2\/\">Dragon Dance<\/a><\/span>, por Rafael Krux.<\/h6>\n<p>Pero si eres m\u00e1s de leerle cuentos a tu peque con tu propia voz, te dejamos el texto a continuaci\u00f3n. Y, si lo deseas, puedes poner esta musiquita de fondo para darle m\u00e1s ambiente.<\/p>\n<p><iframe style=\"border: 0; width: 100%; height: 42px;\" src=\"https:\/\/bandcamp.com\/EmbeddedPlayer\/album=2515395738\/size=small\/bgcol=ffffff\/linkcol=0687f5\/track=5915977\/transparent=true\/\" seamless=\"\"><a href=\"https:\/\/alexandernakarada.bandcamp.com\/album\/collection-celtic-medieval\">Collection &#8211; Celtic &amp; Medieval by Alexander Nakarada<\/a><\/iframe><\/p>\n<h2>Mitolog\u00eda romana para ni\u00f1os: El mito de Narciso<\/h2>\n<p><span style=\"font-weight: 400;\">Narciso era hijo del dios Cefiso y de la ninfa Lir\u00edope. Cuando naci\u00f3, sus padres consultaron a Tiresias, el adivino, con el fin de conocer su destino. El adivino les dijo que Narciso vivir\u00eda una larga vida y llegar\u00eda a viejo siempre y cuando nunca se contemplara a s\u00ed mismo.<\/span><\/p>\n<p><span style=\"font-weight: 400;\">Narciso creci\u00f3 y se convirti\u00f3 en un joven de extraordinaria belleza. Era tan apuesto que muchas ninfas se enamoraban de \u00e9l. Pero Narciso sent\u00eda un total desprecio por el amor y a todas las rechazaba. Entre ellas a Eco, una ninfa de bella voz que acab\u00f3 encerr\u00e1ndose en una cueva al no poder soportar tanta tristeza.<\/span><\/p>\n<p><span style=\"font-weight: 400;\">Precisamente fue este rechazo a Eco lo que provoc\u00f3 la ira de N\u00e9mesis, la diosa de la venganza. N\u00e9mesis urdi\u00f3 un plan y, un d\u00eda, mientras Narciso se encontraba cazando en el bosque, le enga\u00f1\u00f3 para que se acercara hasta el borde de un arroyo de aguas cristalinas.<\/span><\/p>\n<p><span style=\"font-weight: 400;\">Al inclinarse sobre el agua, Narciso se vio reflejado en la superficie. Lo que vio fue un joven de tal belleza que qued\u00f3 obnubilado. No pod\u00eda dejar de mirarse, no pod\u00eda dejar de contemplar esa bella imagen en agua, hasta el punto de que el joven Narciso, incapaz de amar a ninguna muchacha, se enamor\u00f3 de s\u00ed mismo sin darse cuenta de que era \u00e9l. <\/span><\/p>\n<p><span style=\"font-weight: 400;\">Pero su imagen no le correspond\u00eda en el amor y cuanto m\u00e1s se contemplaba, m\u00e1s triste se pon\u00eda. As\u00ed fue hasta que, de tanto mirarse en el reflejo del agua, Narciso cay\u00f3 al r\u00edo y se ahog\u00f3. Dicen que en ese mismo lugar pronto creci\u00f3 una flor de gran belleza, la flor que hoy lleva su mismo nombre: narciso.<\/span><\/p>\n<h2>Curiosidades sobre Narciso<\/h2>\n<p><span style=\"font-weight: 400;\">El mito de Narciso se cuenta de varias maneras. La que acabas de leer o escuchar es la versi\u00f3n romana. <strong>Fue escrita por el poeta Ovidio y est\u00e1 considerada como \u201cla versi\u00f3n cl\u00e1sica\u201d.<\/strong> Sin embargo, muchos a\u00f1os antes de que Ovidio la escribiera, los griegos ten\u00edan su propia versi\u00f3n del mito, donde Narciso rechaza al joven Aminias.\u00a0<\/span><\/p>\n<p><span style=\"font-weight: 400;\">En otras versiones se dice que <strong>el delirio de Narciso le acompa\u00f1\u00f3 hasta el inframundo<\/strong>, donde est\u00e1 condenado por toda la eternidad a contemplar su reflejo en las aguas de la laguna Estigia. \u00a1Que dram\u00e1ticos eran los antiguos!\u00a0<\/span><\/p>\n<p><span style=\"font-weight: 400;\">Se cree que el mito de Narciso es una historia moralizante dirigida a los j\u00f3venes griegos de la \u00e9poca. <strong>Tan importante es este mito que ha dado nombre al \u201cnarcisismo\u201d<\/strong>. Las personas narcisistas s\u00f3lo sienten amor hacia ellos mismos, por lo que les resulta muy dif\u00edcil valorar a otras personas.<\/span><\/p>\n<p><span style=\"font-weight: 400;\"><strong>El narciso es una flor muy bonita, generalmente solitaria<\/strong>, que crece en primavera o en oto\u00f1o y simboliza el amor no correspondido. La mayor\u00eda de sus especies son de origen mediterr\u00e1neo y la m\u00e1s conocida es la que tiene p\u00e9talos blancos y una especie de campanilla amarilla en el centro.\u00a0<\/span><\/p>\n<h2>Mitolog\u00eda romana para ni\u00f1os&#8230; y griega<\/h2>\n<p>Esperamos que a tu peque le haya gustado este mito, uno de los m\u00e1s adecuados para recrear la mitolog\u00eda romana para ni\u00f1os. <strong>Te animamos a descubrir otros mitos, como el mito griego de Eco<\/strong>, en nuestra p\u00e1gina de <span style=\"color: #3366ff;\"><a style=\"color: #3366ff;\" href=\"https:\/\/www.mumablue.com\/blog\/cuentos-infantiles-para-leer-cortos-gratis\/\">cuentos infantiles para leer<\/a><\/span>. \u00a1Echa un vistazo!<\/p>\n<div style='text-align:left' class='yasr-auto-insert-visitor'><\/div>","protected":false},"excerpt":{"rendered":"<p>\u00bfBuscas mitolog\u00eda romana para ni\u00f1os? En Mumablue estamos comprometidos con educar a los ni\u00f1os en la cultura cl\u00e1sica. Por eso, aqu\u00ed te dejamos nuestra versi\u00f3n de \u00abEl mito de Narciso\u00bb, una adaptaci\u00f3n para que los m\u00e1s peque\u00f1os conozcan esta leyenda, despojada de la crudeza que es inherente a la mitolog\u00eda cl\u00e1sica. Encontrar\u00e1s el texto m\u00e1s [&hellip;]<\/p>\n","protected":false},"author":6,"featured_media":0,"parent":0,"menu_order":0,"comment_status":"closed","ping_status":"closed","template":"","meta":{"yasr_overall_rating":0,"yasr_post_is_review":"","yasr_auto_insert_disabled":"","yasr_review_type":""},"yasr_visitor_votes":{"number_of_votes":38,"sum_votes":166,"stars_attributes":{"read_only":false,"span_bottom":false}},"yoast_head":"<!-- This site is optimized with the Yoast SEO plugin v14.5 - https:\/\/yoast.com\/wordpress\/plugins\/seo\/ -->\n<meta name=\"description\" content=\"Mitolog\u00eda romana para ni\u00f1os que ense\u00f1a a los peques los mitos cl\u00e1sicos despojados de toda crudeza, para aprender mientras disfrutan escuchando un cuento.\" \/>\n<meta name=\"robots\" content=\"index, follow\" \/>\n<meta name=\"googlebot\" content=\"index, follow, max-snippet:-1, max-image-preview:large, max-video-preview:-1\" \/>\n<meta name=\"bingbot\" content=\"index, follow, max-snippet:-1, max-image-preview:large, max-video-preview:-1\" \/>\n<link rel=\"canonical\" href=\"https:\/\/www.mumablue.com\/blog\/mitologia-romana-para-ninos-el-mito-de-narciso\/\" \/>\n<meta property=\"og:locale\" content=\"es_ES\" \/>\n<meta property=\"og:type\" content=\"article\" \/>\n<meta property=\"og:title\" content=\"Mitolog\u00eda romana para ni\u00f1os: El mito de Narciso - Blog Mumablue\" \/>\n<meta property=\"og:description\" content=\"Mitolog\u00eda romana para ni\u00f1os que ense\u00f1a a los peques los mitos cl\u00e1sicos despojados de toda crudeza, para aprender mientras disfrutan escuchando un cuento.\" \/>\n<meta property=\"og:url\" content=\"https:\/\/www.mumablue.com\/blog\/mitologia-romana-para-ninos-el-mito-de-narciso\/\" \/>\n<meta property=\"og:site_name\" content=\"Blog Mumablue\" \/>\n<meta property=\"article:publisher\" content=\"https:\/\/www.facebook.com\/mumablue\/\" \/>\n<meta property=\"article:modified_time\" content=\"2025-05-29T12:54:24+00:00\" \/>\n<meta property=\"og:image\" content=\"https:\/\/www.mumablue.com\/blog\/wp-content\/uploads\/2020\/11\/El-mito-de-Narciso.jpg\" \/>\n<meta name=\"twitter:card\" content=\"summary_large_image\" \/>\n<script type=\"application\/ld+json\" class=\"yoast-schema-graph\">{\"@context\":\"https:\/\/schema.org\",\"@graph\":[{\"@type\":\"Organization\",\"@id\":\"https:\/\/www.mumablue.com\/blog\/#organization\",\"name\":\"Mumablue\",\"url\":\"https:\/\/www.mumablue.com\/blog\/\",\"sameAs\":[\"https:\/\/www.facebook.com\/mumablue\/\",\"https:\/\/www.instagram.com\/mumablue\/?hl=es\"],\"logo\":{\"@type\":\"ImageObject\",\"@id\":\"https:\/\/www.mumablue.com\/blog\/#logo\",\"inLanguage\":\"es\",\"url\":\"https:\/\/www.mumablue.com\/blog\/wp-content\/uploads\/2020\/05\/Blog-Mumablue.png\",\"width\":749,\"height\":269,\"caption\":\"Mumablue\"},\"image\":{\"@id\":\"https:\/\/www.mumablue.com\/blog\/#logo\"}},{\"@type\":\"WebSite\",\"@id\":\"https:\/\/www.mumablue.com\/blog\/#website\",\"url\":\"https:\/\/www.mumablue.com\/blog\/\",\"name\":\"Blog Mumablue\",\"description\":\"Un blog de cuentos y audiocuentos gratis para ni\\u00f1os.\",\"publisher\":{\"@id\":\"https:\/\/www.mumablue.com\/blog\/#organization\"},\"potentialAction\":[{\"@type\":\"SearchAction\",\"target\":\"https:\/\/www.mumablue.com\/blog\/?s={search_term_string}\",\"query-input\":\"required name=search_term_string\"}],\"inLanguage\":\"es\"},{\"@type\":\"ImageObject\",\"@id\":\"https:\/\/www.mumablue.com\/blog\/mitologia-romana-para-ninos-el-mito-de-narciso\/#primaryimage\",\"inLanguage\":\"es\",\"url\":\"https:\/\/www.mumablue.com\/blog\/wp-content\/uploads\/2020\/11\/El-mito-de-Narciso.jpg\",\"width\":500,\"height\":500,\"caption\":\"mitolog\\u00eda romana para ni\\u00f1os\"},{\"@type\":\"WebPage\",\"@id\":\"https:\/\/www.mumablue.com\/blog\/mitologia-romana-para-ninos-el-mito-de-narciso\/#webpage\",\"url\":\"https:\/\/www.mumablue.com\/blog\/mitologia-romana-para-ninos-el-mito-de-narciso\/\",\"name\":\"Mitolog\\u00eda romana para ni\\u00f1os: El mito de Narciso - Blog Mumablue\",\"isPartOf\":{\"@id\":\"https:\/\/www.mumablue.com\/blog\/#website\"},\"primaryImageOfPage\":{\"@id\":\"https:\/\/www.mumablue.com\/blog\/mitologia-romana-para-ninos-el-mito-de-narciso\/#primaryimage\"},\"datePublished\":\"2020-11-30T11:52:50+00:00\",\"dateModified\":\"2025-05-29T12:54:24+00:00\",\"description\":\"Mitolog\\u00eda romana para ni\\u00f1os que ense\\u00f1a a los peques los mitos cl\\u00e1sicos despojados de toda crudeza, para aprender mientras disfrutan escuchando un cuento.\",\"inLanguage\":\"es\",\"potentialAction\":[{\"@type\":\"ReadAction\",\"target\":[\"https:\/\/www.mumablue.com\/blog\/mitologia-romana-para-ninos-el-mito-de-narciso\/\"]}]}]}<\/script>\n<!-- \/ Yoast SEO plugin. -->","_links":{"self":[{"href":"https:\/\/www.mumablue.com\/blog\/wp-json\/wp\/v2\/pages\/3228"}],"collection":[{"href":"https:\/\/www.mumablue.com\/blog\/wp-json\/wp\/v2\/pages"}],"about":[{"href":"https:\/\/www.mumablue.com\/blog\/wp-json\/wp\/v2\/types\/page"}],"author":[{"embeddable":true,"href":"https:\/\/www.mumablue.com\/blog\/wp-json\/wp\/v2\/users\/6"}],"replies":[{"embeddable":true,"href":"https:\/\/www.mumablue.com\/blog\/wp-json\/wp\/v2\/comments?post=3228"}],"version-history":[{"count":6,"href":"https:\/\/www.mumablue.com\/blog\/wp-json\/wp\/v2\/pages\/3228\/revisions"}],"predecessor-version":[{"id":6713,"href":"https:\/\/www.mumablue.com\/blog\/wp-json\/wp\/v2\/pages\/3228\/revisions\/6713"}],"wp:attachment":[{"href":"https:\/\/www.mumablue.com\/blog\/wp-json\/wp\/v2\/media?parent=3228"}],"curies":[{"name":"wp","href":"https:\/\/api.w.org\/{rel}","templated":true}]}}