{"id":2810,"date":"2021-05-13T14:55:01","date_gmt":"2021-05-13T14:55:01","guid":{"rendered":"https:\/\/mumablue.com\/blog\/?page_id=2810"},"modified":"2022-10-19T12:32:28","modified_gmt":"2022-10-19T12:32:28","slug":"cuentos-personalizados-de-princesas-regalo","status":"publish","type":"page","link":"https:\/\/www.mumablue.com\/blog\/cuentos-personalizados-de-princesas-regalo\/","title":{"rendered":"Cuentos personalizados de princesas \u00a1El mejor regalo!"},"content":{"rendered":"<p><a href=\"https:\/\/www.mumablue.com\/blog\/wp-content\/uploads\/2021\/05\/PORTADA-FROZEN-ESPA\u00d1OL-2.jpg\"><img decoding=\"async\" loading=\"lazy\" class=\"alignnone size-full wp-image-3917\" src=\"https:\/\/www.mumablue.com\/blog\/wp-content\/uploads\/2021\/05\/PORTADA-FROZEN-ESPA\u00d1OL-2.jpg\" alt=\"Cuentos personalizados de princesas\" width=\"500\" height=\"500\" srcset=\"https:\/\/www.mumablue.com\/blog\/wp-content\/uploads\/2021\/05\/PORTADA-FROZEN-ESPA\u00d1OL-2.jpg 500w, https:\/\/www.mumablue.com\/blog\/wp-content\/uploads\/2021\/05\/PORTADA-FROZEN-ESPA\u00d1OL-2-300x300.jpg 300w, https:\/\/www.mumablue.com\/blog\/wp-content\/uploads\/2021\/05\/PORTADA-FROZEN-ESPA\u00d1OL-2-150x150.jpg 150w\" sizes=\"(max-width: 500px) 100vw, 500px\" \/><\/a><\/p>\n<p>Los cuentos personalizados de princesas <span style=\"font-weight: 400;\">har\u00e1n las delicias de los m\u00e1s peque\u00f1os por partida doble, pues el ni\u00f1o lector no s\u00f3lo ser\u00e1 el protagonista, sino que <strong>se sumergir\u00e1 en un mundo m\u00e1gico<\/strong> de palacios, reyes, bonitos vestidos y valientes caballeros.<\/span><\/p>\n<p>Los cuentos personalizados de princesas<strong>\u00a0acercan al mundo de los cuentos cl\u00e1sicos<\/strong>, un universo con el que los m\u00e1s peque\u00f1os est\u00e1n familiarizados gracias a las grandes historias de la literatura infantil universal y, por supuesto, al cine, de la mano de factor\u00edas como \u00a9Disney.<\/p>\n<h2>El mundo de Frozen en un cuento personalizado de princesas<\/h2>\n<p>\u00a1Efectivamente! Pensar en princesas de cuento hace que, inevitablemente, nos venga Disney a la mente. Por eso, Mumablue ha lanzado un <span style=\"color: #3366ff;\"><a style=\"color: #3366ff;\" href=\"https:\/\/www.mumablue.com\/esp\/nuestros-cuentos-personalizados\/frozen-disney-elsa-y-anna\" target=\"_blank\" rel=\"noopener noreferrer\">cuento personalizado de princesas<\/a><\/span> en colaboraci\u00f3n con \u00a9<span style=\"color: #3366ff;\"><a style=\"color: #3366ff;\" href=\"https:\/\/disney.es\/\" target=\"_blank\" rel=\"noopener noreferrer\">Disney<\/a><\/span>. Se trata de <strong>\u00ab(<em>Nombre de tu peque<\/em>), Elsa y Anna\u00bb, el cuento personalizado de princesas<\/strong> en el que el propio ni\u00f1o o ni\u00f1a protagoniza la historia en primera persona y da nombre al t\u00edtulo.<\/p>\n<p>En \u00ab(<em>Nombre de tu peque<\/em>), Elsa y Anna\u00bb el ni\u00f1o o ni\u00f1a protagonista vivir\u00e1 aventuras extraordinarias junto a las princesas protagonistas de Frozen, una de las pel\u00edculas \u00a9Disney de mayor \u00e9xito de los \u00faltimos tiempos. En esta historia, el ni\u00f1o protagonista acceder\u00e1 al Reino de Arendelle de forma m\u00e1gica. All\u00ed, <strong>sus nuevas amigas le ense\u00f1ar\u00e1n el palacio y jugar\u00e1n a un mont\u00f3n de divertidos juegos<\/strong> gracias a los poderes de Elsa. Adem\u00e1s, deber\u00e1n hacer frente a un peque\u00f1o imprevisto que convertir\u00e1 a tu peque en el h\u00e9roe o hero\u00edna de la historia.<\/p>\n<p>Como todos los cuentos Mumablue, \u00ab(<em>Nombre de tu peque<\/em>), Elsa y Anna\u00bb es <strong>un cuento lleno de valores en el que destacan la amistad, la cooperaci\u00f3n y el juego libre<\/strong>. La amistad que se forjar\u00e1 entre las dos princesas Frozen y el ni\u00f1o protagonista al compartir momentos maravillosos; la cooperaci\u00f3n que har\u00e1 falta para resolver con \u00e9xito un peque\u00f1o imprevisto; y el juego libre porque es la mejor expresi\u00f3n l\u00fadica de los ni\u00f1os, llena de espontaneidad y enormes beneficios relacionados con el aprendizaje.<\/p>\n<p>As\u00ed, \u00ab<span style=\"color: #3366ff;\">(<a style=\"color: #3366ff;\" href=\"https:\/\/www.mumablue.com\/esp\/nuestros-cuentos-personalizados\/frozen-disney-elsa-y-anna\" target=\"_blank\" rel=\"noopener noreferrer\"><span style=\"color: #3366ff;\"><em>Nombre de tu peque<\/em>), E<\/span>lsa y Anna<\/a><\/span>\u00bb es uno de los cuentos personalizados de princesas que m\u00e1s gustan a los padres, por su valor educativo y por utilizar como escenario el Reino de Arendelle, que es <strong>bien conocido por los peque\u00f1os que disfrutan con las historias de Frozen.<\/strong><\/p>\n<h2><a href=\"https:\/\/www.mumablue.com\/blog\/wp-content\/uploads\/2021\/05\/Cuento-personalizado-frozen.jpg\"><img decoding=\"async\" loading=\"lazy\" class=\"alignnone size-full wp-image-3920\" src=\"https:\/\/www.mumablue.com\/blog\/wp-content\/uploads\/2021\/05\/Cuento-personalizado-frozen.jpg\" alt=\"Cuentos personalizados de princesas\" width=\"715\" height=\"507\" srcset=\"https:\/\/www.mumablue.com\/blog\/wp-content\/uploads\/2021\/05\/Cuento-personalizado-frozen.jpg 715w, https:\/\/www.mumablue.com\/blog\/wp-content\/uploads\/2021\/05\/Cuento-personalizado-frozen-300x213.jpg 300w, https:\/\/www.mumablue.com\/blog\/wp-content\/uploads\/2021\/05\/Cuento-personalizado-frozen-624x442.jpg 624w\" sizes=\"(max-width: 715px) 100vw, 715px\" \/><\/a><\/h2>\n<h2>\u00bfC\u00f3mo es \u00ab(<em>Nombre de tu peque<\/em>), Elsa y Anna\u00bb?<\/h2>\n<p>Este cuento personalizado ambientado en el mundo de Frozen consta de<strong> una veintena de cuidadas ilustraciones, a todo color<\/strong>, realizadas manualmente por un equipo de ilustradores profesionales y bajo la supervisi\u00f3n de \u00a9Disney, por lo que tanto los personajes como los escenarios representados est\u00e1n adaptados con gran fiabilidad a los genuinos, esos que los peques pueden ver en las pel\u00edculas.<\/p>\n<p>\u00ab(<em>Nombre de tu peque<\/em>), Elsa y Anna\u00bb -como todos los cuentos Mumablue- est\u00e1 impreso en papel de gran calidad, couch\u00e9, con un gramaje de 300 y cuenta con un acabado antihuellas y antimanchas para protegerlo de la manipulaci\u00f3n de los m\u00e1s peque\u00f1os. As\u00ed, el cuento se mantendr\u00e1 como nuevo durante mucho m\u00e1s tiempo. \u00a1Y posee una <strong>portada personalizada en la que aparece el nombre del ni\u00f1o o ni\u00f1a protagonista, adem\u00e1s de una ilustraci\u00f3n a su imagen y semejanza<\/strong>! Esto llamar\u00e1 su inter\u00e9s de inmediato y har\u00e1 que se impliquen r\u00e1pidamente en la lectura.<\/p>\n<h2>Los cuentos personalizados de princesas no son s\u00f3lo cosa de ni\u00f1as<\/h2>\n<p>Cada vez m\u00e1s, los padres apuestan por educar a sus hijos de un modo que no haga distinciones de g\u00e9nero y es por eso que<strong> los cuentos de princesas cada vez son m\u00e1s aceptados por los ni\u00f1os.<\/strong> Igual que juegan con mu\u00f1ecas o ayudan en la cocina, leen tambi\u00e9n cuentos de hadas donde la protagonista es una princesa al estilo cl\u00e1sico: con su vestido, su corona y su bonito palacio.<\/p>\n<p>Bien es cierto que los cuentos de princesas tienen, todav\u00eda hoy, una mayor aceptaci\u00f3n entre las ni\u00f1as, debido a que alcanzan una mayor identificaci\u00f3n con el personaje protagonista, que suele ser una peque\u00f1a princesa. Sin embargo, en los cuentos personalizados de princesas la identificaci\u00f3n del ni\u00f1o con la historia se logra de otra manera, ya que <strong>es el propio ni\u00f1o quien, independientemente de su g\u00e9nero, vive maravillosas aventuras<\/strong> en un mundo maravilloso.<\/p>\n<p>La apuesta de Mumablue por educar en igualdad de g\u00e9nero desde la m\u00e1s temprana infancia es uno de los valores principales de la marca.\u00a0 <strong>Colocar a un ni\u00f1o en el papel protagonista es f\u00e1cil si hablamos de Frozen<\/strong>, una preciosa historia de \u00a9Disney que ha cautivado el coraz\u00f3n de las ni\u00f1as, pero tambi\u00e9n de los ni\u00f1os. En este contexto, tambi\u00e9n los ni\u00f1os estar\u00e1n encantados de protagonizar un cuento de princesas.<\/p>\n<p>Si crees que \u00ab(<em>Nombre de tu peque<\/em>), Elsa y Anna\u00bb resultar\u00e1 un buen regalo para tu peque, sea ni\u00f1a o ni\u00f1o, pero no lo tienes totalmente claro, no te preocupes. Puedes salir de dudas r\u00e1pidamente, ya que <strong>es posible que conozcas el contenido \u00edntegro del cuento<\/strong> tan s\u00f3lo invirtiendo unos minutos en caracterizar a tu peque y accediendo a la previsualizaci\u00f3n del cuento completo. Y luego, si consideras que es adecuado a sus gustos y a los tuyos propios, s\u00f3lo tendr\u00e1s que encargarlo y te llegar\u00e1 en pocos d\u00edas. <span style=\"color: #3366ff;\"><a style=\"color: #3366ff;\" href=\"https:\/\/www.mumablue.com\/esp\/nuestros-cuentos-personalizados\/frozen-disney-elsa-y-anna\" target=\"_blank\" rel=\"noopener noreferrer\">Accede ahora a la previsualizaci\u00f3n<\/a><\/span> de \u00ab(<em>Nombre de tu peque<\/em>), Elsa y Anna\u00bb.<\/p>\n<div style='text-align:left' class='yasr-auto-insert-visitor'><\/div>","protected":false},"excerpt":{"rendered":"<p>Los cuentos personalizados de princesas har\u00e1n las delicias de los m\u00e1s peque\u00f1os por partida doble, pues el ni\u00f1o lector no s\u00f3lo ser\u00e1 el protagonista, sino que se sumergir\u00e1 en un mundo m\u00e1gico de palacios, reyes, bonitos vestidos y valientes caballeros. Los cuentos personalizados de princesas\u00a0acercan al mundo de los cuentos cl\u00e1sicos, un universo con el [&hellip;]<\/p>\n","protected":false},"author":6,"featured_media":0,"parent":0,"menu_order":0,"comment_status":"closed","ping_status":"closed","template":"","meta":{"yasr_overall_rating":0,"yasr_post_is_review":"","yasr_auto_insert_disabled":"","yasr_review_type":"BlogPosting"},"yasr_visitor_votes":{"number_of_votes":0,"sum_votes":0,"stars_attributes":{"read_only":false,"span_bottom":false}},"yoast_head":"<!-- This site is optimized with the Yoast SEO plugin v14.5 - https:\/\/yoast.com\/wordpress\/plugins\/seo\/ -->\n<meta name=\"description\" content=\"Los cuentos personalizados de princesas no son s\u00f3lo cosa de ni\u00f1os. \u00a1Descubre un cuento personalizado de Frozen donde el ni\u00f1o es el oprotagonista!\" \/>\n<meta name=\"robots\" content=\"index, follow\" \/>\n<meta name=\"googlebot\" content=\"index, follow, max-snippet:-1, max-image-preview:large, max-video-preview:-1\" \/>\n<meta name=\"bingbot\" content=\"index, follow, max-snippet:-1, max-image-preview:large, max-video-preview:-1\" \/>\n<link rel=\"canonical\" href=\"https:\/\/www.mumablue.com\/blog\/cuentos-personalizados-de-princesas-regalo\/\" \/>\n<meta property=\"og:locale\" content=\"es_ES\" \/>\n<meta property=\"og:type\" content=\"article\" \/>\n<meta property=\"og:title\" content=\"Cuentos personalizados de princesas \u00a1El mejor regalo! - Blog Mumablue\" \/>\n<meta property=\"og:description\" content=\"Los cuentos personalizados de princesas no son s\u00f3lo cosa de ni\u00f1os. \u00a1Descubre un cuento personalizado de Frozen donde el ni\u00f1o es el oprotagonista!\" \/>\n<meta property=\"og:url\" content=\"https:\/\/www.mumablue.com\/blog\/cuentos-personalizados-de-princesas-regalo\/\" \/>\n<meta property=\"og:site_name\" content=\"Blog Mumablue\" \/>\n<meta property=\"article:publisher\" content=\"https:\/\/www.facebook.com\/mumablue\/\" \/>\n<meta property=\"article:modified_time\" content=\"2022-10-19T12:32:28+00:00\" \/>\n<meta property=\"og:image\" content=\"https:\/\/www.mumablue.com\/blog\/wp-content\/uploads\/2021\/05\/PORTADA-FROZEN-ESPA\u00d1OL-2.jpg\" \/>\n<meta name=\"twitter:card\" content=\"summary_large_image\" \/>\n<script type=\"application\/ld+json\" class=\"yoast-schema-graph\">{\"@context\":\"https:\/\/schema.org\",\"@graph\":[{\"@type\":\"Organization\",\"@id\":\"https:\/\/www.mumablue.com\/blog\/#organization\",\"name\":\"Mumablue\",\"url\":\"https:\/\/www.mumablue.com\/blog\/\",\"sameAs\":[\"https:\/\/www.facebook.com\/mumablue\/\",\"https:\/\/www.instagram.com\/mumablue\/?hl=es\"],\"logo\":{\"@type\":\"ImageObject\",\"@id\":\"https:\/\/www.mumablue.com\/blog\/#logo\",\"inLanguage\":\"es\",\"url\":\"https:\/\/www.mumablue.com\/blog\/wp-content\/uploads\/2020\/05\/Blog-Mumablue.png\",\"width\":749,\"height\":269,\"caption\":\"Mumablue\"},\"image\":{\"@id\":\"https:\/\/www.mumablue.com\/blog\/#logo\"}},{\"@type\":\"WebSite\",\"@id\":\"https:\/\/www.mumablue.com\/blog\/#website\",\"url\":\"https:\/\/www.mumablue.com\/blog\/\",\"name\":\"Blog Mumablue\",\"description\":\"Un blog de cuentos y audiocuentos gratis para ni\\u00f1os.\",\"publisher\":{\"@id\":\"https:\/\/www.mumablue.com\/blog\/#organization\"},\"potentialAction\":[{\"@type\":\"SearchAction\",\"target\":\"https:\/\/www.mumablue.com\/blog\/?s={search_term_string}\",\"query-input\":\"required name=search_term_string\"}],\"inLanguage\":\"es\"},{\"@type\":\"ImageObject\",\"@id\":\"https:\/\/www.mumablue.com\/blog\/cuentos-personalizados-de-princesas-regalo\/#primaryimage\",\"inLanguage\":\"es\",\"url\":\"https:\/\/www.mumablue.com\/blog\/wp-content\/uploads\/2021\/05\/PORTADA-FROZEN-ESPA\\u00d1OL-2.jpg\",\"width\":500,\"height\":500,\"caption\":\"Cuentos personalizados de princesas\"},{\"@type\":\"WebPage\",\"@id\":\"https:\/\/www.mumablue.com\/blog\/cuentos-personalizados-de-princesas-regalo\/#webpage\",\"url\":\"https:\/\/www.mumablue.com\/blog\/cuentos-personalizados-de-princesas-regalo\/\",\"name\":\"Cuentos personalizados de princesas \\u00a1El mejor regalo! - Blog Mumablue\",\"isPartOf\":{\"@id\":\"https:\/\/www.mumablue.com\/blog\/#website\"},\"primaryImageOfPage\":{\"@id\":\"https:\/\/www.mumablue.com\/blog\/cuentos-personalizados-de-princesas-regalo\/#primaryimage\"},\"datePublished\":\"2021-05-13T14:55:01+00:00\",\"dateModified\":\"2022-10-19T12:32:28+00:00\",\"description\":\"Los cuentos personalizados de princesas no son s\\u00f3lo cosa de ni\\u00f1os. \\u00a1Descubre un cuento personalizado de Frozen donde el ni\\u00f1o es el oprotagonista!\",\"inLanguage\":\"es\",\"potentialAction\":[{\"@type\":\"ReadAction\",\"target\":[\"https:\/\/www.mumablue.com\/blog\/cuentos-personalizados-de-princesas-regalo\/\"]}]}]}<\/script>\n<!-- \/ Yoast SEO plugin. -->","_links":{"self":[{"href":"https:\/\/www.mumablue.com\/blog\/wp-json\/wp\/v2\/pages\/2810"}],"collection":[{"href":"https:\/\/www.mumablue.com\/blog\/wp-json\/wp\/v2\/pages"}],"about":[{"href":"https:\/\/www.mumablue.com\/blog\/wp-json\/wp\/v2\/types\/page"}],"author":[{"embeddable":true,"href":"https:\/\/www.mumablue.com\/blog\/wp-json\/wp\/v2\/users\/6"}],"replies":[{"embeddable":true,"href":"https:\/\/www.mumablue.com\/blog\/wp-json\/wp\/v2\/comments?post=2810"}],"version-history":[{"count":6,"href":"https:\/\/www.mumablue.com\/blog\/wp-json\/wp\/v2\/pages\/2810\/revisions"}],"predecessor-version":[{"id":6400,"href":"https:\/\/www.mumablue.com\/blog\/wp-json\/wp\/v2\/pages\/2810\/revisions\/6400"}],"wp:attachment":[{"href":"https:\/\/www.mumablue.com\/blog\/wp-json\/wp\/v2\/media?parent=2810"}],"curies":[{"name":"wp","href":"https:\/\/api.w.org\/{rel}","templated":true}]}}