{"id":1980,"date":"2020-11-04T15:16:00","date_gmt":"2020-11-04T15:16:00","guid":{"rendered":"https:\/\/mumablue.com\/blog\/?page_id=1980"},"modified":"2023-06-06T12:08:18","modified_gmt":"2023-06-06T12:08:18","slug":"cuanto-tarda-en-llegar-un-cuento-mumablue","status":"publish","type":"page","link":"https:\/\/www.mumablue.com\/blog\/cuanto-tarda-en-llegar-un-cuento-mumablue\/","title":{"rendered":"\u00bfCu\u00e1nto tarda en llegar un cuento Mumablue?"},"content":{"rendered":"<p><img decoding=\"async\" loading=\"lazy\" class=\"alignnone wp-image-6865 size-full\" src=\"https:\/\/www.mumablue.com\/blog\/wp-content\/uploads\/2023\/06\/Cuento-personalizado-Toy-Story.jpg\" alt=\"Cu\u00e1nto tarda en llegar un cuento Mumablue\" width=\"500\" height=\"423\" srcset=\"https:\/\/www.mumablue.com\/blog\/wp-content\/uploads\/2023\/06\/Cuento-personalizado-Toy-Story.jpg 500w, https:\/\/www.mumablue.com\/blog\/wp-content\/uploads\/2023\/06\/Cuento-personalizado-Toy-Story-300x254.jpg 300w\" sizes=\"(max-width: 500px) 100vw, 500px\" \/><\/p>\n<p>Cu\u00e1nto tarda en llegar un cuento Mumablue hasta su feliz receptor <strong>depende del pa\u00eds desde el que realices el pedido<\/strong>. Si est\u00e1s leyendo esto, es probable que tu consulta est\u00e9 relacionada con los plazos de entrega en Espa\u00f1a o en pa\u00edses hispanohablantes o con un elevado porcentaje de ellos, tales como Estados Unidos.<\/p>\n<p>En el caso de Espa\u00f1a, <strong>el plazo entre que realizas el pago y recibes tu cuento suele ser de entre 4 y 7 d\u00edas<\/strong>. Puede parecer mucho, pero \u00a1al contrario! Ten en cuenta que cada cuento es \u00fanico, totalmente personalizado y se imprime exclusivamente para ti, por lo que no estamos hablando de tiempo de env\u00edo, sino de tiempo de env\u00edo y fabricaci\u00f3n. \u00a1As\u00ed mirado, somos s\u00faper r\u00e1pidos! \ud83d\ude09<\/p>\n<h2>\u00bfCu\u00e1nto tarda en llegar un cuento Mumablue a otros pa\u00edses de Europa?<\/h2>\n<p>El tiempo de espera en pa\u00edses europeos como pueden ser <strong>Italia, Alemania, Francia o Pa\u00edses Bajos ronda los 11 d\u00edas<\/strong>. En cualquier caso, recuerda consultar siempre el plazo de env\u00edo que se te ofrece en el momento de finalizar la compra, ya que el sector log\u00edstico depende de distintos factores que pueden variar con el tiempo o en pa\u00edses determinados.<\/p>\n<h2>\u00bfCu\u00e1nto tarda un cuento Mumablue en llegar a pa\u00edses americanos?<\/h2>\n<p><strong>En el caso de pa\u00edses de Am\u00e9rica Latina<\/strong> como M\u00e9xico, Chile, Colombia, Costa Rica, Ecuador, Argentina, Panam\u00e1, Per\u00fa, Puerto Rico, Rep\u00fablica Dominicana o Uruguay, <strong>los tiempos pueden oscilar entre los 15 y los 30 d\u00edas<\/strong>. Depender\u00e1 del pa\u00eds y de que los tiempos de env\u00edo ofrecidos por la empresas de mensajer\u00eda sean mayores o menores. \u00a1Si lo quieres para regalo, es mejor que te anticipes un poquito! No tenemos imprentas en todos los pa\u00edses y, al llegar desde el extranjero, la demora puede ser un poco mayor.<\/p>\n<p>Y si te preguntas cu\u00e1nto tarda en llegar un cuento Mumablue <strong>a Estados Unidos, la respuesta es que suele tardar entre 15 y 20 d\u00edas<\/strong>. No tenemos imprenta en todos los estados, por lo que el tiempo de env\u00edo depende un poco del estado desde el que se realiza el pedido.<\/p>\n<h2>\u00bfC\u00f3mo puedo saber exactamente cu\u00e1ndo llegar\u00e1?<\/h2>\n<p>Ten en cuenta que la informaci\u00f3n que te damos en este art\u00edculo atiende a la generalidad, ya que <strong>se te informar\u00e1 del tiempo de entrega estimado en tu caso concreto una vez tengas que confirmar tu pedido.<\/strong> Pero, hasta que compres tu primer cuento Mumablue, esta informaci\u00f3n te puede servir como gu\u00eda aproximada.<\/p>\n<p>El tiempo estimado de env\u00edo lo hemos calculado atendiendo a que se elige \u201cenv\u00edo est\u00e1ndar\u201d, pero en algunos pa\u00edses existe la opci\u00f3n de seleccionar env\u00edo express. <strong>Esto incrementa el coste del env\u00edo pero acorta el plazo de entrega<\/strong>. No obstante, debes tener en cuenta que existen unos plazos de fabricaci\u00f3n que no se pueden agilizar.<\/p>\n<p>La opci\u00f3n de env\u00edo express no est\u00e1 disponible en todos los pa\u00edses porque consideramos que el env\u00edo ordinario es lo suficientemente r\u00e1pido y disponer de env\u00edo urgente no aportar\u00eda valor. En cuanto a los plazos de env\u00edo si eliges la opci\u00f3n de env\u00edo express, se indican con m\u00e1s precisi\u00f3n una vez est\u00e9s a punto de confirmar tu pedido, ya que <strong>difiere un poco entre pa\u00edses, opciones o empresas de mensajer\u00eda.<\/strong><\/p>\n<p><strong>Nuestros cuentos no suelen retrasarse, pero si ves que no te llega, contacta con nosotros<\/strong> por si hubiera habido alg\u00fan incidente en el env\u00edo. \u00a1Pero no te preocupes, porque eso no ocurre casi nunca! Esperamos haber respondido a tu duda acerca de cu\u00e1nto tarda en llegar un cuento Mumablue. Si tienes m\u00e1s dudas, contacta con nosotros a trav\u00e9s de nuestros canales de Atenci\u00f3n al Cliente en redes sociales o envi\u00e1ndonos un correo electr\u00f3nico a soporte@mumablue.com.<\/p>\n<p>Ahora que ya sabes cu\u00e1nto tarda en llegar un cuento Mumablue, te invitamos a echar un vistazo a <span style=\"color: #3366ff;\"><a style=\"color: #3366ff;\" href=\"https:\/\/www.mumablue.com\/esp\/nuestros-cuentos-personalizados\">nuestro cat\u00e1logo de cuentos<\/a><\/span> y<strong> juguetear un poco personalizando a tu peque<\/strong>. \u00a1Te va a sorprender! \u00bfQuieres saber m\u00e1s? Te explicamos en detalle <span style=\"color: #3366ff;\"><a style=\"color: #3366ff;\" href=\"https:\/\/www.mumablue.com\/blog\/como-son-los-cuentos-mumablue\/\">c\u00f3mo son los cuentos Mumablue <\/a><\/span>para que tengas una idea precisa, casi como si tuvieras uno entre las manos. Tambi\u00e9n puedes conocer <span style=\"color: #3366ff;\"><a style=\"color: #3366ff;\" href=\"https:\/\/www.businessinsider.es\/mumablue-permite-ninos-sean-protagonistas-cuentos-671389\" target=\"_blank\" rel=\"noopener noreferrer\">cu\u00e1l ha sido el secreto del \u00e9xito de Mumablue<\/a><\/span> en un art\u00edculo que nos dedicaron en la revista Business Insider.<\/p>\n<div style='text-align:left' class='yasr-auto-insert-visitor'><\/div>","protected":false},"excerpt":{"rendered":"<p>Cu\u00e1nto tarda en llegar un cuento Mumablue hasta su feliz receptor depende del pa\u00eds desde el que realices el pedido. Si est\u00e1s leyendo esto, es probable que tu consulta est\u00e9 relacionada con los plazos de entrega en Espa\u00f1a o en pa\u00edses hispanohablantes o con un elevado porcentaje de ellos, tales como Estados Unidos. En el [&hellip;]<\/p>\n","protected":false},"author":6,"featured_media":0,"parent":0,"menu_order":0,"comment_status":"closed","ping_status":"closed","template":"","meta":{"yasr_overall_rating":0,"yasr_post_is_review":"","yasr_auto_insert_disabled":"","yasr_review_type":""},"yasr_visitor_votes":{"number_of_votes":0,"sum_votes":0,"stars_attributes":{"read_only":false,"span_bottom":false}},"yoast_head":"<!-- This site is optimized with the Yoast SEO plugin v14.5 - https:\/\/yoast.com\/wordpress\/plugins\/seo\/ -->\n<meta name=\"description\" content=\"Cu\u00e1nto tarda en llegar un cuento Mumablue depende mucho del pa\u00eds desde el que se realiza el pedido, pero aqu\u00ed tienes una gu\u00eda aproximada de utilidad.\" \/>\n<meta name=\"robots\" content=\"index, follow\" \/>\n<meta name=\"googlebot\" content=\"index, follow, max-snippet:-1, max-image-preview:large, max-video-preview:-1\" \/>\n<meta name=\"bingbot\" content=\"index, follow, max-snippet:-1, max-image-preview:large, max-video-preview:-1\" \/>\n<link rel=\"canonical\" href=\"https:\/\/www.mumablue.com\/blog\/cuanto-tarda-en-llegar-un-cuento-mumablue\/\" \/>\n<meta property=\"og:locale\" content=\"es_ES\" \/>\n<meta property=\"og:type\" content=\"article\" \/>\n<meta property=\"og:title\" content=\"\u00bfCu\u00e1nto tarda en llegar un cuento Mumablue? - Blog Mumablue\" \/>\n<meta property=\"og:description\" content=\"Cu\u00e1nto tarda en llegar un cuento Mumablue depende mucho del pa\u00eds desde el que se realiza el pedido, pero aqu\u00ed tienes una gu\u00eda aproximada de utilidad.\" \/>\n<meta property=\"og:url\" content=\"https:\/\/www.mumablue.com\/blog\/cuanto-tarda-en-llegar-un-cuento-mumablue\/\" \/>\n<meta property=\"og:site_name\" content=\"Blog Mumablue\" \/>\n<meta property=\"article:publisher\" content=\"https:\/\/www.facebook.com\/mumablue\/\" \/>\n<meta property=\"article:modified_time\" content=\"2023-06-06T12:08:18+00:00\" \/>\n<meta property=\"og:image\" content=\"https:\/\/www.mumablue.com\/blog\/wp-content\/uploads\/2023\/06\/Cuento-personalizado-Toy-Story.jpg\" \/>\n<meta name=\"twitter:card\" content=\"summary_large_image\" \/>\n<script type=\"application\/ld+json\" class=\"yoast-schema-graph\">{\"@context\":\"https:\/\/schema.org\",\"@graph\":[{\"@type\":\"Organization\",\"@id\":\"https:\/\/www.mumablue.com\/blog\/#organization\",\"name\":\"Mumablue\",\"url\":\"https:\/\/www.mumablue.com\/blog\/\",\"sameAs\":[\"https:\/\/www.facebook.com\/mumablue\/\",\"https:\/\/www.instagram.com\/mumablue\/?hl=es\"],\"logo\":{\"@type\":\"ImageObject\",\"@id\":\"https:\/\/www.mumablue.com\/blog\/#logo\",\"inLanguage\":\"es\",\"url\":\"https:\/\/www.mumablue.com\/blog\/wp-content\/uploads\/2020\/05\/Blog-Mumablue.png\",\"width\":749,\"height\":269,\"caption\":\"Mumablue\"},\"image\":{\"@id\":\"https:\/\/www.mumablue.com\/blog\/#logo\"}},{\"@type\":\"WebSite\",\"@id\":\"https:\/\/www.mumablue.com\/blog\/#website\",\"url\":\"https:\/\/www.mumablue.com\/blog\/\",\"name\":\"Blog Mumablue\",\"description\":\"Un blog de cuentos y audiocuentos gratis para ni\\u00f1os.\",\"publisher\":{\"@id\":\"https:\/\/www.mumablue.com\/blog\/#organization\"},\"potentialAction\":[{\"@type\":\"SearchAction\",\"target\":\"https:\/\/www.mumablue.com\/blog\/?s={search_term_string}\",\"query-input\":\"required name=search_term_string\"}],\"inLanguage\":\"es\"},{\"@type\":\"ImageObject\",\"@id\":\"https:\/\/www.mumablue.com\/blog\/cuanto-tarda-en-llegar-un-cuento-mumablue\/#primaryimage\",\"inLanguage\":\"es\",\"url\":\"https:\/\/www.mumablue.com\/blog\/wp-content\/uploads\/2023\/06\/Cuento-personalizado-Toy-Story.jpg\",\"width\":500,\"height\":423,\"caption\":\"Cu\\u00e1nto tarda en llegar un cuento Mumablue\"},{\"@type\":\"WebPage\",\"@id\":\"https:\/\/www.mumablue.com\/blog\/cuanto-tarda-en-llegar-un-cuento-mumablue\/#webpage\",\"url\":\"https:\/\/www.mumablue.com\/blog\/cuanto-tarda-en-llegar-un-cuento-mumablue\/\",\"name\":\"\\u00bfCu\\u00e1nto tarda en llegar un cuento Mumablue? - Blog Mumablue\",\"isPartOf\":{\"@id\":\"https:\/\/www.mumablue.com\/blog\/#website\"},\"primaryImageOfPage\":{\"@id\":\"https:\/\/www.mumablue.com\/blog\/cuanto-tarda-en-llegar-un-cuento-mumablue\/#primaryimage\"},\"datePublished\":\"2020-11-04T15:16:00+00:00\",\"dateModified\":\"2023-06-06T12:08:18+00:00\",\"description\":\"Cu\\u00e1nto tarda en llegar un cuento Mumablue depende mucho del pa\\u00eds desde el que se realiza el pedido, pero aqu\\u00ed tienes una gu\\u00eda aproximada de utilidad.\",\"inLanguage\":\"es\",\"potentialAction\":[{\"@type\":\"ReadAction\",\"target\":[\"https:\/\/www.mumablue.com\/blog\/cuanto-tarda-en-llegar-un-cuento-mumablue\/\"]}]}]}<\/script>\n<!-- \/ Yoast SEO plugin. -->","_links":{"self":[{"href":"https:\/\/www.mumablue.com\/blog\/wp-json\/wp\/v2\/pages\/1980"}],"collection":[{"href":"https:\/\/www.mumablue.com\/blog\/wp-json\/wp\/v2\/pages"}],"about":[{"href":"https:\/\/www.mumablue.com\/blog\/wp-json\/wp\/v2\/types\/page"}],"author":[{"embeddable":true,"href":"https:\/\/www.mumablue.com\/blog\/wp-json\/wp\/v2\/users\/6"}],"replies":[{"embeddable":true,"href":"https:\/\/www.mumablue.com\/blog\/wp-json\/wp\/v2\/comments?post=1980"}],"version-history":[{"count":5,"href":"https:\/\/www.mumablue.com\/blog\/wp-json\/wp\/v2\/pages\/1980\/revisions"}],"predecessor-version":[{"id":6868,"href":"https:\/\/www.mumablue.com\/blog\/wp-json\/wp\/v2\/pages\/1980\/revisions\/6868"}],"wp:attachment":[{"href":"https:\/\/www.mumablue.com\/blog\/wp-json\/wp\/v2\/media?parent=1980"}],"curies":[{"name":"wp","href":"https:\/\/api.w.org\/{rel}","templated":true}]}}