{"id":1917,"date":"2020-07-27T12:45:10","date_gmt":"2020-07-27T12:45:10","guid":{"rendered":"https:\/\/mumablue.com\/blog\/?page_id=1917"},"modified":"2025-06-03T08:20:52","modified_gmt":"2025-06-03T08:20:52","slug":"adivinanza-para-ninos-de-animales","status":"publish","type":"page","link":"https:\/\/www.mumablue.com\/blog\/adivinanza-para-ninos-de-animales\/","title":{"rendered":"Adivinanza para ni\u00f1os de animales"},"content":{"rendered":"<p><img decoding=\"async\" loading=\"lazy\" class=\"wp-image-1918 size-full alignnone\" src=\"https:\/\/www.mumablue.com\/blog\/wp-content\/uploads\/2020\/07\/Acertijo-animal.jpg\" alt=\"Adivinanza para ni\u00f1os de animales\" width=\"500\" height=\"500\" srcset=\"https:\/\/www.mumablue.com\/blog\/wp-content\/uploads\/2020\/07\/Acertijo-animal.jpg 500w, https:\/\/www.mumablue.com\/blog\/wp-content\/uploads\/2020\/07\/Acertijo-animal-300x300.jpg 300w, https:\/\/www.mumablue.com\/blog\/wp-content\/uploads\/2020\/07\/Acertijo-animal-150x150.jpg 150w, https:\/\/www.mumablue.com\/blog\/wp-content\/uploads\/2020\/07\/Acertijo-animal-146x146.jpg 146w, https:\/\/www.mumablue.com\/blog\/wp-content\/uploads\/2020\/07\/Acertijo-animal-50x50.jpg 50w, https:\/\/www.mumablue.com\/blog\/wp-content\/uploads\/2020\/07\/Acertijo-animal-75x75.jpg 75w, https:\/\/www.mumablue.com\/blog\/wp-content\/uploads\/2020\/07\/Acertijo-animal-85x85.jpg 85w, https:\/\/www.mumablue.com\/blog\/wp-content\/uploads\/2020\/07\/Acertijo-animal-80x80.jpg 80w\" sizes=\"(max-width: 500px) 100vw, 500px\" \/><\/p>\n<p>\u00a1Si buscabas una adivinanza para ni\u00f1os de animales has encontrado la mejor! Tu peque lo va a pasar muy bien intentando adivinar todos los animales de este acertijo, desde una rana a un elefante, pasando por un cuco. \u00a1Se le va a dar genial! Adem\u00e1s, las respuestas est\u00e1n integradas dentro de la rima, lo que facilita descubrirlas y, adem\u00e1s, hace posible que construy\u00e1is un poema entre los dos.<\/p>\n<p>&nbsp;<\/p>\n<h2 style=\"text-align: center;\">Acertijo animal<\/h2>\n<p style=\"text-align: center;\">El acertijo animal,<br \/>\n\u00bfse te dar\u00e1 bien o mal?<br \/>\nTendr\u00e1s que estar muy atento<br \/>\na todo lo que te cuento.<\/p>\n<p style=\"text-align: center;\">Es verde y todoterreno,<br \/>\nbate r\u00e9cords cuando salta,<br \/>\ntiene los ojos saltones<br \/>\ny una lengua muy, muy, larga\u2026<\/p>\n<p style=\"text-align: center;\">\u00bfAdivinas de qu\u00e9 hablo?<br \/>\nLa respuesta es&#8230;<\/p>\n<p style=\"text-align: center;\"><em>LA RANA<\/em><\/p>\n<p style=\"text-align: center;\">Tiene una hermosa melena<br \/>\ny unas fauces de impresi\u00f3n,<br \/>\nsobre cebras se abalanza<br \/>\ncon la fuerza de un cicl\u00f3n.<\/p>\n<p style=\"text-align: center;\">\u00bfAdivinas de qu\u00e9 hablo?<br \/>\nLa respuesta es&#8230;<\/p>\n<p style=\"text-align: center;\"><em>EL LE\u00d3N<\/em><\/p>\n<p style=\"text-align: center;\">Es muy larga y sinuosa,<br \/>\nsu cuerpo no est\u00e1 caliente,<br \/>\ntoca, a veces, cascabeles<br \/>\ny tiene afilados dientes.<\/p>\n<p style=\"text-align: center;\">\u00bfAdivinas de qu\u00e9 hablo?<br \/>\n\u00a1La respuesta es&#8230;<\/p>\n<p style=\"text-align: center;\"><em>LA SERPIENTE<\/em><\/p>\n<p style=\"text-align: center;\">Carga orejas como mantas<br \/>\ny unos colmillos gigantes,<br \/>\nsu nariz llega hasta el suelo,<br \/>\nes tranquilo y elegante.<\/p>\n<p style=\"text-align: center;\">\u00bfAdivinas de qu\u00e9 hablo?<br \/>\nLa respuesta es&#8230;<\/p>\n<p style=\"text-align: center;\"><em>ELEFANTE<\/em><\/p>\n<p style=\"text-align: center;\">Viste ropa de colores<br \/>\nlo lleva el pirata al hombro<br \/>\nEs un ave parlanchina<br \/>\nTiene un piquito de oro<\/p>\n<p style=\"text-align: center;\">\u00bfAdivinas de qu\u00e9 hablo?<br \/>\n\u00a1La respuesta es el LORO!<\/p>\n<p style=\"text-align: center;\">Puede ser blanco, gris, negro<br \/>\nalaz\u00e1n, casta\u00f1o o bayo<br \/>\nIgual carga al campesino<br \/>\no a un rey con lujoso sayo<\/p>\n<p style=\"text-align: center;\">\u00bfAdivinas de qu\u00e9 hablo?<br \/>\n\u00a1La respuesta es EL CABALLO!<\/p>\n<p style=\"text-align: center;\">De sus primos los cet\u00e1ceos<br \/>\n\u00e9l es el m\u00e1s chiquit\u00edn<br \/>\nEs del mar el ser m\u00e1s listo<br \/>\namigable y saltar\u00edn.<\/p>\n<p style=\"text-align: center;\">\u00bfAdivinas de qu\u00e9 hablo?<br \/>\nLa respuesta es&#8230;<\/p>\n<p style=\"text-align: center;\"><em>EL DELF\u00cdN<\/em><\/p>\n<p style=\"text-align: center;\">P\u00e1jaro p\u00edcaro y h\u00e1bil,<br \/>\npara todo busca un truco.<br \/>\nVive dentro de un reloj,<br \/>\nsale por su ventanuco<\/p>\n<p style=\"text-align: center;\">\u00bfAdivinas de qu\u00e9 hablo?<br \/>\nLa respuesta es&#8230;<\/p>\n<p style=\"text-align: center;\"><em>EL CUCO<\/em><\/p>\n<p style=\"text-align: center;\">El acertijo animal<br \/>\nno se te ha dado muy mal.<br \/>\nSi se te ha escapado algo.<br \/>\npuedes volverlo a intentar.<\/p>\n<p>&nbsp;<\/p>\n<h2>Adivinanza para ni\u00f1os de animales para escuchar<\/h2>\n<p>Si tu peque prefiere, puede jugar a adivinar los animales escuchando esta adivinanza para ni\u00f1os. Es buena idea, porque cada una de las adivinanzas que integran este acertijo llevan una pista asociada: el sonido de cada uno de los animales que hay que adivinar. \u00a1As\u00ed es m\u00e1s f\u00e1cil y tambi\u00e9n m\u00e1s divertido!<\/p>\n<h6><script src=\"https:\/\/www.buzzsprout.com\/937792\/3857156-acertijo-animal.js?container_id=buzzsprout-player-3857156&#038;player=small\" type=\"text\/javascript\" charset=\"utf-8\"><\/script>M\u00fasica: CC 4.0 <span style=\"color: #0000ff;\"><a style=\"color: #0000ff;\" href=\"https:\/\/alexandernakarada.bandcamp.com\/track\/foam-rubber-2\" target=\"_blank\" rel=\"noopener noreferrer\">Foam rubber<\/a><\/span>, de Alexander Nakarada.<\/h6>\n<p>\u00bfTe ha gustado nuestra adivinanza para ni\u00f1os de animales? Puedes encontrar otras adivinanzas, poemas y cuentos originales de <a href=\"https:\/\/www.mumablue.com\/?utm_source=blog&amp;utm_medium=link&amp;utm_campaign=p\u00e1ginas-audiocuentos&amp;utm_content=adivinanza-animales\"><span style=\"color: #3366ff;\">Mumabule<\/span><\/a> en nuestra p\u00e1gina de <a href=\"https:\/\/www.mumablue.com\/blog\/cuentos-infantiles-para-leer-cortos-gratis\/\"><span style=\"color: #3366ff;\">cuentos infantiles para leer<\/span><\/a>.<\/p>\n<div style='text-align:left' class='yasr-auto-insert-visitor'><\/div>","protected":false},"excerpt":{"rendered":"<p>\u00a1Si buscabas una adivinanza para ni\u00f1os de animales has encontrado la mejor! Tu peque lo va a pasar muy bien intentando adivinar todos los animales de este acertijo, desde una rana a un elefante, pasando por un cuco. \u00a1Se le va a dar genial! Adem\u00e1s, las respuestas est\u00e1n integradas dentro de la rima, lo que [&hellip;]<\/p>\n","protected":false},"author":6,"featured_media":0,"parent":0,"menu_order":0,"comment_status":"closed","ping_status":"closed","template":"","meta":{"yasr_overall_rating":0,"yasr_post_is_review":"","yasr_auto_insert_disabled":"","yasr_review_type":""},"yasr_visitor_votes":{"number_of_votes":1,"sum_votes":5,"stars_attributes":{"read_only":false,"span_bottom":false}},"yoast_head":"<!-- This site is optimized with the Yoast SEO plugin v14.5 - https:\/\/yoast.com\/wordpress\/plugins\/seo\/ -->\n<meta name=\"description\" content=\"&quot;Acertijo animal&quot; es una adivinanza para ni\u00f1os de animales muy especial que integra la respuesta dentro de la rima. Esconde muchas sorpresas. \u00a1Le encantar\u00e1!\" \/>\n<meta name=\"robots\" content=\"index, follow\" \/>\n<meta name=\"googlebot\" content=\"index, follow, max-snippet:-1, max-image-preview:large, max-video-preview:-1\" \/>\n<meta name=\"bingbot\" content=\"index, follow, max-snippet:-1, max-image-preview:large, max-video-preview:-1\" \/>\n<link rel=\"canonical\" href=\"https:\/\/www.mumablue.com\/blog\/adivinanza-para-ninos-de-animales\/\" \/>\n<meta property=\"og:locale\" content=\"es_ES\" \/>\n<meta property=\"og:type\" content=\"article\" \/>\n<meta property=\"og:title\" content=\"Adivinanza para ni\u00f1os de animales - Blog Mumablue\" \/>\n<meta property=\"og:description\" content=\"&quot;Acertijo animal&quot; es una adivinanza para ni\u00f1os de animales muy especial que integra la respuesta dentro de la rima. Esconde muchas sorpresas. \u00a1Le encantar\u00e1!\" \/>\n<meta property=\"og:url\" content=\"https:\/\/www.mumablue.com\/blog\/adivinanza-para-ninos-de-animales\/\" \/>\n<meta property=\"og:site_name\" content=\"Blog Mumablue\" \/>\n<meta property=\"article:publisher\" content=\"https:\/\/www.facebook.com\/mumablue\/\" \/>\n<meta property=\"article:modified_time\" content=\"2025-06-03T08:20:52+00:00\" \/>\n<meta property=\"og:image\" content=\"https:\/\/www.mumablue.com\/blog\/wp-content\/uploads\/2020\/07\/Acertijo-animal.jpg\" \/>\n<meta name=\"twitter:card\" content=\"summary_large_image\" \/>\n<script type=\"application\/ld+json\" class=\"yoast-schema-graph\">{\"@context\":\"https:\/\/schema.org\",\"@graph\":[{\"@type\":\"Organization\",\"@id\":\"https:\/\/www.mumablue.com\/blog\/#organization\",\"name\":\"Mumablue\",\"url\":\"https:\/\/www.mumablue.com\/blog\/\",\"sameAs\":[\"https:\/\/www.facebook.com\/mumablue\/\",\"https:\/\/www.instagram.com\/mumablue\/?hl=es\"],\"logo\":{\"@type\":\"ImageObject\",\"@id\":\"https:\/\/www.mumablue.com\/blog\/#logo\",\"inLanguage\":\"es\",\"url\":\"https:\/\/www.mumablue.com\/blog\/wp-content\/uploads\/2020\/05\/Blog-Mumablue.png\",\"width\":749,\"height\":269,\"caption\":\"Mumablue\"},\"image\":{\"@id\":\"https:\/\/www.mumablue.com\/blog\/#logo\"}},{\"@type\":\"WebSite\",\"@id\":\"https:\/\/www.mumablue.com\/blog\/#website\",\"url\":\"https:\/\/www.mumablue.com\/blog\/\",\"name\":\"Blog Mumablue\",\"description\":\"Un blog de cuentos y audiocuentos gratis para ni\\u00f1os.\",\"publisher\":{\"@id\":\"https:\/\/www.mumablue.com\/blog\/#organization\"},\"potentialAction\":[{\"@type\":\"SearchAction\",\"target\":\"https:\/\/www.mumablue.com\/blog\/?s={search_term_string}\",\"query-input\":\"required name=search_term_string\"}],\"inLanguage\":\"es\"},{\"@type\":\"ImageObject\",\"@id\":\"https:\/\/www.mumablue.com\/blog\/adivinanza-para-ninos-de-animales\/#primaryimage\",\"inLanguage\":\"es\",\"url\":\"https:\/\/www.mumablue.com\/blog\/wp-content\/uploads\/2020\/07\/Acertijo-animal.jpg\",\"width\":500,\"height\":500,\"caption\":\"Adivinanza para ni\\u00f1os de animales\"},{\"@type\":\"WebPage\",\"@id\":\"https:\/\/www.mumablue.com\/blog\/adivinanza-para-ninos-de-animales\/#webpage\",\"url\":\"https:\/\/www.mumablue.com\/blog\/adivinanza-para-ninos-de-animales\/\",\"name\":\"Adivinanza para ni\\u00f1os de animales - Blog Mumablue\",\"isPartOf\":{\"@id\":\"https:\/\/www.mumablue.com\/blog\/#website\"},\"primaryImageOfPage\":{\"@id\":\"https:\/\/www.mumablue.com\/blog\/adivinanza-para-ninos-de-animales\/#primaryimage\"},\"datePublished\":\"2020-07-27T12:45:10+00:00\",\"dateModified\":\"2025-06-03T08:20:52+00:00\",\"description\":\"\\\"Acertijo animal\\\" es una adivinanza para ni\\u00f1os de animales muy especial que integra la respuesta dentro de la rima. Esconde muchas sorpresas. \\u00a1Le encantar\\u00e1!\",\"inLanguage\":\"es\",\"potentialAction\":[{\"@type\":\"ReadAction\",\"target\":[\"https:\/\/www.mumablue.com\/blog\/adivinanza-para-ninos-de-animales\/\"]}]}]}<\/script>\n<!-- \/ Yoast SEO plugin. -->","_links":{"self":[{"href":"https:\/\/www.mumablue.com\/blog\/wp-json\/wp\/v2\/pages\/1917"}],"collection":[{"href":"https:\/\/www.mumablue.com\/blog\/wp-json\/wp\/v2\/pages"}],"about":[{"href":"https:\/\/www.mumablue.com\/blog\/wp-json\/wp\/v2\/types\/page"}],"author":[{"embeddable":true,"href":"https:\/\/www.mumablue.com\/blog\/wp-json\/wp\/v2\/users\/6"}],"replies":[{"embeddable":true,"href":"https:\/\/www.mumablue.com\/blog\/wp-json\/wp\/v2\/comments?post=1917"}],"version-history":[{"count":10,"href":"https:\/\/www.mumablue.com\/blog\/wp-json\/wp\/v2\/pages\/1917\/revisions"}],"predecessor-version":[{"id":7649,"href":"https:\/\/www.mumablue.com\/blog\/wp-json\/wp\/v2\/pages\/1917\/revisions\/7649"}],"wp:attachment":[{"href":"https:\/\/www.mumablue.com\/blog\/wp-json\/wp\/v2\/media?parent=1917"}],"curies":[{"name":"wp","href":"https:\/\/api.w.org\/{rel}","templated":true}]}}