{"id":1851,"date":"2020-07-23T14:42:34","date_gmt":"2020-07-23T14:42:34","guid":{"rendered":"https:\/\/mumablue.com\/blog\/?page_id=1851"},"modified":"2025-05-23T09:54:06","modified_gmt":"2025-05-23T09:54:06","slug":"poesia-divertida-para-ninos-monstruos","status":"publish","type":"page","link":"https:\/\/www.mumablue.com\/blog\/poesia-divertida-para-ninos-monstruos\/","title":{"rendered":"Poes\u00eda divertida para ni\u00f1os de monstruos"},"content":{"rendered":"<p><img decoding=\"async\" loading=\"lazy\" class=\"alignnone size-full wp-image-3440\" src=\"https:\/\/www.mumablue.com\/blog\/wp-content\/uploads\/2021\/01\/La-momia-No-quiero-2.jpg\" alt=\"poes\u00eda divertida para ni\u00f1os\" width=\"500\" height=\"500\" srcset=\"https:\/\/www.mumablue.com\/blog\/wp-content\/uploads\/2021\/01\/La-momia-No-quiero-2.jpg 500w, https:\/\/www.mumablue.com\/blog\/wp-content\/uploads\/2021\/01\/La-momia-No-quiero-2-300x300.jpg 300w, https:\/\/www.mumablue.com\/blog\/wp-content\/uploads\/2021\/01\/La-momia-No-quiero-2-150x150.jpg 150w\" sizes=\"(max-width: 500px) 100vw, 500px\" \/><\/p>\n<p>Te dejamos una poes\u00eda divertida para ni\u00f1os que mezcla humor con personajes de miedo. \u00a1Le va a encantar! Puede leerla o se la puedes recitar t\u00fa mismo poniendo de fondo esta musiquita tan misteriosa.<\/p>\n<p><iframe loading=\"lazy\" src=\"https:\/\/open.spotify.com\/embed\/track\/0qkuR1mbJhFGdcyc6Beqxj\" width=\"600\" height=\"80\" frameborder=\"0\"><span data-mce-type=\"bookmark\" style=\"display: inline-block; width: 0px; overflow: hidden; line-height: 0;\" class=\"mce_SELRES_start\">\ufeff<\/span><span data-mce-type=\"bookmark\" style=\"display: inline-block; width: 0px; overflow: hidden; line-height: 0;\" class=\"mce_SELRES_start\">\ufeff<\/span><span data-mce-type=\"bookmark\" style=\"display: inline-block; width: 0px; overflow: hidden; line-height: 0;\" class=\"mce_SELRES_start\">\ufeff<\/span><span data-mce-type=\"bookmark\" style=\"display: inline-block; width: 0px; overflow: hidden; line-height: 0;\" class=\"mce_SELRES_start\">\ufeff<\/span><span data-mce-type=\"bookmark\" style=\"display: inline-block; width: 0px; overflow: hidden; line-height: 0;\" class=\"mce_SELRES_start\">\ufeff<\/span><span data-mce-type=\"bookmark\" style=\"display: inline-block; width: 0px; overflow: hidden; line-height: 0;\" class=\"mce_SELRES_start\">\ufeff<\/span><span data-mce-type=\"bookmark\" style=\"display: inline-block; width: 0px; overflow: hidden; line-height: 0;\" class=\"mce_SELRES_start\">\ufeff<\/span><\/iframe><\/p>\n<h2 style=\"text-align: left;\">La momia \u201cNo quiero\u201d<\/h2>\n<p style=\"text-align: left;\">La momia \u201cno quiero\u201d<br \/>\nno quiere ba\u00f1arse.<br \/>\n\u00bfSer\u00e1 porque el agua<br \/>\nhoy est\u00e1 que arde?<\/p>\n<p style=\"text-align: left;\">\u00a1Vamos para adentro!,<br \/>\nle dice mam\u00e1.<br \/>\nLa momia \u201cno quiero\u201d<br \/>\ncomienza a gritar.<\/p>\n<p style=\"text-align: left;\">La momia \u201cno quiero\u201d<br \/>\nno quiere ir al m\u00e9dico.<br \/>\n\u00bfser\u00e1 que le asusta<br \/>\no que le da v\u00e9rtigo?<\/p>\n<p style=\"text-align: left;\">\u00a1Si no, no te curas!,<br \/>\ndice su pap\u00e1.<br \/>\nLa momia \u201cno quiero\u201d<br \/>\nse echa a llorar.<\/p>\n<p style=\"text-align: left;\">La momia \u201cno quiero\u201d<br \/>\nno va a la piscina,<br \/>\n\u00bfser\u00e1 que no nada<br \/>\ncomo una sardina?<\/p>\n<p style=\"text-align: left;\">\u00a1Es muy divertido!,<br \/>\ndice su mam\u00e1.<br \/>\nLa momia \u201cno quiero\u201d<br \/>\ncomienza a temblar.<\/p>\n<p style=\"text-align: left;\">La momia \u201cno quiero\u201d<br \/>\nno quiere dormir,<br \/>\n\u00bfser\u00e1 que el sarc\u00f3fago<br \/>\nno tiene coj\u00edn?<\/p>\n<p style=\"text-align: left;\">\u00a1Vamos, a la cama!,<br \/>\nle dice pap\u00e1.<br \/>\nLa momia \u201cno quiero\u201d<br \/>\nse pone a rabiar.<\/p>\n<p style=\"text-align: left;\">La peque\u00f1a momia<br \/>\nparece un rockero,<br \/>\na todo responde:<br \/>\n\u00a1No quiero! \u00a1No quiero!<\/p>\n<p style=\"text-align: left;\">Sus pap\u00e1s no entienden<br \/>\nqu\u00e9 es lo que le pasa.<br \/>\n\u00bfser\u00e1 que es rebelde<br \/>\nsin ninguna causa?<\/p>\n<p style=\"text-align: left;\">Pero la raz\u00f3n<br \/>\nreal es tremenda:<br \/>\n\u00a1Que le da pereza<br \/>\nquitarse la venda!<\/p>\n<p>&nbsp;<\/p>\n<h2>Audiopoes\u00eda La momia \u00abno quiero\u00bb<\/h2>\n<p>\u00bfLe ha gustado a tu peque? \u00a1Vaya sorpresa, el final! Si quer\u00e9is escuchar esta audiopoes\u00eda directamente pod\u00e9is hacerlo a continuaci\u00f3n, un audio donde la recitamos con m\u00fasica y efectos sonoros, para crear ambiente.<\/p>\n<h6><script src=\"https:\/\/www.buzzsprout.com\/937792\/3728072-la-momia-no-quiero.js?container_id=buzzsprout-player-3728072&#038;player=small\" type=\"text\/javascript\" charset=\"utf-8\"><\/script>M\u00fasica: CC 3.0 <span style=\"color: #3366ff;\"><a style=\"color: #3366ff;\" href=\"https:\/\/freepd.com\/comedy.php\" target=\"_blank\" rel=\"noopener noreferrer\">Krampus&#8217;s Workshop<\/a><\/span>, por Kevin MacLeod<\/h6>\n<p><a href=\"https:\/\/www.mumablue.com\/esp\/nuestros-cuentos-personalizados\/cuento-de-brujas-personalizado\/?utm_source=blog&amp;utm_medium=banner&amp;utm_campaign=p\u00e1ginas-audiocuentos&amp;utm_content=poesia-divertida-ninos\" target=\"_blank\" rel=\"noopener noreferrer\"><img decoding=\"async\" loading=\"lazy\" class=\"alignnone wp-image-6317 size-full\" src=\"https:\/\/www.mumablue.com\/blog\/wp-content\/uploads\/2022\/10\/Cuento-de-halloween-personalizado-2.jpg\" alt=\"cuento de brujas\" width=\"715\" height=\"162\" srcset=\"https:\/\/www.mumablue.com\/blog\/wp-content\/uploads\/2022\/10\/Cuento-de-halloween-personalizado-2.jpg 715w, https:\/\/www.mumablue.com\/blog\/wp-content\/uploads\/2022\/10\/Cuento-de-halloween-personalizado-2-300x68.jpg 300w, https:\/\/www.mumablue.com\/blog\/wp-content\/uploads\/2022\/10\/Cuento-de-halloween-personalizado-2-624x141.jpg 624w\" sizes=\"(max-width: 715px) 100vw, 715px\" \/><\/a><\/p>\n<h2>\u00a1Encuentra otra poes\u00eda divertida para ni\u00f1os!<\/h2>\n<p>Esta poes\u00eda divertida para ni\u00f1os les encanta a los peque\u00f1os. \u00bfTe ha gustado? Pues<strong> tenemos muchas m\u00e1s <a href=\"https:\/\/www.mumablue.com\/blog\/poesias-para-ninos-cortas\/\"><span style=\"color: #3366ff;\">poes\u00edas infantiles<\/span><\/a><\/strong>. \u00a1Son un mont\u00f3n y puedes elegir entre diferentes g\u00e9neros! En Mumablue estamos comprometidos con la cultura, un valor que defendemos debe estar presente desde la infancia.<\/p>\n<div style='text-align:left' class='yasr-auto-insert-visitor'><\/div>","protected":false},"excerpt":{"rendered":"<p>Te dejamos una poes\u00eda divertida para ni\u00f1os que mezcla humor con personajes de miedo. \u00a1Le va a encantar! Puede leerla o se la puedes recitar t\u00fa mismo poniendo de fondo esta musiquita tan misteriosa. \ufeff\ufeff\ufeff\ufeff\ufeff\ufeff\ufeff La momia \u201cNo quiero\u201d La momia \u201cno quiero\u201d no quiere ba\u00f1arse. \u00bfSer\u00e1 porque el agua hoy est\u00e1 que arde? \u00a1Vamos [&hellip;]<\/p>\n","protected":false},"author":6,"featured_media":0,"parent":0,"menu_order":0,"comment_status":"closed","ping_status":"closed","template":"","meta":{"yasr_overall_rating":0,"yasr_post_is_review":"","yasr_auto_insert_disabled":"","yasr_review_type":""},"yasr_visitor_votes":{"number_of_votes":99,"sum_votes":448,"stars_attributes":{"read_only":false,"span_bottom":false}},"yoast_head":"<!-- This site is optimized with the Yoast SEO plugin v14.5 - https:\/\/yoast.com\/wordpress\/plugins\/seo\/ -->\n<meta name=\"description\" content=\"&quot;La momia no quiero&quot; es una poes\u00eda divertida para ni\u00f1os con un final sorprendente. Podr\u00e1 leerla sobre una m\u00fasica muy misteriosa que se halla junto al texto.\" \/>\n<meta name=\"robots\" content=\"index, follow\" \/>\n<meta name=\"googlebot\" content=\"index, follow, max-snippet:-1, max-image-preview:large, max-video-preview:-1\" \/>\n<meta name=\"bingbot\" content=\"index, follow, max-snippet:-1, max-image-preview:large, max-video-preview:-1\" \/>\n<link rel=\"canonical\" href=\"https:\/\/www.mumablue.com\/blog\/poesia-divertida-para-ninos-monstruos\/\" \/>\n<meta property=\"og:locale\" content=\"es_ES\" \/>\n<meta property=\"og:type\" content=\"article\" \/>\n<meta property=\"og:title\" content=\"Poes\u00eda divertida para ni\u00f1os de monstruos - Blog Mumablue\" \/>\n<meta property=\"og:description\" content=\"&quot;La momia no quiero&quot; es una poes\u00eda divertida para ni\u00f1os con un final sorprendente. Podr\u00e1 leerla sobre una m\u00fasica muy misteriosa que se halla junto al texto.\" \/>\n<meta property=\"og:url\" content=\"https:\/\/www.mumablue.com\/blog\/poesia-divertida-para-ninos-monstruos\/\" \/>\n<meta property=\"og:site_name\" content=\"Blog Mumablue\" \/>\n<meta property=\"article:publisher\" content=\"https:\/\/www.facebook.com\/mumablue\/\" \/>\n<meta property=\"article:modified_time\" content=\"2025-05-23T09:54:06+00:00\" \/>\n<meta property=\"og:image\" content=\"https:\/\/www.mumablue.com\/blog\/wp-content\/uploads\/2021\/01\/La-momia-No-quiero-2.jpg\" \/>\n<meta name=\"twitter:card\" content=\"summary_large_image\" \/>\n<script type=\"application\/ld+json\" class=\"yoast-schema-graph\">{\"@context\":\"https:\/\/schema.org\",\"@graph\":[{\"@type\":\"Organization\",\"@id\":\"https:\/\/www.mumablue.com\/blog\/#organization\",\"name\":\"Mumablue\",\"url\":\"https:\/\/www.mumablue.com\/blog\/\",\"sameAs\":[\"https:\/\/www.facebook.com\/mumablue\/\",\"https:\/\/www.instagram.com\/mumablue\/?hl=es\"],\"logo\":{\"@type\":\"ImageObject\",\"@id\":\"https:\/\/www.mumablue.com\/blog\/#logo\",\"inLanguage\":\"es\",\"url\":\"https:\/\/www.mumablue.com\/blog\/wp-content\/uploads\/2020\/05\/Blog-Mumablue.png\",\"width\":749,\"height\":269,\"caption\":\"Mumablue\"},\"image\":{\"@id\":\"https:\/\/www.mumablue.com\/blog\/#logo\"}},{\"@type\":\"WebSite\",\"@id\":\"https:\/\/www.mumablue.com\/blog\/#website\",\"url\":\"https:\/\/www.mumablue.com\/blog\/\",\"name\":\"Blog Mumablue\",\"description\":\"Un blog de cuentos y audiocuentos gratis para ni\\u00f1os.\",\"publisher\":{\"@id\":\"https:\/\/www.mumablue.com\/blog\/#organization\"},\"potentialAction\":[{\"@type\":\"SearchAction\",\"target\":\"https:\/\/www.mumablue.com\/blog\/?s={search_term_string}\",\"query-input\":\"required name=search_term_string\"}],\"inLanguage\":\"es\"},{\"@type\":\"ImageObject\",\"@id\":\"https:\/\/www.mumablue.com\/blog\/poesia-divertida-para-ninos-monstruos\/#primaryimage\",\"inLanguage\":\"es\",\"url\":\"https:\/\/www.mumablue.com\/blog\/wp-content\/uploads\/2021\/01\/La-momia-No-quiero-2.jpg\",\"width\":500,\"height\":500,\"caption\":\"poes\\u00eda divertida para ni\\u00f1os\"},{\"@type\":\"WebPage\",\"@id\":\"https:\/\/www.mumablue.com\/blog\/poesia-divertida-para-ninos-monstruos\/#webpage\",\"url\":\"https:\/\/www.mumablue.com\/blog\/poesia-divertida-para-ninos-monstruos\/\",\"name\":\"Poes\\u00eda divertida para ni\\u00f1os de monstruos - Blog Mumablue\",\"isPartOf\":{\"@id\":\"https:\/\/www.mumablue.com\/blog\/#website\"},\"primaryImageOfPage\":{\"@id\":\"https:\/\/www.mumablue.com\/blog\/poesia-divertida-para-ninos-monstruos\/#primaryimage\"},\"datePublished\":\"2020-07-23T14:42:34+00:00\",\"dateModified\":\"2025-05-23T09:54:06+00:00\",\"description\":\"\\\"La momia no quiero\\\" es una poes\\u00eda divertida para ni\\u00f1os con un final sorprendente. Podr\\u00e1 leerla sobre una m\\u00fasica muy misteriosa que se halla junto al texto.\",\"inLanguage\":\"es\",\"potentialAction\":[{\"@type\":\"ReadAction\",\"target\":[\"https:\/\/www.mumablue.com\/blog\/poesia-divertida-para-ninos-monstruos\/\"]}]}]}<\/script>\n<!-- \/ Yoast SEO plugin. -->","_links":{"self":[{"href":"https:\/\/www.mumablue.com\/blog\/wp-json\/wp\/v2\/pages\/1851"}],"collection":[{"href":"https:\/\/www.mumablue.com\/blog\/wp-json\/wp\/v2\/pages"}],"about":[{"href":"https:\/\/www.mumablue.com\/blog\/wp-json\/wp\/v2\/types\/page"}],"author":[{"embeddable":true,"href":"https:\/\/www.mumablue.com\/blog\/wp-json\/wp\/v2\/users\/6"}],"replies":[{"embeddable":true,"href":"https:\/\/www.mumablue.com\/blog\/wp-json\/wp\/v2\/comments?post=1851"}],"version-history":[{"count":14,"href":"https:\/\/www.mumablue.com\/blog\/wp-json\/wp\/v2\/pages\/1851\/revisions"}],"predecessor-version":[{"id":7554,"href":"https:\/\/www.mumablue.com\/blog\/wp-json\/wp\/v2\/pages\/1851\/revisions\/7554"}],"wp:attachment":[{"href":"https:\/\/www.mumablue.com\/blog\/wp-json\/wp\/v2\/media?parent=1851"}],"curies":[{"name":"wp","href":"https:\/\/api.w.org\/{rel}","templated":true}]}}