{"id":1587,"date":"2020-07-22T07:40:35","date_gmt":"2020-07-22T07:40:35","guid":{"rendered":"https:\/\/mumablue.com\/blog\/?page_id=1587"},"modified":"2025-05-23T09:13:18","modified_gmt":"2025-05-23T09:13:18","slug":"cuento-divertido-para-leer","status":"publish","type":"page","link":"https:\/\/www.mumablue.com\/blog\/cuento-divertido-para-leer\/","title":{"rendered":"Cuento divertido para leer a los ni\u00f1os + audiocuento"},"content":{"rendered":"<p><a href=\"https:\/\/www.mumablue.com\/blog\/wp-content\/uploads\/2021\/04\/La-verdadera-historia-de-Hansel-y-Gretel.jpg\"><img decoding=\"async\" loading=\"lazy\" class=\"alignnone wp-image-3778 size-full\" src=\"https:\/\/www.mumablue.com\/blog\/wp-content\/uploads\/2021\/04\/La-verdadera-historia-de-Hansel-y-Gretel.jpg\" alt=\"cuento divertido para leer\" width=\"500\" height=\"500\" srcset=\"https:\/\/www.mumablue.com\/blog\/wp-content\/uploads\/2021\/04\/La-verdadera-historia-de-Hansel-y-Gretel.jpg 500w, https:\/\/www.mumablue.com\/blog\/wp-content\/uploads\/2021\/04\/La-verdadera-historia-de-Hansel-y-Gretel-300x300.jpg 300w, https:\/\/www.mumablue.com\/blog\/wp-content\/uploads\/2021\/04\/La-verdadera-historia-de-Hansel-y-Gretel-150x150.jpg 150w\" sizes=\"(max-width: 500px) 100vw, 500px\" \/><\/a><\/p>\n<p>Aqu\u00ed tienes un original cuento divertido para leer a los ni\u00f1os. Creemos que te puede gustar crear algo de ambiente y le\u00e9rselo sobre una m\u00fasica, por eso te dejamos. \u00a1Ah! Y si quieres darle a\u00fan mayor realismo, deber\u00e1s poner voz de bruja, ya que este cuento divertido para leer est\u00e1 narrado en primera persona. Si lo prefieres, este cuento divertido para leer se lo contamos nosotros. Si no, encontrar\u00e1s el texto m\u00e1s adelante.<\/p>\n<h2>Audiocuento La verdadera historia de Hansel y Gretel<\/h2>\n<h6><script src=\"https:\/\/www.buzzsprout.com\/937792\/3355783-la-verdadera-historia-de-hansel-y-grettel.js?container_id=buzzsprout-player-3355783&#038;player=small\" type=\"text\/javascript\" charset=\"utf-8\"><\/script>M\u00fasica: CC 0 <span style=\"color: #0000ff;\"><a style=\"color: #0000ff;\" href=\"https:\/\/freepd.com\/Page2\/\" target=\"_blank\" rel=\"noopener noreferrer\">Fairy Dance<\/a><\/span>\u00a0y <span style=\"color: #0000ff;\"><a style=\"color: #0000ff;\" href=\"https:\/\/www.boorp.com\/musica_libera_mp3_royalty_free_senza_copyright\/mp3_magic_in_the_garden_royalty_free_musica_libera_senza_diritti_autore.php\" target=\"_blank\" rel=\"noopener noreferrer\">Magic in the garden<\/a><\/span> por Rafael Krux; CC 3.0 <span style=\"color: #0000ff;\"><span style=\"color: #0000ff;\"><a style=\"color: #0000ff;\" href=\"https:\/\/freepd.com\/misc.php\" target=\"_blank\" rel=\"noopener noreferrer\">Magical transition<\/a><\/span>,<span style=\"color: #000000;\"><span style=\"color: #0000ff;\"><a style=\"color: #0000ff;\" href=\"https:\/\/freepd.com\/misc.php\" target=\"_blank\" rel=\"noopener noreferrer\"> Witch Waltz<\/a> <\/span>, <span style=\"color: #0000ff;\"><a style=\"color: #0000ff;\" href=\"https:\/\/freepd.com\/Page2\/\" target=\"_blank\" rel=\"noopener noreferrer\">Donkey in the Dancehall<\/a><\/span> y <span style=\"color: #0000ff;\"><a style=\"color: #0000ff;\" href=\"https:\/\/incompetech.filmmusic.io\/song\/5738-aquarium\" target=\"_blank\" rel=\"noopener noreferrer\">Aquarium<\/a><\/span>, por Kevin MacLeod<\/span><\/span><\/h6>\n<p><a href=\"https:\/\/www.mumablue.com\/esp\/nuestros-cuentos-personalizados\/cuento-de-brujas-personalizado\/?utm_source=blog&amp;utm_medium=banner&amp;utm_campaign=p\u00e1ginas-audiocuentos&amp;utm_content=cuento-divertido-leer\" target=\"_blank\" rel=\"noopener noreferrer\"><img decoding=\"async\" loading=\"lazy\" class=\"alignnone wp-image-6317 size-full\" src=\"https:\/\/www.mumablue.com\/blog\/wp-content\/uploads\/2022\/10\/Cuento-de-halloween-personalizado-2.jpg\" alt=\"cuento de brujas\" width=\"715\" height=\"162\" srcset=\"https:\/\/www.mumablue.com\/blog\/wp-content\/uploads\/2022\/10\/Cuento-de-halloween-personalizado-2.jpg 715w, https:\/\/www.mumablue.com\/blog\/wp-content\/uploads\/2022\/10\/Cuento-de-halloween-personalizado-2-300x68.jpg 300w, https:\/\/www.mumablue.com\/blog\/wp-content\/uploads\/2022\/10\/Cuento-de-halloween-personalizado-2-624x141.jpg 624w\" sizes=\"(max-width: 715px) 100vw, 715px\" \/><\/a><\/p>\n<p><span style=\"font-weight: 400;\">Aqu\u00ed te dejamos el texto de este cuento divertido para leer a los ni\u00f1os. Hemos pensado que tal vez te gustar\u00eda crear algo de ambiente, as\u00ed que te hemos buscado una m\u00fasica misteriosa que puedas poner de fondo mientras le lees este cuento a tu peque.<\/span><\/p>\n<h2>La verdadera historia de Hansel y Gretel<\/h2>\n<p><iframe loading=\"lazy\" src=\"https:\/\/open.spotify.com\/embed\/track\/2orLKVDDpztE50yQNeAScU\" width=\"600\" height=\"100\" frameborder=\"0\"><span data-mce-type=\"bookmark\" style=\"display: inline-block; width: 0px; overflow: hidden; line-height: 0;\" class=\"mce_SELRES_start\">\ufeff<\/span><\/iframe><\/p>\n<p><span style=\"font-weight: 400;\">Buenas noches, queridos ni\u00f1os. Me presento: soy la bruja del cuento de Hansel y Gretel. \u00a1Pero no os asust\u00e9is! No deb\u00e9is tenerme miedo: todo lo que esos dos ni\u00f1os contaron de m\u00ed es una mentira podrida. \u00a1Se lo inventaron todo! Si me lo permit\u00eds, me gustar\u00eda contaros la verdadera historia, lo que realmente sucedi\u00f3.<\/span><\/p>\n<p><span style=\"font-weight: 400;\">Estaba yo un d\u00eda tan tranquila en mi casita del bosque, cocinando mis pociones m\u00e1gicas, cuando dos ni\u00f1os aparecieron de la nada y comenzaron a arrancar trozos de las paredes, de las puertas, de las ventanas\u2026 \u00a1estaban enloquecidos! Por lo visto llevaban unos d\u00edas perdidos en el bosque, sin agua ni comida, as\u00ed que supongo que eran presa del hambre y las alucinaciones. \u00a1Pensaban que mi casita estaba hecha de chocolate! <\/span><span style=\"font-weight: 400;\">\u00a1Qu\u00e9 disparate! De ser as\u00ed, yo misma me la habr\u00eda comido hace ya mucho tiempo! Mi casa es de ladrillos, de yeso y de pladur, como la de todo el mundo.<\/span><\/p>\n<p><span style=\"font-weight: 400;\">Soy una bruja, y todo el mundo sabe que<\/span><span style=\"font-weight: 400;\"> l<\/span><span style=\"font-weight: 400;\">os ni\u00f1os y las brujas no se llevan bien. Los ni\u00f1os crean mucho alboroto: desconciertan a los esp\u00edritus con sus gritos, ahuyentan a los lagartos y los murci\u00e9lagos (que son la base de toda poci\u00f3n m\u00e1gica que se precie), y usan nuestros gorros puntiagudos para disfrazarse todo el tiempo. <\/span><span style=\"font-weight: 400;\">Pero Hansel y Gretel me dieron un poco de pena. As\u00ed que les invit\u00e9 a pasar y les ofrec\u00ed una rica merienda: leche con bollos azucarados, manzanas y nueces. Me contaron que su madrastra los hab\u00eda abandonado en el bosque con la excusa de no tener dinero para alimentarlos. <\/span><span style=\"font-weight: 400;\">\u00a1Hay que ver, qu\u00e9 se\u00f1ora m\u00e1s malvada!<\/span><span style=\"font-weight: 400;\"> Entonces les dije que se pod\u00edan quedar conmigo si me ayudaban con algunas tareas.<\/span><\/p>\n<p><span style=\"font-weight: 400;\">\u00a1Pero result\u00f3 que Hansel y Gretel eran unos aut\u00e9nticos trastos! A Hansel le ped\u00ed que fuera al establo a hacerse cargo del ganado, pero el muy holgaz\u00e1n se encerraba tras unas rejas para que no le encontrara y se pasaba todo el d\u00eda durmiendo. <\/span><span style=\"font-weight: 400;\">Luego cont\u00f3 que fui yo quien le encerr\u00f3 en una jaula para cebarlo y, cuando estuviera gordito, com\u00e9rmelo\u2026 \u00a1Encima de vago, mentiroso! A m\u00ed no me gustan los ni\u00f1os, \u00a1Ni siquiera en la pizza!<\/span><\/p>\n<p><span style=\"font-weight: 400;\">A Gretel le ped\u00ed que me ayudara en la cocina, \u00a1pero ella hac\u00eda cosas para fastidiarme! Me cambiaba el az\u00facar por la sal, por ejemplo. \u00bfHab\u00e9is probado la leche con sal? \u00a1Puagggg! \u00a1Es asquerosa! Los huevos fritos con az\u00facar tampoco os los recomiendo\u2026 Tambi\u00e9n me giraba la boca del grifo y al abrirlo sal\u00eda el agua disparada y me daba en la cara, usaba mi escoba voladora para barrer (las escobas voladoras son muy sensibles, no soportan tanta presi\u00f3n) o me echaba un litro de jab\u00f3n en la lavadora y la cocina parec\u00eda la fiesta de la espuma esa, de las ferias. \u00a1Un desastre espantoso!\u00a0 <\/span><span style=\"font-weight: 400;\">Un d\u00eda, cuando estaba a punto de meter en el horno una hogaza de pan\u2026 \u00a1Gretel me empuj\u00f3 y trat\u00f3 de que me cayera dentro! \u00a1Esa fue la gota que colm\u00f3 el caldero! Me enfad\u00e9 mucho y los mand\u00e9 de vuelta con su madrastra. \u00a1Cu\u00e1nto lo siento por esa pobre mujer!<\/span><\/p>\n<p><span style=\"font-weight: 400;\">La historia que contaron despu\u00e9s, ya os la sab\u00e9is: que su malvada madrastra les hab\u00eda abandonado a su suerte en el bosque y que una mucho m\u00e1s malvada bruja los hab\u00eda encerrado para engordarlos y despu\u00e9s com\u00e9rselos. \u00a1Habr\u00e1se visto! \u00a1Qu\u00e9 desagradecidos! Repito: las brujas no comemos ni\u00f1os, son todo huesos.<\/span><span style=\"font-weight: 400;\"> Preferimos los macarrones con tomate. \u00a1Ah! Y tampoco regresaron a casa montados sobre un pato. \u00bfQu\u00e9 tama\u00f1o tendr\u00eda que tener un pato para poder llevar a un ni\u00f1o sobre su lomo? \u00bfEs que nos hemos vuelto locos? \u00a1Los llev\u00e9 yo misma en mi escoba voladora y no me pagaron ni la gasolina! <\/span><span style=\"font-weight: 400;\">Y esta es mi versi\u00f3n del cuento. La misma que le cont\u00e9 a los le\u00f1adores cuando, armados con hachas y antorchas, vinieron a mi casa para apresarme. \u00bfQui\u00e9n iba a creer a una solitaria bruja antes que a dos ni\u00f1os, en apariencia, inocentes? \u00a1Nadie! Bueno, nadie excepto su madrastra, <\/span><span style=\"font-weight: 400;\">que me miraba con compasi\u00f3n mientras quer\u00edan prenderle fuego a mi casita, que, repito, no era de chocolate, ni de golosinas, porque esas cosas s\u00f3lo existen en los cuentos y esta es una historia muy real.<\/span><\/p>\n<p><span style=\"font-weight: 400;\">As\u00ed que ya sab\u00e9is, ni\u00f1os, si alguna vez quer\u00e9is saber c\u00f3mo ocurri\u00f3 de verdad una historia, deb\u00e9is preguntarle a todas las partes implicadas. Recordad: ni los buenos son tan buenos, ni los malos son tan malos\u2026<\/span><\/p>\n<p><a href=\"https:\/\/www.mumablue.com\/esp\/nuestros-cuentos-personalizados\/cuento-de-brujas-personalizado\/?utm_source=blog&amp;utm_medium=banner&amp;utm_campaign=p\u00e1ginas-audiocuentos&amp;utm_content=cuento-divertido-leer\" target=\"_blank\" rel=\"noopener noreferrer\"><img decoding=\"async\" loading=\"lazy\" class=\"alignnone wp-image-6317 size-full\" src=\"https:\/\/www.mumablue.com\/blog\/wp-content\/uploads\/2022\/10\/Cuento-de-halloween-personalizado-2.jpg\" alt=\"cuento de brujas\" width=\"715\" height=\"162\" srcset=\"https:\/\/www.mumablue.com\/blog\/wp-content\/uploads\/2022\/10\/Cuento-de-halloween-personalizado-2.jpg 715w, https:\/\/www.mumablue.com\/blog\/wp-content\/uploads\/2022\/10\/Cuento-de-halloween-personalizado-2-300x68.jpg 300w, https:\/\/www.mumablue.com\/blog\/wp-content\/uploads\/2022\/10\/Cuento-de-halloween-personalizado-2-624x141.jpg 624w\" sizes=\"(max-width: 715px) 100vw, 715px\" \/><\/a><\/p>\n<h2>Cuento divertido para leer a los ni\u00f1os<\/h2>\n<p>Esperamos que a tu peque le haya gustado este cuento divertido para leer a los ni\u00f1os. Con esta versi\u00f3n de \u00abLa casita de chocolate\u00bb, <strong>hemos querido arrancar una carcajada a los peque\u00f1os mediante la t\u00e9cnica del desconcierto<\/strong>. Hacer una interpretaci\u00f3n del cuento desde el punto de vista de la bruja no s\u00f3lo resulta muy atractivo, sino que genera en los peque\u00f1os un comportamiento m\u00e1s proactivo, entretenido y divertido. Si te ha gustado, puedes encontrar muchos otros en nuestra p\u00e1gina de <span style=\"color: #3366ff;\"><a style=\"color: #3366ff;\" href=\"https:\/\/www.mumablue.com\/blog\/cuentos-infantiles-para-leer-cortos-gratis\/\">cuentos infantiles para leer<\/a><\/span>. \u00a1Echa un vistazo!<\/p>\n<div style='text-align:left' class='yasr-auto-insert-visitor'><\/div>","protected":false},"excerpt":{"rendered":"<p>Aqu\u00ed tienes un original cuento divertido para leer a los ni\u00f1os. Creemos que te puede gustar crear algo de ambiente y le\u00e9rselo sobre una m\u00fasica, por eso te dejamos. \u00a1Ah! Y si quieres darle a\u00fan mayor realismo, deber\u00e1s poner voz de bruja, ya que este cuento divertido para leer est\u00e1 narrado en primera persona. Si [&hellip;]<\/p>\n","protected":false},"author":6,"featured_media":0,"parent":0,"menu_order":0,"comment_status":"closed","ping_status":"closed","template":"","meta":{"yasr_overall_rating":0,"yasr_post_is_review":"","yasr_auto_insert_disabled":"","yasr_review_type":""},"yasr_visitor_votes":{"number_of_votes":161,"sum_votes":750,"stars_attributes":{"read_only":false,"span_bottom":false}},"yoast_head":"<!-- This site is optimized with the Yoast SEO plugin v14.5 - https:\/\/yoast.com\/wordpress\/plugins\/seo\/ -->\n<meta name=\"description\" content=\"Este cuento divertido para leer cuenta la historia de Hansel y Grettel desde el punto de vista de la bruja. \u00a1E incluye una m\u00fasica para crear ambiente!\" \/>\n<meta name=\"robots\" content=\"index, follow\" \/>\n<meta name=\"googlebot\" content=\"index, follow, max-snippet:-1, max-image-preview:large, max-video-preview:-1\" \/>\n<meta name=\"bingbot\" content=\"index, follow, max-snippet:-1, max-image-preview:large, max-video-preview:-1\" \/>\n<link rel=\"canonical\" href=\"https:\/\/www.mumablue.com\/blog\/cuento-divertido-para-leer\/\" \/>\n<meta property=\"og:locale\" content=\"es_ES\" \/>\n<meta property=\"og:type\" content=\"article\" \/>\n<meta property=\"og:title\" content=\"Cuento divertido para leer a los ni\u00f1os + audiocuento - Blog Mumablue\" \/>\n<meta property=\"og:description\" content=\"Este cuento divertido para leer cuenta la historia de Hansel y Grettel desde el punto de vista de la bruja. \u00a1E incluye una m\u00fasica para crear ambiente!\" \/>\n<meta property=\"og:url\" content=\"https:\/\/www.mumablue.com\/blog\/cuento-divertido-para-leer\/\" \/>\n<meta property=\"og:site_name\" content=\"Blog Mumablue\" \/>\n<meta property=\"article:publisher\" content=\"https:\/\/www.facebook.com\/mumablue\/\" \/>\n<meta property=\"article:modified_time\" content=\"2025-05-23T09:13:18+00:00\" \/>\n<meta property=\"og:image\" content=\"https:\/\/www.mumablue.com\/blog\/wp-content\/uploads\/2021\/04\/La-verdadera-historia-de-Hansel-y-Gretel.jpg\" \/>\n<meta name=\"twitter:card\" content=\"summary_large_image\" \/>\n<script type=\"application\/ld+json\" class=\"yoast-schema-graph\">{\"@context\":\"https:\/\/schema.org\",\"@graph\":[{\"@type\":\"Organization\",\"@id\":\"https:\/\/www.mumablue.com\/blog\/#organization\",\"name\":\"Mumablue\",\"url\":\"https:\/\/www.mumablue.com\/blog\/\",\"sameAs\":[\"https:\/\/www.facebook.com\/mumablue\/\",\"https:\/\/www.instagram.com\/mumablue\/?hl=es\"],\"logo\":{\"@type\":\"ImageObject\",\"@id\":\"https:\/\/www.mumablue.com\/blog\/#logo\",\"inLanguage\":\"es\",\"url\":\"https:\/\/www.mumablue.com\/blog\/wp-content\/uploads\/2020\/05\/Blog-Mumablue.png\",\"width\":749,\"height\":269,\"caption\":\"Mumablue\"},\"image\":{\"@id\":\"https:\/\/www.mumablue.com\/blog\/#logo\"}},{\"@type\":\"WebSite\",\"@id\":\"https:\/\/www.mumablue.com\/blog\/#website\",\"url\":\"https:\/\/www.mumablue.com\/blog\/\",\"name\":\"Blog Mumablue\",\"description\":\"Un blog de cuentos y audiocuentos gratis para ni\\u00f1os.\",\"publisher\":{\"@id\":\"https:\/\/www.mumablue.com\/blog\/#organization\"},\"potentialAction\":[{\"@type\":\"SearchAction\",\"target\":\"https:\/\/www.mumablue.com\/blog\/?s={search_term_string}\",\"query-input\":\"required name=search_term_string\"}],\"inLanguage\":\"es\"},{\"@type\":\"ImageObject\",\"@id\":\"https:\/\/www.mumablue.com\/blog\/cuento-divertido-para-leer\/#primaryimage\",\"inLanguage\":\"es\",\"url\":\"https:\/\/www.mumablue.com\/blog\/wp-content\/uploads\/2021\/04\/La-verdadera-historia-de-Hansel-y-Gretel.jpg\",\"width\":500,\"height\":500},{\"@type\":\"WebPage\",\"@id\":\"https:\/\/www.mumablue.com\/blog\/cuento-divertido-para-leer\/#webpage\",\"url\":\"https:\/\/www.mumablue.com\/blog\/cuento-divertido-para-leer\/\",\"name\":\"Cuento divertido para leer a los ni\\u00f1os + audiocuento - Blog Mumablue\",\"isPartOf\":{\"@id\":\"https:\/\/www.mumablue.com\/blog\/#website\"},\"primaryImageOfPage\":{\"@id\":\"https:\/\/www.mumablue.com\/blog\/cuento-divertido-para-leer\/#primaryimage\"},\"datePublished\":\"2020-07-22T07:40:35+00:00\",\"dateModified\":\"2025-05-23T09:13:18+00:00\",\"description\":\"Este cuento divertido para leer cuenta la historia de Hansel y Grettel desde el punto de vista de la bruja. \\u00a1E incluye una m\\u00fasica para crear ambiente!\",\"inLanguage\":\"es\",\"potentialAction\":[{\"@type\":\"ReadAction\",\"target\":[\"https:\/\/www.mumablue.com\/blog\/cuento-divertido-para-leer\/\"]}]}]}<\/script>\n<!-- \/ Yoast SEO plugin. -->","_links":{"self":[{"href":"https:\/\/www.mumablue.com\/blog\/wp-json\/wp\/v2\/pages\/1587"}],"collection":[{"href":"https:\/\/www.mumablue.com\/blog\/wp-json\/wp\/v2\/pages"}],"about":[{"href":"https:\/\/www.mumablue.com\/blog\/wp-json\/wp\/v2\/types\/page"}],"author":[{"embeddable":true,"href":"https:\/\/www.mumablue.com\/blog\/wp-json\/wp\/v2\/users\/6"}],"replies":[{"embeddable":true,"href":"https:\/\/www.mumablue.com\/blog\/wp-json\/wp\/v2\/comments?post=1587"}],"version-history":[{"count":26,"href":"https:\/\/www.mumablue.com\/blog\/wp-json\/wp\/v2\/pages\/1587\/revisions"}],"predecessor-version":[{"id":7546,"href":"https:\/\/www.mumablue.com\/blog\/wp-json\/wp\/v2\/pages\/1587\/revisions\/7546"}],"wp:attachment":[{"href":"https:\/\/www.mumablue.com\/blog\/wp-json\/wp\/v2\/media?parent=1587"}],"curies":[{"name":"wp","href":"https:\/\/api.w.org\/{rel}","templated":true}]}}