{"id":1505,"date":"2020-07-01T18:20:26","date_gmt":"2020-07-01T18:20:26","guid":{"rendered":"https:\/\/mumablue.com\/blog\/?page_id=1505"},"modified":"2025-05-23T09:22:50","modified_gmt":"2025-05-23T09:22:50","slug":"cuento-de-fantasmas-para-leer","status":"publish","type":"page","link":"https:\/\/www.mumablue.com\/blog\/cuento-de-fantasmas-para-leer\/","title":{"rendered":"Cuento de fantasmas para leer a los ni\u00f1os + audiocuento"},"content":{"rendered":"<p><img decoding=\"async\" loading=\"lazy\" class=\"alignnone size-full wp-image-3507\" src=\"https:\/\/www.mumablue.com\/blog\/wp-content\/uploads\/2021\/01\/Plasma-el-fantasma-2.jpg\" alt=\"Cuento de fantasmas para leer\" width=\"500\" height=\"500\" srcset=\"https:\/\/www.mumablue.com\/blog\/wp-content\/uploads\/2021\/01\/Plasma-el-fantasma-2.jpg 500w, https:\/\/www.mumablue.com\/blog\/wp-content\/uploads\/2021\/01\/Plasma-el-fantasma-2-300x300.jpg 300w, https:\/\/www.mumablue.com\/blog\/wp-content\/uploads\/2021\/01\/Plasma-el-fantasma-2-150x150.jpg 150w\" sizes=\"(max-width: 500px) 100vw, 500px\" \/><\/p>\n<p>Aqu\u00ed tienes un cuento de fantasmas para leer a los ni\u00f1os muy divertido. <strong>Plasma, el fantasma, acaba de heredar un ruinoso castillo de su t\u00edo Ernesto, el espectro.<\/strong> Es su primera noche y debe debutar como fantasma. Est\u00e1 muy nervioso. Y cuando por fin se lanza, ululando por pasillos y galer\u00edas, la aparici\u00f3n de una repelente ni\u00f1a har\u00e1 que nada salga como \u00e9l espera.<\/p>\n<p>M\u00e1s abajo encontrar\u00e1s el cuento escrito pero, si lo prefieres, <strong>te ofrecemos su versi\u00f3n en audiocuento<\/strong>, una propuesta m\u00e1s evocadora por sus m\u00fasicas y sonidos misteriosos.<\/p>\n<h2>Audiocuento \u00abPlasma, el fantasma\u00bb<\/h2>\n<h6><script src=\"https:\/\/www.buzzsprout.com\/937792\/3507340-plasma-el-fantasma.js?container_id=buzzsprout-player-3507340&amp;player=small\" type=\"text\/javascript\" charset=\"utf-8\"><\/script>M\u00fasica: CC 0 <span style=\"color: #0000ff;\"><a style=\"color: #0000ff;\" href=\"https:\/\/freepd.com\/Page2\/\">Fairy Dance<\/a>,<span style=\"color: #000000;\"> por Rafael Krux; <\/span><\/span>CC 4.0. <span style=\"color: #3366ff;\"><a style=\"color: #3366ff;\" href=\"https:\/\/alexandernakarada.bandcamp.com\/track\/nightmare\">Nightmare<\/a><\/span>, por Alexander Nakarada.<\/h6>\n<h3 style=\"text-align: center;\"><span style=\"color: #800080;\">\u00bfTu peque tiene miedos? \u00a1Es normal!<\/span><\/h3>\n<h3 style=\"text-align: center;\"><span style=\"color: #800080;\">Este <span style=\"color: #3366ff;\"><a style=\"color: #3366ff;\" href=\"https:\/\/www.mumablue.com\/esp\/nuestros-cuentos-personalizados\/burbujas\/?utm_source=blog&amp;utm_medium=link&amp;utm_campaign=p\u00e1ginas-audiocuentos&amp;utm_content=cuento-fantasmas\" target=\"_blank\" rel=\"noopener noreferrer\">cuento para superar los miedos<\/a><\/span> le ayudar\u00e1<\/span><\/h3>\n<p>Este cuento de fantasmas para leer, infantil, tambi\u00e9n se lo puedes leer t\u00fa directamente. \u00a1Crea algo de ambiente! Con esta musiquita de fondo te lo ponemos f\u00e1cil.<\/p>\n<p><iframe style=\"border: 0; width: 95%; height: 42px;\" src=\"https:\/\/bandcamp.com\/EmbeddedPlayer\/album=3686472682\/size=small\/bgcol=ffffff\/linkcol=0687f5\/track=3013477449\/transparent=true\/\" seamless=\"\"><span data-mce-type=\"bookmark\" style=\"display: inline-block; width: 0px; overflow: hidden; line-height: 0;\" class=\"mce_SELRES_start\">\ufeff<\/span><a href=\"http:\/\/alexandernakarada.bandcamp.com\/album\/6-bits-pieces\">6. Bits &amp; Pieces by Alexander Nakarada<\/a><\/iframe><\/p>\n<h2>Plasma, el fantasma<\/h2>\n<p>Aquella noche, Plasma, el fantasma, sali\u00f3 por primera vez a recorrer los pasillos del castillo. Plasma no ten\u00eda experiencia, era un fantasma novato. Hab\u00eda heredado aquel ruinoso castillo de su t\u00edo Ernesto, el espectro. Un espectro andrajoso, birrioso, mugroso, \u00a1menos mal que se ve\u00eda borroso!<\/p>\n<p>Plasma, por el contrario, era un fantasma muy presumido. Pero su t\u00edo Ernesto, el espectro, no le hab\u00eda dejado ropa decente en el armario. As\u00ed que vest\u00eda una simple s\u00e1bana blanca. \u00a1Estaba muy inquieto! \u00a1Era su primera noche de trabajo! Plasma, el fantasma, sujetaba en la mano un candil y arrastraba una bola de hierro sujeta a su tobillo por una cadena, \u00a1esa era su condena!<\/p>\n<p>De pronto, se qued\u00f3 p\u00e1lido. P\u00e1lido debajo de la s\u00e1bana. Al fondo de la galer\u00eda hab\u00eda una ni\u00f1a. \u00a1Qu\u00e9 nervios! Iba a dar su primer susto y quer\u00eda que le saliera perfecto. Plasma retrocedi\u00f3 hasta detr\u00e1s de la esquina. Se atus\u00f3 la s\u00e1bana, sac\u00f3 lustre a su bola y su grillete, hizo g\u00e1rgaras y entren\u00f3 un poco la voz:<\/p>\n<p>-DO, RE, MI, FA, SOL, LA, SI, DOOOOOOO&#8230;.<\/p>\n<p>Cuando estuvo preparado, respir\u00f3 hondo y comenz\u00f3 a caminar por la galer\u00eda, ululando, levantando los brazos, arrastrando sus cadenas, poniendo cara de fantasma malo (aunque no se le ve\u00eda porque estaba debajo de la s\u00e1bana).<\/p>\n<p>La ni\u00f1a le vio acercarse, pero no se le movi\u00f3 ni un pelo del tirabuz\u00f3n. Estaba claro que Plasma, el fantasma, no le daba ning\u00fan miedo. Plasma estaba avergonzado, abochornado, desconcertado\u2026<\/p>\n<p>-\u00a1\u00a1ATCHIS!!<\/p>\n<p>\u00a1Y constipado! Se son\u00f3 los mocos con el pico de la s\u00e1bana. Davinia, la ni\u00f1a, le miraba con desd\u00e9n.<\/p>\n<p>-\u00a1No asustar\u00edas ni a un rat\u00f3n! \u00a1L\u00e1rgate de aqu\u00ed, principiante! -le grit\u00f3, muy repelente.<\/p>\n<p>Plasma, el fantasma, no pudo aguantarse m\u00e1s. Como fantasma novato estaba muy agobiado, as\u00ed que estall\u00f3 en l\u00e1grimas. Llor\u00f3 tanto y tan fuerte que, a los pocos minutos, su s\u00e1bana flotaba sobre un charco de l\u00e1grimas en el suelo.<\/p>\n<p>Davinia, la ni\u00f1a, recogi\u00f3 la s\u00e1bana y se la dio a la doncella de la lavander\u00eda. A Plasma lo sumergieron en agua ardiendo, lo llenaron de jab\u00f3n, lo restregaron por la tabla de lavar y lo aclararon con agua helada. Por si aquello fuera poco, lo retorcieron para escurrirlo. \u00a1Qu\u00e9 paliza! Luego lo colgaron de una cuerda a pleno sol, entre unos pololos y unos calzones. \u00a1Qu\u00e9 deshonra!<\/p>\n<p>Al d\u00eda siguiente, la doncella recogi\u00f3 de la cuerda a Plasma, el fantasma. Lo almidon\u00f3, lo perfum\u00f3 y lo planch\u00f3. No le dej\u00f3 ni una sola arruga. \u00a1Qui\u00e9n dir\u00eda que ten\u00eda 1.200 a\u00f1os!<\/p>\n<p>Plasma, el fantasma recorri\u00f3 aquella noche de nuevo los pasillos del castillo. Subi\u00f3 a las almenas, baj\u00f3 a las mazmorras, descubri\u00f3 pasadizos secretos y ocultas escaleras de caracol. Se sent\u00eda hermoso, lustroso, pomposo\u2026 tanto que pens\u00f3 que ya no pegaba en aquel ruinoso castillo. As\u00ed que, colg\u00f3 un cartel del port\u00f3n levadizo, un anuncio que dec\u00eda: \u201cSe necesita fantasma\u201d. Y as\u00ed, sin nada de equipaje, se mud\u00f3 al lujoso palacio donde viv\u00eda su amiga F\u00e1tima, el \u00e1nima. Que, por cierto, le dijo que se quedara con ella eternamente porque estaba muy, pero que muy, guapo.<\/p>\n<p><a href=\"https:\/\/www.mumablue.com\/esp\/nuestros-cuentos-personalizados\/cuento-de-brujas-personalizado\/?utm_source=blog&amp;utm_medium=banner&amp;utm_campaign=p\u00e1ginas-audiocuentos&amp;utm_content=cuento-fantasmas\" target=\"_blank\" rel=\"noopener noreferrer\"><img decoding=\"async\" loading=\"lazy\" class=\"alignnone wp-image-6317 size-full\" src=\"https:\/\/www.mumablue.com\/blog\/wp-content\/uploads\/2022\/10\/Cuento-de-halloween-personalizado-2.jpg\" alt=\"cuento de brujas\" width=\"715\" height=\"162\" srcset=\"https:\/\/www.mumablue.com\/blog\/wp-content\/uploads\/2022\/10\/Cuento-de-halloween-personalizado-2.jpg 715w, https:\/\/www.mumablue.com\/blog\/wp-content\/uploads\/2022\/10\/Cuento-de-halloween-personalizado-2-300x68.jpg 300w, https:\/\/www.mumablue.com\/blog\/wp-content\/uploads\/2022\/10\/Cuento-de-halloween-personalizado-2-624x141.jpg 624w\" sizes=\"(max-width: 715px) 100vw, 715px\" \/><\/a><\/p>\n<h2>Cuento de fantasmas para leer&#8230; y de monstruos, vampiros, dragones&#8230;<\/h2>\n<p>Seguro que a tu peque le gustado este cuento de fantasmas para leer. Si es as\u00ed, puedes encontrar muchos m\u00e1s <span style=\"color: #3366ff;\"><a style=\"color: #3366ff;\" href=\"https:\/\/www.mumablue.com\/blog\/cuentos-infantiles-para-leer-cortos-gratis\/\">cuentos infantiles para leer<\/a><\/span> y escuchar en nuestra p\u00e1gina. <strong>Te ofrecemos<\/strong><span style=\"font-size: 1rem;\"><strong> historias de brujas, monstruos, dragones, vampiros, zombis&#8230;<\/strong> Relatos, todos ellos, terror\u00edficamente divertidos.<\/span><\/p>\n<p>\u00bfImaginas si fuera la bruja de Hansel y Gretel quien contara c\u00f3mo sucedi\u00f3 la historia en realidad? \u00bfY si el monstruo que vive dentro del armario estuviera aterrorizado porque cree que vive un ni\u00f1o fuera del armario? Tal vez se sorprenda con al conocer la historia de una princesa que funciona como cebo para que su querido drag\u00f3n se alimente de valerosos caballeros&#8230; Numerosas<strong> historias en las que cambiamos el punto de vista para arrancar una sonrisa a tu peque<\/strong>\u00a0y que ense\u00f1an que no siempre las cosas son como nos han ense\u00f1ado que son. \u00a1Esperamos que las disfrut\u00e9is!<\/p>\n<blockquote>\n<h3><span style=\"color: #800080;\"><img decoding=\"async\" loading=\"lazy\" class=\"alignnone wp-image-583\" src=\"https:\/\/www.mumablue.com\/blog\/wp-content\/uploads\/2020\/03\/favicon.ico\" alt=\"\" width=\"44\" height=\"44\" \/>\u00a0 \u00a1Descubre <span style=\"color: #3366ff;\"><a style=\"color: #3366ff;\" href=\"https:\/\/www.mumablue.com\/blog\/cuentos-infantiles-para-leer-cortos-gratis\/\" target=\"_blank\" rel=\"noopener noreferrer\">100 cuentos m\u00e1s y audio cuentos<\/a><\/span> gratis!<\/span><\/h3>\n<\/blockquote>\n<div style='text-align:left' class='yasr-auto-insert-visitor'><\/div>","protected":false},"excerpt":{"rendered":"<p>Aqu\u00ed tienes un cuento de fantasmas para leer a los ni\u00f1os muy divertido. Plasma, el fantasma, acaba de heredar un ruinoso castillo de su t\u00edo Ernesto, el espectro. Es su primera noche y debe debutar como fantasma. Est\u00e1 muy nervioso. Y cuando por fin se lanza, ululando por pasillos y galer\u00edas, la aparici\u00f3n de una [&hellip;]<\/p>\n","protected":false},"author":6,"featured_media":0,"parent":0,"menu_order":0,"comment_status":"closed","ping_status":"closed","template":"","meta":{"yasr_overall_rating":0,"yasr_post_is_review":"","yasr_auto_insert_disabled":"","yasr_review_type":""},"yasr_visitor_votes":{"number_of_votes":159,"sum_votes":679,"stars_attributes":{"read_only":false,"span_bottom":false}},"yoast_head":"<!-- This site is optimized with the Yoast SEO plugin v14.5 - https:\/\/yoast.com\/wordpress\/plugins\/seo\/ -->\n<meta name=\"description\" content=\"Te dejamos un divertido cuento de fantasmas para leer, para que se lo leas a tu peque. Adem\u00e1s, te dejamos una m\u00fasica para que puedas crear ambiente.\" \/>\n<meta name=\"robots\" content=\"index, follow\" \/>\n<meta name=\"googlebot\" content=\"index, follow, max-snippet:-1, max-image-preview:large, max-video-preview:-1\" \/>\n<meta name=\"bingbot\" content=\"index, follow, max-snippet:-1, max-image-preview:large, max-video-preview:-1\" \/>\n<link rel=\"canonical\" href=\"https:\/\/www.mumablue.com\/blog\/cuento-de-fantasmas-para-leer\/\" \/>\n<meta property=\"og:locale\" content=\"es_ES\" \/>\n<meta property=\"og:type\" content=\"article\" \/>\n<meta property=\"og:title\" content=\"Cuento de fantasmas para leer a los ni\u00f1os + audiocuento - Blog Mumablue\" \/>\n<meta property=\"og:description\" content=\"Te dejamos un divertido cuento de fantasmas para leer, para que se lo leas a tu peque. Adem\u00e1s, te dejamos una m\u00fasica para que puedas crear ambiente.\" \/>\n<meta property=\"og:url\" content=\"https:\/\/www.mumablue.com\/blog\/cuento-de-fantasmas-para-leer\/\" \/>\n<meta property=\"og:site_name\" content=\"Blog Mumablue\" \/>\n<meta property=\"article:publisher\" content=\"https:\/\/www.facebook.com\/mumablue\/\" \/>\n<meta property=\"article:modified_time\" content=\"2025-05-23T09:22:50+00:00\" \/>\n<meta property=\"og:image\" content=\"https:\/\/www.mumablue.com\/blog\/wp-content\/uploads\/2021\/01\/Plasma-el-fantasma-2.jpg\" \/>\n<meta name=\"twitter:card\" content=\"summary_large_image\" \/>\n<script type=\"application\/ld+json\" class=\"yoast-schema-graph\">{\"@context\":\"https:\/\/schema.org\",\"@graph\":[{\"@type\":\"Organization\",\"@id\":\"https:\/\/www.mumablue.com\/blog\/#organization\",\"name\":\"Mumablue\",\"url\":\"https:\/\/www.mumablue.com\/blog\/\",\"sameAs\":[\"https:\/\/www.facebook.com\/mumablue\/\",\"https:\/\/www.instagram.com\/mumablue\/?hl=es\"],\"logo\":{\"@type\":\"ImageObject\",\"@id\":\"https:\/\/www.mumablue.com\/blog\/#logo\",\"inLanguage\":\"es\",\"url\":\"https:\/\/www.mumablue.com\/blog\/wp-content\/uploads\/2020\/05\/Blog-Mumablue.png\",\"width\":749,\"height\":269,\"caption\":\"Mumablue\"},\"image\":{\"@id\":\"https:\/\/www.mumablue.com\/blog\/#logo\"}},{\"@type\":\"WebSite\",\"@id\":\"https:\/\/www.mumablue.com\/blog\/#website\",\"url\":\"https:\/\/www.mumablue.com\/blog\/\",\"name\":\"Blog Mumablue\",\"description\":\"Un blog de cuentos y audiocuentos gratis para ni\\u00f1os.\",\"publisher\":{\"@id\":\"https:\/\/www.mumablue.com\/blog\/#organization\"},\"potentialAction\":[{\"@type\":\"SearchAction\",\"target\":\"https:\/\/www.mumablue.com\/blog\/?s={search_term_string}\",\"query-input\":\"required name=search_term_string\"}],\"inLanguage\":\"es\"},{\"@type\":\"ImageObject\",\"@id\":\"https:\/\/www.mumablue.com\/blog\/cuento-de-fantasmas-para-leer\/#primaryimage\",\"inLanguage\":\"es\",\"url\":\"https:\/\/www.mumablue.com\/blog\/wp-content\/uploads\/2021\/01\/Plasma-el-fantasma-2.jpg\",\"width\":500,\"height\":500,\"caption\":\"Cuento de fantasmas para leer\"},{\"@type\":\"WebPage\",\"@id\":\"https:\/\/www.mumablue.com\/blog\/cuento-de-fantasmas-para-leer\/#webpage\",\"url\":\"https:\/\/www.mumablue.com\/blog\/cuento-de-fantasmas-para-leer\/\",\"name\":\"Cuento de fantasmas para leer a los ni\\u00f1os + audiocuento - Blog Mumablue\",\"isPartOf\":{\"@id\":\"https:\/\/www.mumablue.com\/blog\/#website\"},\"primaryImageOfPage\":{\"@id\":\"https:\/\/www.mumablue.com\/blog\/cuento-de-fantasmas-para-leer\/#primaryimage\"},\"datePublished\":\"2020-07-01T18:20:26+00:00\",\"dateModified\":\"2025-05-23T09:22:50+00:00\",\"description\":\"Te dejamos un divertido cuento de fantasmas para leer, para que se lo leas a tu peque. Adem\\u00e1s, te dejamos una m\\u00fasica para que puedas crear ambiente.\",\"inLanguage\":\"es\",\"potentialAction\":[{\"@type\":\"ReadAction\",\"target\":[\"https:\/\/www.mumablue.com\/blog\/cuento-de-fantasmas-para-leer\/\"]}]}]}<\/script>\n<!-- \/ Yoast SEO plugin. -->","_links":{"self":[{"href":"https:\/\/www.mumablue.com\/blog\/wp-json\/wp\/v2\/pages\/1505"}],"collection":[{"href":"https:\/\/www.mumablue.com\/blog\/wp-json\/wp\/v2\/pages"}],"about":[{"href":"https:\/\/www.mumablue.com\/blog\/wp-json\/wp\/v2\/types\/page"}],"author":[{"embeddable":true,"href":"https:\/\/www.mumablue.com\/blog\/wp-json\/wp\/v2\/users\/6"}],"replies":[{"embeddable":true,"href":"https:\/\/www.mumablue.com\/blog\/wp-json\/wp\/v2\/comments?post=1505"}],"version-history":[{"count":21,"href":"https:\/\/www.mumablue.com\/blog\/wp-json\/wp\/v2\/pages\/1505\/revisions"}],"predecessor-version":[{"id":7548,"href":"https:\/\/www.mumablue.com\/blog\/wp-json\/wp\/v2\/pages\/1505\/revisions\/7548"}],"wp:attachment":[{"href":"https:\/\/www.mumablue.com\/blog\/wp-json\/wp\/v2\/media?parent=1505"}],"curies":[{"name":"wp","href":"https:\/\/api.w.org\/{rel}","templated":true}]}}