{"id":1172,"date":"2020-06-22T16:08:19","date_gmt":"2020-06-22T16:08:19","guid":{"rendered":"https:\/\/mumablue.com\/blog\/?page_id=1172"},"modified":"2025-04-28T10:05:38","modified_gmt":"2025-04-28T10:05:38","slug":"audiocuentos-de-aventuras","status":"publish","type":"page","link":"https:\/\/www.mumablue.com\/blog\/audiocuentos-de-aventuras\/","title":{"rendered":"Audiocuentos de aventuras"},"content":{"rendered":"<p>\u00a1El \u00fanico audiocuento del mundo tipo \u00abelige tu aventura\u00bb! Sigue estos pasos:<\/p>\n<ol>\n<li><strong>Pulsa <em>play<\/em><\/strong> para comenzar la escucha.<\/li>\n<li><strong>Pulsa en \u00abReproducir en Navegador\u00bb.<\/strong><\/li>\n<li><strong>Sigue las indicaciones <\/strong>que se dan al final de cada audio.<\/li>\n<li><strong>Elige tu camino antes de que se termine la cola de silencio<\/strong> que hay al final de cada audio. Si es necesario, p\u00e1usalo.<\/li>\n<\/ol>\n<p><iframe loading=\"lazy\" style=\"border: 1px solid #D7D7D7;\" src=\"https:\/\/www.ivoox.com\/player_es_podcast_1356342_1.html\" width=\"200%\" height=\"440\" frameborder=\"0\" scrolling=\"no\" allowfullscreen=\"allowfullscreen\"><span data-mce-type=\"bookmark\" style=\"display: inline-block; width: 0px; overflow: hidden; line-height: 0;\" class=\"mce_SELRES_start\">\ufeff<\/span><\/iframe><\/p>\n<div class=\"boxpequehistorias\">\n<div id=\"buzzsprout-player-5748871\"><\/div>\n<p><script src=\"https:\/\/www.buzzsprout.com\/937792\/5748871-el-viaje-de-pingui.js?container_id=buzzsprout-player-5748871&#038;player=small\" type=\"text\/javascript\" charset=\"utf-8\"><\/script><\/p>\n<div id=\"buzzsprout-player-5640622\"><\/div>\n<p><script src=\"https:\/\/www.buzzsprout.com\/937792\/5640622-el-capricho-del-pequeno-faraon.js?container_id=buzzsprout-player-5640622&#038;player=small\" type=\"text\/javascript\" charset=\"utf-8\"><\/script><\/p>\n<div id=\"buzzsprout-player-3768155\"><\/div>\n<p><script src=\"https:\/\/www.buzzsprout.com\/937792\/3768155-el-pirata-malapata.js?container_id=buzzsprout-player-3768155&amp;player=small\" type=\"text\/javascript\" charset=\"utf-8\"><\/script><\/p>\n<h3><span style=\"color: #800080;\"><strong>\u00a1Consigue un <span style=\"color: #ff0000;\">audiocuento in\u00e9dito de Malapata<\/span> y una edici\u00f3n personalizada!<\/strong><\/span><\/h3>\n<p>\u00a1Malapata vuelve a la carga en <span style=\"color: #3366ff;\">\u00a0<a style=\"color: #3366ff;\" href=\"https:\/\/www.mumablue.com\/esp\/nuestros-cuentos-personalizados\/cuento-personalizado-de-piratas\/?utm_source=blog&amp;utm_medium=link&amp;utm_campaign=p\u00e1ginas-audiocuentos&amp;utm_content=audiocuentos aventuras\">\u00ab(Nombre de tu peque) y el tesoro pirata\u00bb<\/a>!<\/span> Se trata de edici\u00f3n en papel protagonizada por tu peque con su nombre y su avatar de tu peque que incluye de regalo una versi\u00f3n in\u00e9dita en audiocuento. <strong>Cons\u00edguelo con un 10% de descuento\u00a0uni\u00e9ndote al <span style=\"color: #3366ff;\"><a style=\"color: #3366ff;\" href=\"https:\/\/www.mumablue.com\/esp\/inicio#mumaClub\" target=\"_blank\" rel=\"noopener\">MumaClub<\/a><\/span>. \u00a1Aprovecha este 2\u00d71!<\/strong><\/p>\n<p><script src=\"https:\/\/www.buzzsprout.com\/937792\/4248128-luna-de-queso.js?container_id=buzzsprout-player-4248128&#038;player=small\" type=\"text\/javascript\" charset=\"utf-8\"><\/script><\/p>\n<\/div>\n<div class=\"boxpequehistorias\">\n<div id=\"buzzsprout-player-4039751\"><\/div>\n<p><script src=\"https:\/\/www.buzzsprout.com\/937792\/4039751-este-vikingo-se-marea.js?container_id=buzzsprout-player-4039751&#038;player=small\" type=\"text\/javascript\" charset=\"utf-8\"><\/script><\/p>\n<div id=\"buzzsprout-player-3791606\"><\/div>\n<p><script src=\"https:\/\/www.buzzsprout.com\/937792\/3791606-la-estrella-de-mar-que-viajo-al-espacio.js?container_id=buzzsprout-player-3791606&#038;player=small\" type=\"text\/javascript\" charset=\"utf-8\"><\/script><\/p>\n<div id=\"buzzsprout-player-4116803\"><\/div>\n<p><script src=\"https:\/\/www.buzzsprout.com\/937792\/4116803-la-piedra.js?container_id=buzzsprout-player-4116803&#038;player=small\" type=\"text\/javascript\" charset=\"utf-8\"><\/script><\/p>\n<h2><a href=\"https:\/\/www.mumablue.com\/esp\/nuestros-cuentos-personalizados\/cuento-personalizado-de-piratas?utm_source=blog&amp;utm_medium=banner&amp;utm_campaign=paginas-audiocuentos&amp;utm_content=audiocuentos-aventuras\" target=\"_blank\" rel=\"noopener noreferrer\"><img decoding=\"async\" loading=\"lazy\" class=\"alignnone wp-image-6345 size-full\" src=\"https:\/\/www.mumablue.com\/blog\/wp-content\/uploads\/2022\/10\/Cuento-personalizado-piratas-1.jpg\" alt=\"\" width=\"715\" height=\"162\" srcset=\"https:\/\/www.mumablue.com\/blog\/wp-content\/uploads\/2022\/10\/Cuento-personalizado-piratas-1.jpg 715w, https:\/\/www.mumablue.com\/blog\/wp-content\/uploads\/2022\/10\/Cuento-personalizado-piratas-1-300x68.jpg 300w, https:\/\/www.mumablue.com\/blog\/wp-content\/uploads\/2022\/10\/Cuento-personalizado-piratas-1-624x141.jpg 624w\" sizes=\"(max-width: 715px) 100vw, 715px\" \/><\/a><\/h2>\n<h2>Cuentos de aventuras para escuchar<\/h2>\n<p>Los audiocuentos de aventuras encantan a los peque\u00f1os y les mantienen pegados al altavoz desde el primer momento. Adem\u00e1s, son los m\u00e1s atractivos a nivel sonoro, debido a <strong>las intensas y motivadoras m\u00fasicas asociadas al g\u00e9nero de aventuras y a que los efectos sonoros ayudan a genera el clima de tensi\u00f3n<\/strong>. Los cuentos de aventuras son uno de los g\u00e9neros preferidos por los ni\u00f1os de todos los tiempos, con temibles piratas, valientes guerreros, maravillosos mundos por explorar y viajes a lugares inesperados, por eso no pod\u00edan faltar entre las pequehistorias <span style=\"color: #00ccff;\"><a href=\"https:\/\/www.mumablue.com?utm_source=blog&amp;utm_medium=link&amp;utm_campaign=p\u00e1ginas-audiocuentos&amp;utm_content=audiocuentos aventuras\">Mumablue<\/a>.<\/span><\/p>\n<p><strong>De todos nuestros audiocuentos de aventuras podemos destacar \u00abEl pirata Malapata\u00bb<\/strong>, una divertida historia que ocurre en el mar. Una banda de piratas lleva meses navegando en busca de una isla perdida donde enterrar su preciado bot\u00edn. Pero cuando al fin la encuentran sucede lo inesperado: \u00a1Si ya la han encontrado, no es una isla perdida! El pirata Malapata deber\u00e1 tomar una decisi\u00f3n, desconcertado ante esta obviedad, llegando incluso a ordenar a su tripulaci\u00f3n que vuelvan a perder la isla, una vez entierren el tesoro. <strong>El absurdo presente en esta historia arrancar\u00e1 m\u00e1s de una sonrisa a grandes y mayores<\/strong>. Al final del cuento se explica qui\u00e9nes eran los piratas y los corsarios, ofreciendo una visi\u00f3n hist\u00f3rica y did\u00e1ctica.<\/p>\n<p>\u00ab\u00a1Este vikingo se marea!\u00bb es otro de los audiocuentos de aventuras m\u00e1s emocionantes, gracias al cual los ni\u00f1os viajar\u00e1n al pasado y <strong>conocer\u00e1n a una de las civilizaciones m\u00e1s atractivas: las tribus n\u00f3rdicas,<\/strong> aguerridos guerreros con ansias de explorar el mundo en busca de todo tipo de tesoros. En este cuento de aventuras, el peque\u00f1o vikingo protagonista no puede cumplir su sue\u00f1o de viajar a tierras lejanas porque se marea al navegar. Pero no se rinde. Con paciencia y dedicaci\u00f3n, lograr\u00e1 construir un barco vikingo antimareo, <strong>haciendo gala de una de las mayores habilidades vikingas: la construcci\u00f3n de barcos.<\/strong> Adem\u00e1s, al final del cuento, se explica a los ni\u00f1os qui\u00e9nes eran los vikingos y cu\u00e1l fue su secreto para ser los mejores navegantes de la \u00e9poca.<\/p>\n<p>Una asombrosa aventura es la que vive Centella, una estrella de mar que consigue viajar al espacio para conocer a sus antepasados, las estrellas del cielo. Descubrir\u00e1 que el universo es maravilloso, pero tambi\u00e9n entender\u00e1 que no es su lugar, por la gran diferencia que existe con su mundo sumbarino. <strong>En \u00abLa estrella de mar que viaj\u00f3 al espacio\u00bb, se ense\u00f1a a los ni\u00f1os a valorar lo que tienen<\/strong> sin que ello signifique que no puedan conocer otros mundos o realidades. Adem\u00e1s, en la secci\u00f3n final, se habla de las estrellas de mar, unos sorprendentes animales marinos que les van a dejar boquiabiertos. Tambi\u00e9n un viaje al espacio narra el audiocuento de aventuras \u00abLuna de queso\u00bb, cuando unos ni\u00f1os que se encuentran con unos peque\u00f1os extraterrestres <strong>viajan a la luna para descubrir si verdaderamente est\u00e1 hecha de queso.<\/strong><\/p>\n<p>En \u00abLa piedra\u00bb, la aventura parece m\u00ednima, pero el trasfondo de la historia implica mucho m\u00e1s. En esta pequehistoria hemos partido de<strong> un protagonista al que nunca le ocurre nada y seguir\u00e1 sin ocurrirle<\/strong>, porque es una piedra que no siente, no oye, no ve y no se mueve. \u00bfno se mueve? Quiz\u00e1 con un poco de ayuda s\u00ed que logre cambiar de aires. Al final de la historia, en el \u00abTe gustar\u00e1 saber que&#8230;\u00bb los peques aprender\u00e1n c\u00f3mo se forman las piedras adem\u00e1s de por qu\u00e9 se debe tener cuidado con ellas. \u00a1Nuestros cuentos de aventuras para escuchar les van a sorprender!<\/p>\n<p>Gran parte de las pequehistorias Mumablue son relatos propios. Ofrecemos audiocuentos gratuitos de fantas\u00eda, aventuras, valores, adivinanzas, poes\u00eda, cl\u00e1sicos de la literatura universal y <strong>narraciones de los cuentos personalizados del <span style=\"color: #00ccff;\"><a style=\"color: #00ccff;\" href=\"https:\/\/www.mumablue.com\/esp\/nuestros-cuentos-personalizados?utm_source=blog&amp;utm_medium=link&amp;utm_campaign=p\u00e1ginas-audiocuentos&amp;utm_content=audiocuentos-aventuras\">cat\u00e1logo Mumablue!<\/a><\/span><\/strong> \u00a1Guarda nuestra p\u00e1gina en favoritos para tenerla a mano cuando necesites un respiro!<\/p>\n<h6>*Los audiocuentos de Mumablue utilizan m\u00fasicas con Licencia Creative Commons en sus variantes 1.0, 3.0 y 4.0, interpretadas por <strong>Alexander Nakarada, Kevin MacLeod, Rafael Krux, Frank Nora, Arthur Fordsworthy, Brian Boyko y Phase Shift<\/strong>, y obtenidas a trav\u00e9s de\u00a0<span style=\"color: #3366ff;\"><a style=\"color: #3366ff;\" href=\"https:\/\/freepd.com\/\" target=\"_blank\" rel=\"noopener noreferrer\">freepd.com<\/a><\/span>.<\/h6>\n<p style=\"text-align: left;\"><a style=\"color: #00ccff;\" href=\"https:\/\/www.mumablue.com\/blog\/pequehistorias\"><img decoding=\"async\" loading=\"lazy\" class=\"alignnone size-full wp-image-1293\" src=\"https:\/\/www.mumablue.com\/blog\/wp-content\/uploads\/2020\/06\/Cuentos-de-aventuras-para-escuchar.jpg\" alt=\"Audiocuentos de aventuras\" width=\"96\" height=\"96\" srcset=\"https:\/\/www.mumablue.com\/blog\/wp-content\/uploads\/2020\/06\/Cuentos-de-aventuras-para-escuchar.jpg 96w, https:\/\/www.mumablue.com\/blog\/wp-content\/uploads\/2020\/06\/Cuentos-de-aventuras-para-escuchar-50x50.jpg 50w, https:\/\/www.mumablue.com\/blog\/wp-content\/uploads\/2020\/06\/Cuentos-de-aventuras-para-escuchar-75x75.jpg 75w, https:\/\/www.mumablue.com\/blog\/wp-content\/uploads\/2020\/06\/Cuentos-de-aventuras-para-escuchar-85x85.jpg 85w, https:\/\/www.mumablue.com\/blog\/wp-content\/uploads\/2020\/06\/Cuentos-de-aventuras-para-escuchar-80x80.jpg 80w\" sizes=\"(max-width: 96px) 100vw, 96px\" \/> Volver a Todas las Pequehistorias<\/a><\/p>\n<\/div>\n<div style='text-align:left' class='yasr-auto-insert-visitor'><\/div>","protected":false},"excerpt":{"rendered":"<p>\u00a1El \u00fanico audiocuento del mundo tipo \u00abelige tu aventura\u00bb! Sigue estos pasos: Pulsa play para comenzar la escucha. Pulsa en \u00abReproducir en Navegador\u00bb. Sigue las indicaciones que se dan al final de cada audio. Elige tu camino antes de que se termine la cola de silencio que hay al final de cada audio. Si es [&hellip;]<\/p>\n","protected":false},"author":6,"featured_media":0,"parent":0,"menu_order":0,"comment_status":"closed","ping_status":"closed","template":"","meta":{"yasr_overall_rating":0,"yasr_post_is_review":"","yasr_auto_insert_disabled":"","yasr_review_type":""},"yasr_visitor_votes":{"number_of_votes":40,"sum_votes":172,"stars_attributes":{"read_only":false,"span_bottom":false}},"yoast_head":"<!-- This site is optimized with the Yoast SEO plugin v14.5 - https:\/\/yoast.com\/wordpress\/plugins\/seo\/ -->\n<meta name=\"description\" content=\"Los audiocuentos de aventuras son los m\u00e1s atractivos a nivel sonoro, por las intensas y motivadoras m\u00fasicas y al clima creado por los efectos sonoros.\" \/>\n<meta name=\"robots\" content=\"index, follow\" \/>\n<meta name=\"googlebot\" content=\"index, follow, max-snippet:-1, max-image-preview:large, max-video-preview:-1\" \/>\n<meta name=\"bingbot\" content=\"index, follow, max-snippet:-1, max-image-preview:large, max-video-preview:-1\" \/>\n<link rel=\"canonical\" href=\"https:\/\/www.mumablue.com\/blog\/audiocuentos-de-aventuras\/\" \/>\n<meta property=\"og:locale\" content=\"es_ES\" \/>\n<meta property=\"og:type\" content=\"article\" \/>\n<meta property=\"og:title\" content=\"Audiocuentos de aventuras - Blog Mumablue\" \/>\n<meta property=\"og:description\" content=\"Los audiocuentos de aventuras son los m\u00e1s atractivos a nivel sonoro, por las intensas y motivadoras m\u00fasicas y al clima creado por los efectos sonoros.\" \/>\n<meta property=\"og:url\" content=\"https:\/\/www.mumablue.com\/blog\/audiocuentos-de-aventuras\/\" \/>\n<meta property=\"og:site_name\" content=\"Blog Mumablue\" \/>\n<meta property=\"article:publisher\" content=\"https:\/\/www.facebook.com\/mumablue\/\" \/>\n<meta property=\"article:modified_time\" content=\"2025-04-28T10:05:38+00:00\" \/>\n<meta property=\"og:image\" content=\"https:\/\/www.mumablue.com\/blog\/wp-content\/uploads\/2022\/10\/Cuento-personalizado-piratas-1.jpg\" \/>\n<meta name=\"twitter:card\" content=\"summary_large_image\" \/>\n<script type=\"application\/ld+json\" class=\"yoast-schema-graph\">{\"@context\":\"https:\/\/schema.org\",\"@graph\":[{\"@type\":\"Organization\",\"@id\":\"https:\/\/www.mumablue.com\/blog\/#organization\",\"name\":\"Mumablue\",\"url\":\"https:\/\/www.mumablue.com\/blog\/\",\"sameAs\":[\"https:\/\/www.facebook.com\/mumablue\/\",\"https:\/\/www.instagram.com\/mumablue\/?hl=es\"],\"logo\":{\"@type\":\"ImageObject\",\"@id\":\"https:\/\/www.mumablue.com\/blog\/#logo\",\"inLanguage\":\"es\",\"url\":\"https:\/\/www.mumablue.com\/blog\/wp-content\/uploads\/2020\/05\/Blog-Mumablue.png\",\"width\":749,\"height\":269,\"caption\":\"Mumablue\"},\"image\":{\"@id\":\"https:\/\/www.mumablue.com\/blog\/#logo\"}},{\"@type\":\"WebSite\",\"@id\":\"https:\/\/www.mumablue.com\/blog\/#website\",\"url\":\"https:\/\/www.mumablue.com\/blog\/\",\"name\":\"Blog Mumablue\",\"description\":\"Un blog de cuentos y audiocuentos gratis para ni\\u00f1os.\",\"publisher\":{\"@id\":\"https:\/\/www.mumablue.com\/blog\/#organization\"},\"potentialAction\":[{\"@type\":\"SearchAction\",\"target\":\"https:\/\/www.mumablue.com\/blog\/?s={search_term_string}\",\"query-input\":\"required name=search_term_string\"}],\"inLanguage\":\"es\"},{\"@type\":\"ImageObject\",\"@id\":\"https:\/\/www.mumablue.com\/blog\/audiocuentos-de-aventuras\/#primaryimage\",\"inLanguage\":\"es\",\"url\":\"https:\/\/www.mumablue.com\/blog\/wp-content\/uploads\/2022\/10\/Cuento-personalizado-piratas-1.jpg\",\"width\":715,\"height\":162},{\"@type\":\"WebPage\",\"@id\":\"https:\/\/www.mumablue.com\/blog\/audiocuentos-de-aventuras\/#webpage\",\"url\":\"https:\/\/www.mumablue.com\/blog\/audiocuentos-de-aventuras\/\",\"name\":\"Audiocuentos de aventuras - Blog Mumablue\",\"isPartOf\":{\"@id\":\"https:\/\/www.mumablue.com\/blog\/#website\"},\"primaryImageOfPage\":{\"@id\":\"https:\/\/www.mumablue.com\/blog\/audiocuentos-de-aventuras\/#primaryimage\"},\"datePublished\":\"2020-06-22T16:08:19+00:00\",\"dateModified\":\"2025-04-28T10:05:38+00:00\",\"description\":\"Los audiocuentos de aventuras son los m\\u00e1s atractivos a nivel sonoro, por las intensas y motivadoras m\\u00fasicas y al clima creado por los efectos sonoros.\",\"inLanguage\":\"es\",\"potentialAction\":[{\"@type\":\"ReadAction\",\"target\":[\"https:\/\/www.mumablue.com\/blog\/audiocuentos-de-aventuras\/\"]}]}]}<\/script>\n<!-- \/ Yoast SEO plugin. -->","_links":{"self":[{"href":"https:\/\/www.mumablue.com\/blog\/wp-json\/wp\/v2\/pages\/1172"}],"collection":[{"href":"https:\/\/www.mumablue.com\/blog\/wp-json\/wp\/v2\/pages"}],"about":[{"href":"https:\/\/www.mumablue.com\/blog\/wp-json\/wp\/v2\/types\/page"}],"author":[{"embeddable":true,"href":"https:\/\/www.mumablue.com\/blog\/wp-json\/wp\/v2\/users\/6"}],"replies":[{"embeddable":true,"href":"https:\/\/www.mumablue.com\/blog\/wp-json\/wp\/v2\/comments?post=1172"}],"version-history":[{"count":30,"href":"https:\/\/www.mumablue.com\/blog\/wp-json\/wp\/v2\/pages\/1172\/revisions"}],"predecessor-version":[{"id":7526,"href":"https:\/\/www.mumablue.com\/blog\/wp-json\/wp\/v2\/pages\/1172\/revisions\/7526"}],"wp:attachment":[{"href":"https:\/\/www.mumablue.com\/blog\/wp-json\/wp\/v2\/media?parent=1172"}],"curies":[{"name":"wp","href":"https:\/\/api.w.org\/{rel}","templated":true}]}}